853
CXUS53 KGRB 031240
CLSRHI
CLIMATE REPORT
NATIONAL WEATHER SERVICE GREEN BAY
640 AM CST THU DEC 03 2020
...31ST COLDEST FALL...
...13TH SNOWIEST...
...THE RHINELANDER WI FALL CLIMATE SUMMARY FROM 9/1/2020 TO
11/30/2020...
CLIMATE NORMAL PERIOD: 1981 TO 2010
CLIMATE RECORD PERIOD: 1908 TO 2020
WEATHER OBSERVED NORMAL DEPART LAST YEAR`S
VALUE DATE(S) VALUE FROM VALUE DATE(S)
NORMAL
................................................................
TEMPERATURE (F)
RECORD
HIGH 98 09/10/1908
LOW -16 11/30/1976
HIGHEST 81 09/23 86 -5 80 09/16
LOWEST 9 10/27 2 7 -3 11/12
AVG. MAXIMUM 52.0 52.7 -0.7 49.9
AVG. MINIMUM 33.4 33.6 -0.2 34.4
MEAN 42.7 43.2 -0.5 42.1
DAYS MAX >= 90 0 0.0 0.0 0
DAYS MAX <= 32 7 10.3 -3.3 18
DAYS MIN <= 32 47 42.4 4.6 45
DAYS MIN <= 0 0 0.5 -0.5 1
PRECIPITATION (INCHES)
RECORD
MAXIMUM 17.47 1934
MINIMUM 1.11 1976
TOTALS 8.25 9.08 -0.83 10.84
DAILY AVG. 0.09 0.10 -0.01 0.12
DAYS >= .01 31 MM MM 43
DAYS >= .10 17 MM MM 26
DAYS >= .50 6 MM MM 8
DAYS >= 1.00 2 MM MM 2
SNOWFALL (INCHES)
RECORDS
TOTAL 35.1 2014
24 HR TOTAL 2.3
TOTALS 12.9 MM MM 18.1
SINCE 7/1 12.9 MM MM MM
DAYS >= TRACE 24 MM MM 25
DAYS >= 1.0 3 MM MM 3
GREATEST
SNOW DEPTH 6R 10/20 9 11/27
24 HR TOTAL 6.1R
DEGREE DAYS
HEATING TOTAL 1989 2007 -18 2081
SINCE 7/1 2120 2134 -14 2207
COOLING TOTAL 4 21 -17 23
SINCE 1/1 356 261 95 272
FREEZE DATES
RECORD
EARLIEST 08/27/1915
LATEST 07/30/1928
EARLIEST 10/01
LATEST 05/31
................................................................
WIND (MPH)
AVERAGE WIND SPEED 7.4
RESULTANT WIND SPEED/DIRECTION 4/240
HIGHEST WIND SPEED/DIRECTION 31/280 DATE 10/31
HIGHEST GUST SPEED/DIRECTION 44/290 DATE 10/31
44/260 09/03
SKY COVER
POSSIBLE SUNSHINE (PERCENT) MM
AVERAGE SKY COVER 0.54
NUMBER OF DAYS FAIR MM
NUMBER OF DAYS PC MM
NUMBER OF DAYS CLOUDY MM
AVERAGE RH (PERCENT) MM
WEATHER CONDITIONS. NUMBER OF DAYS WITH
THUNDERSTORM 4 MIXED PRECIP 0
HEAVY RAIN 7 RAIN 15
LIGHT RAIN 44 FREEZING RAIN 0
LT FREEZING RAIN 1 HAIL 0
HEAVY SNOW 2 SNOW 5
LIGHT SNOW 24 SLEET 0
FOG 52 FOG W/VIS <= 1/4 MILE 12
HAZE 5
- INDICATES NEGATIVE NUMBERS.
R INDICATES RECORD WAS SET OR TIED.
MM INDICATES DATA IS MISSING.
T INDICATES TRACE AMOUNT.
$$
ECKBERG