000
CXUS55 KGJT 011000
CF6RIL
PRELIMINARY LOCAL CLIMATOLOGICAL DATA (WS FORM: F-6)
STATION: RIFLE CO
MONTH: SEPTEMBER
YEAR: 2020
LATITUDE: 39 31 N
LONGITUDE: 107 43 W
TEMPERATURE IN F: :PCPN: SNOW: WIND :SUNSHINE: SKY :PK WND
================================================================================
1 2 3 4 5 6A 6B 7 8 9 10 11 12 13 14 15 16 17 18
12Z AVG MX 2MIN
DY MAX MIN AVG DEP HDD CDD WTR SNW DPTH SPD SPD DIR MIN PSBL S-S WX SPD DR
================================================================================
1 78 47 63 -3 2 0 0.08 M M 4.5 15 110 M M 1 19 110
2 88 44 66 0 0 1 0.00 M M 2.9 12 270 M M 0 16 280
3 93 47 70 4 0 5 0.00 M M 3.5 12 120 M M 0 14 270
4 97 49 73 7 0 8 0.00 M M 4.4 13 290 M M 0 16 290
5 99 51 75 10 0 10 0.00 M M 5.1 18 270 M M 0 8 25 270
6 98 50 74 9 0 9 0.00 M M 5.0 16 310 M M 0 8 23 310
7 89 49 69 5 0 4 0.00 M M 5.8 22 270 M M 0 8 29 260
8 67 33 50 -14 15 0 0.80 M M 10.6 37 320 M M 8 128 53 330
9 55 37 46 -18 19 0 T M M 8.1 22 320 M M 6 29 320
10 54 40 47 -16 18 0 0.10 M M 6.8 16 280 M M 8 1 21 270
11 68 44 56 -7 9 0 0.01 M M 5.9 23 250 M M 4 1 30 270
12 80 41 61 -2 4 0 0.00 M M 2.3 10 100 M M 0 14 290
13 85 43 64 2 1 0 0.00 M M 3.5 15 260 M M 0 21 260
14 86 43 65 3 0 0 0.00 M M 3.5 13 280 M M 0 15 300
15 88 44 66 4 0 1 0.00 M M 4.0 18 310 M M 0 25 300
16 85 44 65 4 0 0 0.00 M M 2.0 8 150 M M 0 8 12 160
17 86 43 65 4 0 0 0.00 M M 5.1 15 280 M M 0 8 21 280
18 86 44 65 5 0 0 0.00 M M 3.6 14 260 M M 0 8 20 270
19 82 49 66 6 0 1 T M M 6.0 41 240 M M 3 8 57 250
20 84 49 67 7 0 2 0.00 M M 6.4 26 270 M M 3 39 260
21 87 45 66 7 0 1 0.00 M M 5.7 22 260 M M 0 8 30 250
22 82 56 69 10 0 4 0.00 M M 5.9 21 250 M M 2 29 250
23 84 46 65 7 0 0 0.00 M M 3.4 15 260 M M 0 20 260
24 86 45 66 8 0 1 0.00 M M 6.1 23 270 M M 0 8 30 260
25 86 44 65 7 0 0 0.00 M M 6.3 25 260 M M 0 8 35 280
26 86 44 65 8 0 0 0.00 M M 8.3 26 240 M M 0 8 34 260
27 70 40 55 -2 10 0 0.00 M M 9.1 23 300 M M 0 30 340
28 67 32 50 -6 15 0 0.00 M M 5.3 16 310 M M 0 23 310
29 79 32 56 0 9 0 0.00 M M 3.6 13 260 M M 0 8 15 280
30 84 36 60 4 5 0 0.00 M M 3.2 17 300 M M 0 8 25 280
================================================================================
SM 2459 1311 107 47 0.99 M 155.9 M 35
================================================================================
AV 82.0 43.7 5.2 FASTST M M 1 MAX(MPH)
MISC ----> # 41 240 # 57 250
================================================================================
NOTES:
# LAST OF SEVERAL OCCURRENCES
COLUMN 17 PEAK WIND IN M.P.H.
PRELIMINARY LOCAL CLIMATOLOGICAL DATA (WS FORM: F-6) , PAGE 2
STATION: RIFLE CO
MONTH: SEPTEMBER
YEAR: 2020
LATITUDE: 39 31 N
LONGITUDE: 107 43 W
[TEMPERATURE DATA] [PRECIPITATION DATA] SYMBOLS USED IN COLUMN 16
AVERAGE MONTHLY: 62.8 TOTAL FOR MONTH: 0.99 1 = FOG OR MIST
DPTR FM NORMAL: 1.6 DPTR FM NORMAL: -0.51 2 = FOG REDUCING VISIBILITY
HIGHEST: 99 ON 5 GRTST 24HR 0.80 ON 8- 8 TO 1/4 MILE OR LESS
LOWEST: 32 ON 29,28 3 = THUNDER
SNOW, ICE PELLETS, HAIL 4 = ICE PELLETS
TOTAL MONTH: M 5 = HAIL
GRTST 24HR M ON M 6 = FREEZING RAIN OR DRIZZLE
GRTST DEPTH: M ON M 7 = DUSTSTORM OR SANDSTORM:
VSBY 1/2 MILE OR LESS
8 = SMOKE OR HAZE
[NO. OF DAYS WITH] [WEATHER - DAYS WITH] 9 = BLOWING SNOW
X = TORNADO
MAX 32 OR BELOW: 0 0.01 INCH OR MORE: 4
MAX 90 OR ABOVE: 4 0.10 INCH OR MORE: 2
MIN 32 OR BELOW: 2 0.50 INCH OR MORE: 1
MIN 0 OR BELOW: 0 1.00 INCH OR MORE: 0
[HDD (BASE 65) ]
TOTAL THIS MO. 107 CLEAR (SCALE 0-3) 26
DPTR FM NORMAL -32 PTCLDY (SCALE 4-7) 4
TOTAL FM JUL 1 107 CLOUDY (SCALE 8-10) 0
DPTR FM NORMAL -39
[CDD (BASE 65) ]
TOTAL THIS MO. 47
DPTR FM NORMAL 22 [PRESSURE DATA]
TOTAL FM JAN 1 903 HIGHEST SLP 30.41 ON 29
DPTR FM NORMAL 362 LOWEST SLP 29.32 ON 8
[REMARKS]
#FINAL-09-20#