000
CXUS56 KSGX 011145
CF6RIV
PRELIMINARY LOCAL CLIMATOLOGICAL DATA (WS FORM: F-6)
STATION: RIVERSIDE/MARCH ARB CA
MONTH: JANUARY
YEAR: 2024
LATITUDE: 33 53 N
LONGITUDE: 117-15 E
TEMPERATURE IN F: :PCPN: SNOW: WIND :SUNSHINE: SKY :PK WND
================================================================================
1 2 3 4 5 6A 6B 7 8 9 10 11 12 13 14 15 16 17 18
12Z AVG MX 2MIN
DY MAX MIN AVG DEP HDD CDD WTR SNW DPTH SPD SPD DIR MIN PSBL S-S WX SPD DR
================================================================================
1 63 39 51 0 14 0 0.00 M M 2.3 8 330 M M 0 M M
2 63 33 48 -4 17 0 0.00 M M 1.4 6 320 M M 0 M M
3 58 39 49 -3 16 0 0.22 M M 4.0 10 290 M M 6 12 M M
4 61 35 48 -4 17 0 0.00 M M 7.5 24 340 M M 0 32 350
5 61 33 47 -5 18 0 0.00 M M 2.2 17 330 M M 1 M M
6 63 29 46 -6 19 0 0.00 M M 2.5 9 330 M M 0 M M
7 55 39 47 -5 18 0 0.01 M M 8.2 24 350 M M 2 32 330
8 56 34 45 -7 20 0 0.00 M M 10.5 21 330 M M 0 26 330
9 60 27 44 -8 21 0 0.00 M M 1.6 8 330 M M 0 M M
10 57 29 43 -9 22 0 0.00 M M 2.1 9 350 M M 2 M M
11 58 34 46 -6 19 0 T M M 9.1 30 10 M M 2 46 360
12 60 28 44 -8 21 0 0.00 M M 1.9 10 320 M M 0 M M
13 63 30 47 -5 18 0 0.00 M M 1.4 9 320 M M 0 M M
14 59 33 46 -6 19 0 0.00 M M 2.1 9 10 M M 0 M M
15 69 34 52 0 13 0 0.00 M M 1.4 7 290 M M 0 1 M M
16 73 35 54 2 11 0 0.00 M M 1.7 9 290 M M 0 1 M M
17 60 40 50 -2 15 0 0.00 M M 2.3 9 280 M M 5 128 M M
18 69 39 54 2 11 0 0.00 M M 1.0 5 270 M M 3 12 M M
19 69 42 56 4 9 0 0.00 M M 2.2 8 310 M M 0 M M
20 57 51 54 2 11 0 0.42 M M 3.2 15 110 M M 8 1 M M
21 59 51 55 3 10 0 0.15 M M 3.6 9 140 M M 8 1 M M
22 56 49 53 1 12 0 0.87 M M 7.0 15 90 M M 9 1 M M
23 63 49 56 4 9 0 0.09 M M 2.8 10 290 M M 5 1 M M
24 57 47 52 0 13 0 0.00 M M 3.0 8 160 M M 9 1 M M
25 63 46 55 4 10 0 0.03 M M 4.5 10 300 M M 7 12 M M
26 70 44 57 6 8 0 0.00 M M 3.1 9 30 M M 6 12 M M
27 73 43 58 7 7 0 0.00 M M 7.5 15 70 M M 0 23 80
28 75 51 63 12 2 0 0.00 M M 6.4 15 80 M M 0 21 70
29 76 40 58 7 7 0 0.00 M M 1.5 10 30 M M 0 M M
30 76 38 57 6 8 0 0.00 M M 1.3 5 290 M M 0 M M
31 71 43 57 6 8 0 0.00 M M 4.7 15 170 M M 2 22 170
================================================================================
SM 1973 1204 423 0 1.79 M 113.9 M 75
================================================================================
AV 63.6 38.8 3.7 FASTST M M 2 MAX(MPH)
MISC ----> 30 10 46 360
================================================================================
NOTES:
# LAST OF SEVERAL OCCURRENCES
COLUMN 17 PEAK WIND IN M.P.H.
PRELIMINARY LOCAL CLIMATOLOGICAL DATA (WS FORM: F-6) , PAGE 2
STATION: RIVERSIDE/MARCH ARB CA
MONTH: JANUARY
YEAR: 2024
LATITUDE: 33 53 N
LONGITUDE: 117-15 E
[TEMPERATURE DATA] [PRECIPITATION DATA] SYMBOLS USED IN COLUMN 16
AVERAGE MONTHLY: 51.2 TOTAL FOR MONTH: 1.79 1 = FOG OR MIST
DPTR FM NORMAL: -0.4 DPTR FM NORMAL: -0.26 2 = FOG REDUCING VISIBILITY
HIGHEST: 76 ON 30,29 GRTST 24HR 0.87 ON 22-22 TO 1/4 MILE OR LESS
LOWEST: 27 ON 9 3 = THUNDER
SNOW, ICE PELLETS, HAIL 4 = ICE PELLETS
TOTAL MONTH: 0.0 INCH 5 = HAIL
GRTST 24HR M ON M 6 = FREEZING RAIN OR DRIZZLE
GRTST DEPTH: 0 7 = DUSTSTORM OR SANDSTORM:
VSBY 1/2 MILE OR LESS
8 = SMOKE OR HAZE
[NO. OF DAYS WITH] [WEATHER - DAYS WITH] 9 = BLOWING SNOW
X = TORNADO
MAX 32 OR BELOW: 0 0.01 INCH OR MORE: 7
MAX 90 OR ABOVE: 0 0.10 INCH OR MORE: 4
MIN 32 OR BELOW: 5 0.50 INCH OR MORE: 1
MIN 0 OR BELOW: 0 1.00 INCH OR MORE: 0
[HDD (BASE 65) ]
TOTAL THIS MO. 423 CLEAR (SCALE 0-3) 21
DPTR FM NORMAL 7 PTCLDY (SCALE 4-7) 7
TOTAL FM JUL 1 949 CLOUDY (SCALE 8-10) 3
DPTR FM NORMAL -229
[CDD (BASE 65) ]
TOTAL THIS MO. 0
DPTR FM NORMAL 0 [PRESSURE DATA]
TOTAL FM JAN 1 0 HIGHEST SLP M ON M
DPTR FM NORMAL 0 LOWEST SLP M ON M
[REMARKS]
#FINAL-01-24#