000
CXUS54 KCRP 011310
CF6RKP
PRELIMINARY LOCAL CLIMATOLOGICAL DATA (WS FORM: F-6)
STATION: ROCKPORT
MONTH: NOVEMBER
YEAR: 2021
LATITUDE: 28 4 N
LONGITUDE: 97 3 W
TEMPERATURE IN F: :PCPN: SNOW: WIND :SUNSHINE: SKY :PK WND
================================================================================
1 2 3 4 5 6A 6B 7 8 9 10 11 12 13 14 15 16 17 18
12Z AVG MX 2MIN
DY MAX MIN AVG DEP HDD CDD WTR SNW DPTH SPD SPD DIR MIN PSBL S-S WX SPD DR
================================================================================
1 82 63 73 2 0 8 0.00 0.0 0 6.4 13 120 M M 1 16 110
2 84 67 76 5 0 11 0.00 0.0 0 7.0 13 140 M M 1 17 140
3 83 64 74 4 0 9 0.24 0.0 0 12.2 30 20 M M 4 13 42 20
4 64 55 60 -10 5 0 0.09 0.0 0 12.6 22 10 M M 10 1 28 10
5 70 52 61 -9 4 0 0.00 0.0 0 7.5 13 360 M M 1 1 17 20
6 71 52 62 -7 3 0 0.00 0.0 0 6.9 12 90 M M 0 16 10
7 75 53 64 -5 1 0 0.00 0.0 0 6.5 12 60 M M 0 1 14 50
8 80 57 69 0 0 4 0.00 0.0 0 6.1 10 120 M M 1 16 150
9 82 61 72 4 0 7 0.00 0.0 0 6.7 13 130 M M 2 16 130
10 83 72 78 10 0 13 0.00 0.0 0 7.6 16 160 M M 1 24 150
11 86 65 76 8 0 11 0.00 0.0 0 6.4 15 30 M M 1 1 21 360
12 83 59 71 4 0 6 0.00 0.0 0 6.3 18 20 M M 1 18 24 20
13 71 55 63 -4 2 0 0.00 0.0 0 8.5 18 30 M M 1 24 40
14 80 56 68 1 0 3 0.00 0.0 0 6.7 14 150 M M 0 19 160
15 82 63 73 7 0 8 0.00 0.0 0 7.2 15 150 M M 0 20 150
16 82 71 77 11 0 12 0.00 0.0 0 8.9 16 160 M M 0 24 160
17 84 72 78 12 0 13 0.00 0.0 0 8.6 15 150 M M 0 18 20 190
18 74 60 67 1 0 2 T 0.0 0 12.8 26 10 M M 6 1 34 10
19 66 53 60 -5 5 0 0.00 0.0 0 8.7 18 30 M M 4 23 30
20 81 59 70 5 0 5 0.00 0.0 0 5.8 13 170 M M 3 18 18 170
21 83 62 73 8 0 8 0.00 0.0 0 5.1 24 10 M M 2 12 28 10
22 75 56 66 2 0 1 0.00 0.0 0 11.9 23 10 M M 3 32 360
23 74 48 61 -3 4 0 0.00 0.0 0 6.7 12 120 M M 0 14 110
24 81 68 75 11 0 10 0.00 0.0 0 8.7 16 150 M M 6 18 24 150
25 80 53 67 3 0 2 0.43 0.0 0 11.7 25 360 M M 9 18 33 350
26 66 51 59 -4 6 0 0.00 0.0 0 11.1 22 10 M M 3 26 360
27 55 50 53 -10 12 0 T 0.0 0 8.8 18 340 M M 8 1 22 330
28 60 48 54 -9 11 0 0.00 0.0 0 7.9 15 350 M M 8 128 20 360
29 69 48 59 -4 6 0 0.00 0.0 0 4.2 9 140 M M 3 128 11 140
30 75 48 62 0 3 0 0.00 0.0 0 3.2 9 130 M M 1 12 13 150
================================================================================
SM 2281 1741 62 133 0.76 0.0 238.7 M 80
================================================================================
AV 76.0 58.0 8.0 FASTST M M 3 MAX(MPH)
MISC ----> 30 20 42 20
================================================================================
NOTES:
# LAST OF SEVERAL OCCURRENCES
COLUMN 17 PEAK WIND IN M.P.H.
PRELIMINARY LOCAL CLIMATOLOGICAL DATA (WS FORM: F-6) , PAGE 2
STATION: ROCKPORT
MONTH: NOVEMBER
YEAR: 2021
LATITUDE: 28 4 N
LONGITUDE: 97 3 W
[TEMPERATURE DATA] [PRECIPITATION DATA] SYMBOLS USED IN COLUMN 16
AVERAGE MONTHLY: 67.0 TOTAL FOR MONTH: 0.76 1 = FOG OR MIST
DPTR FM NORMAL: 0.5 DPTR FM NORMAL: -1.67 2 = FOG REDUCING VISIBILITY
HIGHEST: 86 ON 11 GRTST 24HR 0.43 ON 25-25 TO 1/4 MILE OR LESS
LOWEST: 48 ON 30,29 3 = THUNDER
SNOW, ICE PELLETS, HAIL 4 = ICE PELLETS
TOTAL MONTH: 0.0 INCH 5 = HAIL
GRTST 24HR 0.0 6 = FREEZING RAIN OR DRIZZLE
GRTST DEPTH: 0 7 = DUSTSTORM OR SANDSTORM:
VSBY 1/2 MILE OR LESS
8 = SMOKE OR HAZE
[NO. OF DAYS WITH] [WEATHER - DAYS WITH] 9 = BLOWING SNOW
X = TORNADO
MAX 32 OR BELOW: 0 0.01 INCH OR MORE: 3
MAX 90 OR ABOVE: 0 0.10 INCH OR MORE: 2
MIN 32 OR BELOW: 0 0.50 INCH OR MORE: 0
MIN 0 OR BELOW: 0 1.00 INCH OR MORE: 0
[HDD (BASE 65) ]
TOTAL THIS MO. 62 CLEAR (SCALE 0-3) 21
DPTR FM NORMAL -25 PTCLDY (SCALE 4-7) 7
TOTAL FM JUL 1 62 CLOUDY (SCALE 8-10) 2
DPTR FM NORMAL -34
[CDD (BASE 65) ]
TOTAL THIS MO. 133
DPTR FM NORMAL 1 [PRESSURE DATA]
TOTAL FM JAN 1 3763 HIGHEST SLP 30.42 ON 19
DPTR FM NORMAL 34 LOWEST SLP 29.84 ON 10
[REMARKS]
#FINAL-11-21#