000
CXUS52 KFFC 011110
CF6RMG
PRELIMINARY LOCAL CLIMATOLOGICAL DATA (WS FORM: F-6)
STATION: ROME
MONTH: FEBRUARY
YEAR: 2021
LATITUDE: 34 20 N
LONGITUDE: 85 10 W
TEMPERATURE IN F: :PCPN: SNOW: WIND :SUNSHINE: SKY :PK WND
================================================================================
1 2 3 4 5 6A 6B 7 8 9 10 11 12 13 14 15 16 17 18
12Z AVG MX 2MIN
DY MAX MIN AVG DEP HDD CDD WTR SNW DPTH SPD SPD DIR MIN PSBL S-S WX SPD DR
================================================================================
1 44 35 40 -2 25 0 T T M 13.2 24 330 M M 10 8 37 350
2 47 33 40 -2 25 0 0.00 M M 12.9 22 360 M M 4 31 340
3 50 27 39 -3 26 0 0.00 M M 5.3 16 360 M M 0 24 320
4 55 24 40 -2 25 0 0.00 0.0 M 4.6 16 170 M M 4 23 180
5 56 32 44 2 21 0 0.13 M M 5.1 20 330 M M 3 1 28 330
6 48 25 37 -6 28 0 0.25 M M 4.2 20 140 M M 6 1 30 120
7 50 32 41 -2 24 0 0.22 M M 6.6 21 360 M M 8 1 27 20
8 62 27 45 2 20 0 0.00 M M 4.7 14 170 M M 0 18 20 180
9 68 36 52 9 13 0 0.00 M M 2.2 13 340 M M 5 18 330
10 72 38 55 12 10 0 0.00 M M 2.1 10 180 M M 2 12 13 180
11 60 47 54 11 11 0 0.47 0.0 M 1.5 10 330 M M 9 1 14 330
12 53 42 48 4 17 0 0.02 M M 6.6 12 360 M M 10 1 15 360
13 47 41 44 0 21 0 0.46 M M 4.9 10 20 M M 10 1 12 350
14 45 40 43 -1 22 0 0.00 M M 7.9 13 350 M M 10 1 19 360
15 48 38 43 -1 22 0 0.41 0.0 M 6.0 20 270 M M 10 13 29 120
16 38 22 30 -14 35 0 T M M 8.2 17 260 M M 7 18 26 270
17 55 22 39 -6 26 0 0.14 M M 6.3 14 20 M M 2 18 18 10
18 47 37 42 -3 23 0 0.78 M M 5.7 14 270 M M 10 1 20 280
19 51 31 41 -4 24 0 0.00 M M 9.6 17 360 M M 5 24 10
20 53 27 40 -5 25 0 0.00 M M 2.3 12 340 M M 0 16 280
21 62 25 44 -2 21 0 0.00 M M 5.4 18 160 M M 1 26 180
22 63 39 51 5 14 0 0.18 M M 8.3 17 270 M M 6 1 30 240
23 71 30 51 5 14 0 0.00 M M 3.5 16 280 M M 0 22 260
24 74 33 54 8 11 0 0.00 M M 2.7 14 270 M M 0 8 23 260
25 74 40 57 10 8 0 0.00 M M 2.6 13 20 M M 2 17 360
26 54 46 50 3 15 0 1.16 M M 6.0 14 150 M M 9 1 20 160
27 73 51 62 15 3 0 0.01 M M 5.0 13 170 M M 8 18 17 160
28 82 58 70 22 0 5 0.01 M M 6.1 17 190 M M 7 18 26 180
================================================================================
SM 1602 978 529 5 4.24 T 159.5 M 148
================================================================================
AV 57.2 34.9 5.7 FASTST M M 5 MAX(MPH)
MISC ----> 24 330 37 350
================================================================================
NOTES:
# LAST OF SEVERAL OCCURRENCES
COLUMN 17 PEAK WIND IN M.P.H.
PRELIMINARY LOCAL CLIMATOLOGICAL DATA (WS FORM: F-6) , PAGE 2
STATION: ROME
MONTH: FEBRUARY
YEAR: 2021
LATITUDE: 34 20 N
LONGITUDE: 85 10 W
[TEMPERATURE DATA] [PRECIPITATION DATA] SYMBOLS USED IN COLUMN 16
AVERAGE MONTHLY: 46.1 TOTAL FOR MONTH: 4.24 1 = FOG OR MIST
DPTR FM NORMAL: 1.7 DPTR FM NORMAL: -0.63 2 = FOG REDUCING VISIBILITY
HIGHEST: 82 ON 28 GRTST 24HR 1.17 ON 26-27 TO 1/4 MILE OR LESS
LOWEST: 22 ON 17,16 3 = THUNDER
SNOW, ICE PELLETS, HAIL 4 = ICE PELLETS
TOTAL MONTH: T 5 = HAIL
GRTST 24HR T ON 1- 1 6 = FREEZING RAIN OR DRIZZLE
GRTST DEPTH: M ON M 7 = DUSTSTORM OR SANDSTORM:
VSBY 1/2 MILE OR LESS
8 = SMOKE OR HAZE
[NO. OF DAYS WITH] [WEATHER - DAYS WITH] 9 = BLOWING SNOW
X = TORNADO
MAX 32 OR BELOW: 0 0.01 INCH OR MORE: 13
MAX 90 OR ABOVE: 0 0.10 INCH OR MORE: 10
MIN 32 OR BELOW: 12 0.50 INCH OR MORE: 2
MIN 0 OR BELOW: 0 1.00 INCH OR MORE: 1
[HDD (BASE 65) ]
TOTAL THIS MO. 529 CLEAR (SCALE 0-3) 10
DPTR FM NORMAL -51 PTCLDY (SCALE 4-7) 9
TOTAL FM JUL 1 2190 CLOUDY (SCALE 8-10) 9
DPTR FM NORMAL -432
[CDD (BASE 65) ]
TOTAL THIS MO. 5
DPTR FM NORMAL 5 [PRESSURE DATA]
TOTAL FM JAN 1 5 HIGHEST SLP 30.45 ON 21
DPTR FM NORMAL 5 LOWEST SLP 29.67 ON 15
[REMARKS]
#FINAL-02-21#