000
CXUS55 KABQ 011248
CF6ROW
PRELIMINARY LOCAL CLIMATOLOGICAL DATA (WS FORM: F-6)
STATION: ROSWELL NM
MONTH: MAY
YEAR: 2021
LATITUDE: 33 17 N
LONGITUDE: 104 32 W
TEMPERATURE IN F: :PCPN: SNOW: WIND :SUNSHINE: SKY :PK WND
================================================================================
1 2 3 4 5 6A 6B 7 8 9 10 11 12 13 14 15 16 17 18
12Z AVG MX 2MIN
DY MAX MIN AVG DEP HDD CDD WTR SNW DPTH SPD SPD DIR MIN PSBL S-S WX SPD DR
================================================================================
1 82 48 65 -2 0 0 0.00 0.0 0 10.2 24 170 M M 0 30 180
2 94 53 74 7 0 9 0.00 0.0 0 10.8 26 250 M M 0 35 260
3 79 51 65 -3 0 0 0.02 0.0 0 14.6 43 30 M M 2 38 58 20
4 71 51 61 -7 4 0 0.00 0.0 0 8.3 20 360 M M 4 26 360
5 90 51 71 3 0 6 0.00 0.0 0 12.8 21 160 M M 0 28 170
6 85 57 71 2 0 6 0.00 0.0 0 11.6 26 350 M M 0 36 350
7 96 60 78 9 0 13 T 0.0 0 14.3 37 360 M M 1 378 47 350
8 94 57 76 7 0 11 0.00 0.0 0 15.0 32 270 M M 0 38 260
9 90 58 74 4 0 9 0.00 0.0 0 9.3 28 200 M M 0 38 200
10 82 56 69 -1 0 4 0.00 0.0 0 10.9 25 150 M M 3 34 150
11 76 53 65 -5 0 0 T 0.0 0 11.6 21 90 M M 5 28 140
12 71 50 61 -10 4 0 T 0.0 0 8.6 17 60 M M 5 18 22 60
13 79 54 67 -4 0 2 0.00 0.0 0 12.0 17 160 M M 4 25 150
14 89 57 73 1 0 8 T 0.0 0 11.2 45 270 M M 1 378 68 250
15 92 56 74 2 0 9 0.03 0.0 0 9.4 37 290 M M 1 378 49 280
16 94 62 78 6 0 13 0.00 0.0 0 11.1 29 210 M M 3 39 200
17 92 55 74 1 0 9 0.00 0.0 0 11.2 33 210 M M 0 43 240
18 84 56 70 -3 0 5 T 0.0 0 10.7 26 30 M M 3 35 20
19 85 59 72 -1 0 7 0.03 0.0 0 7.1 16 240 M M 3 22 140
20 97 59 78 4 0 13 0.00 0.0 0 10.6 28 150 M M 1 36 140
21 94 62 78 4 0 13 0.00 0.0 0 13.4 26 170 M M 0 8 35 160
22 86 70 78 4 0 13 0.01 0.0 0 15.4 51 130 M M 6 38 65 130
23 95 63 79 4 0 14 0.00 0.0 0 15.1 31 170 M M 1 43 150
24 95 64 80 5 0 15 0.00 0.0 0 11.9 28 190 M M 0 38 170
25 96 65 81 5 0 16 0.00 0.0 0 8.2 22 140 M M 1 29 180
26 99 60 80 4 0 15 T 0.0 0 11.8 44 210 M M 0 38 58 210
27 96 65 81 5 0 16 0.00 0.0 0 8.6 21 340 M M 0 1 27 330
28 90 63 77 1 0 12 0.35 0.0 0 11.5 44 30 M M 3 358 55 30
29 85 57 71 -6 0 6 0.02 0.0 0 11.3 28 110 M M 1 3 36 110
30 81 63 72 -5 0 7 3.03 0.0 0 11.8 35 20 M M 7 123 46 20
31 74 61 68 -10 0 3 1.65 0.0 0 9.2 26 60 M M 7 123 32 50
================================================================================
SM 2713 1796 8 254 5.14 0.0 349.5 M 62
================================================================================
AV 87.5 57.9 11.3 FASTST M M 2 MAX(MPH)
MISC ----> 51 130 68 250
================================================================================
NOTES:
# LAST OF SEVERAL OCCURRENCES
COLUMN 17 PEAK WIND IN M.P.H.
PRELIMINARY LOCAL CLIMATOLOGICAL DATA (WS FORM: F-6) , PAGE 2
STATION: ROSWELL NM
MONTH: MAY
YEAR: 2021
LATITUDE: 33 17 N
LONGITUDE: 104 32 W
[TEMPERATURE DATA] [PRECIPITATION DATA] SYMBOLS USED IN COLUMN 16
AVERAGE MONTHLY: 72.7 TOTAL FOR MONTH: 5.14 1 = FOG OR MIST
DPTR FM NORMAL: 0.4 DPTR FM NORMAL: 4.00 2 = FOG REDUCING VISIBILITY
HIGHEST: 99 ON 26 GRTST 24HR 4.61 ON 30-31 TO 1/4 MILE OR LESS
LOWEST: 48 ON 1 3 = THUNDER
SNOW, ICE PELLETS, HAIL 4 = ICE PELLETS
TOTAL MONTH: 0.0 INCH 5 = HAIL
GRTST 24HR 0.0 6 = FREEZING RAIN OR DRIZZLE
GRTST DEPTH: 0 7 = DUSTSTORM OR SANDSTORM:
VSBY 1/2 MILE OR LESS
8 = SMOKE OR HAZE
[NO. OF DAYS WITH] [WEATHER - DAYS WITH] 9 = BLOWING SNOW
X = TORNADO
MAX 32 OR BELOW: 0 0.01 INCH OR MORE: 8
MAX 90 OR ABOVE: 16 0.10 INCH OR MORE: 3
MIN 32 OR BELOW: 0 0.50 INCH OR MORE: 2
MIN 0 OR BELOW: 0 1.00 INCH OR MORE: 2
[HDD (BASE 65) ]
TOTAL THIS MO. 8 CLEAR (SCALE 0-3) 24
DPTR FM NORMAL -12 PTCLDY (SCALE 4-7) 7
TOTAL FM JUL 1 2922 CLOUDY (SCALE 8-10) 0
DPTR FM NORMAL 50
[CDD (BASE 65) ]
TOTAL THIS MO. 254
DPTR FM NORMAL 9 [PRESSURE DATA]
TOTAL FM JAN 1 311 HIGHEST SLP 30.28 ON 12
DPTR FM NORMAL -7 LOWEST SLP 29.29 ON 2
[REMARKS]
#FINAL-05-21#