000
CXUS55 KABQ 011147
CF6ROW
PRELIMINARY LOCAL CLIMATOLOGICAL DATA (WS FORM: F-6)
STATION: ROSWELL NM
MONTH: SEPTEMBER
YEAR: 2023
LATITUDE: 33 17 N
LONGITUDE: 104 32 W
TEMPERATURE IN F: :PCPN: SNOW: WIND :SUNSHINE: SKY :PK WND
================================================================================
1 2 3 4 5 6A 6B 7 8 9 10 11 12 13 14 15 16 17 18
12Z AVG MX 2MIN
DY MAX MIN AVG DEP HDD CDD WTR SNW DPTH SPD SPD DIR MIN PSBL S-S WX SPD DR
================================================================================
1 100 66 83 4 0 18 0.00 0.0 0 8.1 21 150 M M 0 27 140
2 99 64 82 4 0 17 0.00 0.0 0 6.5 17 140 M M 0 24 160
3 101 64 83 5 0 18 0.00 0.0 0 8.8 18 170 M M 0 26 170
4 104 71 88 10 0 23 0.00 0.0 0 11.2 24 210 M M 0 31 170
5 100 65 83 5 0 18 0.00 0.0 0 5.3 17 50 M M 0 25 320
6 102 66 84 7 0 19 0.00 0.0 0 7.8 16 180 M M 0 23 170
7 106 67 87 10 0 22 0.00 0.0 0 6.3 23 280 M M 0 3 31 70
8 105 71 88 11 0 23 0.00 0.0 0 8.7 20 360 M M 0 27 80
9 99 73 86 10 0 21 0.00 0.0 0 12.1 37 50 M M 0 8 58 60
10 97 70 84 8 0 19 T 0.0 0 9.2 24 240 M M 1 3 36 230
11 93 66 80 4 0 15 T 0.0 0 9.1 33 20 M M 3 38 40 10
12 70 61 66 -10 0 1 0.33 0.0 0 6.7 15 20 M M 9 1 19 10
13 81 64 73 -2 0 8 0.03 0.0 0 9.4 21 160 M M 5 18 27 170
14 90 63 77 2 0 12 T 0.0 0 6.8 21 290 M M 1 1238 28 250
15 90 63 77 2 0 12 T 0.0 0 7.8 25 30 M M 0 3 34 350
16 80 62 71 -3 0 6 0.17 0.0 0 4.8 25 60 M M 5 13 33 50
17 85 62 74 0 0 9 0.00 0.0 0 4.5 14 190 M M 1 18 160
18 92 64 78 4 0 13 0.00 0.0 0 5.5 16 230 M M 0 3 22 230
19 97 66 82 9 0 17 0.00 0.0 0 8.2 17 250 M M 0 21 290
20 92 61 77 4 0 12 T 0.0 0 5.8 21 320 M M 1 28 280
21 92 67 80 7 0 15 0.12 0.0 0 13.4 24 200 M M 4 3 32 270
22 99 68 84 12 0 19 0.00 0.0 0 7.7 18 260 M M 0 26 50
23 101 63 82 10 0 17 0.00 0.0 0 7.5 22 260 M M 0 30 240
24 95 67 81 9 0 16 0.00 0.0 0 7.5 17 350 M M 0 25 340
25 88 65 77 6 0 12 0.00 0.0 0 5.0 12 20 M M 4 14 30
26 90 66 78 7 0 13 0.00 0.0 0 6.7 16 200 M M 0 24 170
27 97 66 82 11 0 17 T 0.0 0 7.0 16 130 M M 1 23 170
28 98 63 81 11 0 16 0.00 0.0 0 6.0 13 190 M M 0 17 190
29 96 63 80 10 0 15 T 0.0 0 7.7 40 220 M M 1 38 56 220
30 92 63 78 8 0 13 1.13 0.0 0 15.7 31 260 M M 2 138 61 240
================================================================================
SM 2831 1960 0 456 1.78 0.0 236.8 M 38
================================================================================
AV 94.4 65.3 7.9 FASTST M M 1 MAX(MPH)
MISC ----> 40 220 61 240
================================================================================
NOTES:
# LAST OF SEVERAL OCCURRENCES
COLUMN 17 PEAK WIND IN M.P.H.
PRELIMINARY LOCAL CLIMATOLOGICAL DATA (WS FORM: F-6) , PAGE 2
STATION: ROSWELL NM
MONTH: SEPTEMBER
YEAR: 2023
LATITUDE: 33 17 N
LONGITUDE: 104 32 W
[TEMPERATURE DATA] [PRECIPITATION DATA] SYMBOLS USED IN COLUMN 16
AVERAGE MONTHLY: 79.9 TOTAL FOR MONTH: 1.78 1 = FOG OR MIST
DPTR FM NORMAL: 5.5 DPTR FM NORMAL: 0.23 2 = FOG REDUCING VISIBILITY
HIGHEST: 106 ON 7 GRTST 24HR 1.13 ON 30-30 TO 1/4 MILE OR LESS
LOWEST: 61 ON 20,12 3 = THUNDER
SNOW, ICE PELLETS, HAIL 4 = ICE PELLETS
TOTAL MONTH: 0.0 INCH 5 = HAIL
GRTST 24HR 0.0 6 = FREEZING RAIN OR DRIZZLE
GRTST DEPTH: 0 7 = DUSTSTORM OR SANDSTORM:
VSBY 1/2 MILE OR LESS
8 = SMOKE OR HAZE
[NO. OF DAYS WITH] [WEATHER - DAYS WITH] 9 = BLOWING SNOW
X = TORNADO
MAX 32 OR BELOW: 0 0.01 INCH OR MORE: 5
MAX 90 OR ABOVE: 25 0.10 INCH OR MORE: 4
MIN 32 OR BELOW: 0 0.50 INCH OR MORE: 1
MIN 0 OR BELOW: 0 1.00 INCH OR MORE: 1
[HDD (BASE 65) ]
TOTAL THIS MO. 0 CLEAR (SCALE 0-3) 25
DPTR FM NORMAL -9 PTCLDY (SCALE 4-7) 4
TOTAL FM JUL 1 0 CLOUDY (SCALE 8-10) 1
DPTR FM NORMAL -4
[CDD (BASE 65) ]
TOTAL THIS MO. 456
DPTR FM NORMAL 165 [PRESSURE DATA]
TOTAL FM JAN 1 2694 HIGHEST SLP 30.13 ON 12
DPTR FM NORMAL 527 LOWEST SLP 29.52 ON 4
[REMARKS]
#FINAL-09-23#