000
CXUS53 KARX 020520
CF6RST
PRELIMINARY LOCAL CLIMATOLOGICAL DATA (WS FORM: F-6)
STATION: ROCHESTER MN
MONTH: APRIL
YEAR: 2023
LATITUDE: 43 55 N
LONGITUDE: 92 30 W
TEMPERATURE IN F: :PCPN: SNOW: WIND :SUNSHINE: SKY :PK WND
================================================================================
1 2 3 4 5 6A 6B 7 8 9 10 11 12 13 14 15 16 17 18
12Z AVG MX 2MIN
DY MAX MIN AVG DEP HDD CDD WTR SNW DPTH SPD SPD DIR MIN PSBL S-S WX SPD DR
================================================================================
1 33 21 27 -12 38 0 0.26 2.4 5 14.7 31 340 M M 3 1 43 330
2 54 22 38 -2 27 0 0.00 0.0 2 16.9 30 160 M M 3 43 170
3 45 34 40 0 25 0 0.00 0.0 0 9.4 15 310 M M 4 19 290
4 41 34 38 -2 27 0 0.31 0.0 0 16.1 31 70 M M 9 13 40 80
5 40 25 33 -8 32 0 T T 0 22.3 36 270 M M 10 12 45 250
6 41 23 32 -9 33 0 0.00 0.0 0 15.4 28 260 M M 1 35 250
7 58 28 43 1 22 0 0.00 0.0 0 10.9 22 130 M M 5 36 140
8 64 38 51 9 14 0 0.00 0.0 0 12.1 22 170 M M 3 28 170
9 68 43 56 14 9 0 T 0.0 0 16.1 29 200 M M 0 36 200
10 74 48 61 18 4 0 T 0.0 0 11.5 21 190 M M 3 26 190
11 79 48 64 21 1 0 0.00 0.0 0 15.8 26 220 M M 0 39 230
12 87 57 72 28 0 7 0.00 0.0 0 22.6 33 210 M M 0 45 220
13 83 55 69 25 0 4 0.00 0.0 0 19.8 31 190 M M 0 42 180
14 82 49 66 21 0 1 0.00 0.0 0 15.5 29 170 M M 0 42 190
15 59 38 49 4 16 0 0.31 0.0 0 13.3 23 330 M M 8 1 28 340
16 38 28 33 -12 32 0 0.29 1.8 0 22.5 37 340 M M 10 126 49 330
17 47 30 39 -7 26 0 T T 1 21.8 33 320 M M 5 46 310
18 53 30 42 -4 23 0 0.00 0.0 0 8.2 20 90 M M 0 24 100
19 50 37 44 -3 21 0 0.89 0.0 0 19.0 33 120 M M 7 13 45 120
20 47 33 40 -7 25 0 0.65 0.0 0 15.0 29 260 M M 9 13 38 270
21 41 30 36 -12 29 0 0.01 T 0 17.7 31 240 M M 6 1 40 240
22 37 30 34 -14 31 0 0.03 T 0 15.3 24 300 M M 10 1 29 300
23 42 28 35 -13 30 0 0.00 0.0 0 9.0 18 280 M M 6 33 280
24 50 28 39 -10 26 0 T T 0 9.3 18 320 M M 7 1 27 300
25 50 28 39 -10 26 0 0.00 0.0 0 7.7 17 30 M M 0 24 10
26 57 30 44 -6 21 0 0.00 0.0 0 9.8 22 180 M M 2 31 170
27 70 43 57 7 8 0 T 0.0 0 17.8 30 190 M M 5 39 200
28 69 40 55 5 10 0 0.23 0.0 0 11.5 35 310 M M 5 13 45 310
29 51 35 43 -8 22 0 T 0.0 0 13.0 23 360 M M 7 1 31 330
30 46 35 41 -10 24 0 0.03 T 0 23.9 35 340 M M 10 1 45 340
================================================================================
SM 1656 1048 602 12 3.01 4.2 453.9 M 138
================================================================================
AV 55.2 34.9 15.1 FASTST M M 5 MAX(MPH)
MISC ----> 37 340 49 330
================================================================================
NOTES:
# LAST OF SEVERAL OCCURRENCES
COLUMN 17 PEAK WIND IN M.P.H.
PRELIMINARY LOCAL CLIMATOLOGICAL DATA (WS FORM: F-6) , PAGE 2
STATION: ROCHESTER MN
MONTH: APRIL
YEAR: 2023
LATITUDE: 43 55 N
LONGITUDE: 92 30 W
[TEMPERATURE DATA] [PRECIPITATION DATA] SYMBOLS USED IN COLUMN 16
AVERAGE MONTHLY: 45.1 TOTAL FOR MONTH: 3.01 1 = FOG OR MIST
DPTR FM NORMAL: -0.1 DPTR FM NORMAL: -0.51 2 = FOG REDUCING VISIBILITY
HIGHEST: 87 ON 12 GRTST 24HR 1.13 ON 19-20 TO 1/4 MILE OR LESS
LOWEST: 21 ON 1 3 = THUNDER
SNOW, ICE PELLETS, HAIL 4 = ICE PELLETS
TOTAL MONTH: 4.2 INCHES 5 = HAIL
GRTST 24HR 2.4 ON 1- 1 6 = FREEZING RAIN OR DRIZZLE
GRTST DEPTH: 5 ON 1 7 = DUSTSTORM OR SANDSTORM:
VSBY 1/2 MILE OR LESS
8 = SMOKE OR HAZE
[NO. OF DAYS WITH] [WEATHER - DAYS WITH] 9 = BLOWING SNOW
X = TORNADO
MAX 32 OR BELOW: 0 0.01 INCH OR MORE: 10
MAX 90 OR ABOVE: 0 0.10 INCH OR MORE: 7
MIN 32 OR BELOW: 14 0.50 INCH OR MORE: 2
MIN 0 OR BELOW: 0 1.00 INCH OR MORE: 0
[HDD (BASE 65) ]
TOTAL THIS MO. 602 CLEAR (SCALE 0-3) 11
DPTR FM NORMAL 6 PTCLDY (SCALE 4-7) 13
TOTAL FM JUL 1 7448 CLOUDY (SCALE 8-10) 6
DPTR FM NORMAL -94
[CDD (BASE 65) ]
TOTAL THIS MO. 12
DPTR FM NORMAL 10 [PRESSURE DATA]
TOTAL FM JAN 1 12 HIGHEST SLP 30.50 ON 7
DPTR FM NORMAL 10 LOWEST SLP 29.29 ON 1
[REMARKS]
#FINAL-04-23#