000
CXUS53 KARX 011326
CF6RST
PRELIMINARY LOCAL CLIMATOLOGICAL DATA (WS FORM: F-6)
STATION: ROCHESTER MN
MONTH: JANUARY
YEAR: 2023
LATITUDE: 43 55 N
LONGITUDE: 92 30 W
TEMPERATURE IN F: :PCPN: SNOW: WIND :SUNSHINE: SKY :PK WND
================================================================================
1 2 3 4 5 6A 6B 7 8 9 10 11 12 13 14 15 16 17 18
12Z AVG MX 2MIN
DY MAX MIN AVG DEP HDD CDD WTR SNW DPTH SPD SPD DIR MIN PSBL S-S WX SPD DR
================================================================================
1 33 23 28 12 37 0 0.00 0.0 5 7.9 14 230 M M 2 18 230
2 31 19 25 9 40 0 0.13 1.2 5 6.4 15 50 M M 8 16 19 50
3 33 29 31 15 34 0 1.12 0.9 4 14.2 26 70 M M 10 16 34 60
4 32 30 31 15 34 0 0.14 0.8 5 4.2 10 60 M M 10 1 13 60
5 32 15 24 8 41 0 0.06 0.2 6 12.5 20 320 M M 10 18 23 310
6 16 0 8 -7 57 0 T T 6 6.5 14 320 M M 5 18 15 320
7 20 -3 9 -6 56 0 0.00 0.0 6 4.7 12 180 M M 0 18 14 180
8 20 3 12 -3 53 0 0.00 0.0 6 9.9 16 170 M M 2 18 19 170
9 35 14 25 10 40 0 0.00 0.0 6 9.9 20 150 M M 2 128 24 140
10 25 12 19 4 46 0 T 0.0 6 4.8 15 280 M M 8 1268 17 270
11 36 25 31 16 34 0 T 0.0 6 7.7 20 320 M M 7 128 22 320
12 28 20 24 9 41 0 T T 5 16.2 22 330 M M 10 126 27 320
13 21 16 19 5 46 0 0.00 0.0 5 8.7 22 340 M M 10 128 27 330
14 29 18 24 10 41 0 0.00 0.0 5 17.9 25 160 M M 4 18 33 180
15 36 28 32 18 33 0 T 0.0 5 16.4 24 170 M M 1 32 170
16 35 32 34 20 31 0 0.26 T 4 11.9 21 130 M M 10 12 26 130
17 33 26 30 16 35 0 T T 3 15.5 21 310 M M 10 18 27 300
18 31 25 28 14 37 0 0.23 3.1 2 10.4 22 90 M M 10 1 29 80
19 31 25 28 14 37 0 0.37 4.2 7 15.0 25 340 M M 10 1 32 340
20 26 17 22 8 43 0 0.00 0.0 8 12.9 23 320 M M 10 1 29 320
21 25 16 21 7 44 0 0.00 0.0 8 6.2 14 270 M M 10 1 17 250
22 25 15 20 6 45 0 0.00 0.0 8 5.4 9 250 M M 10 12 12 320
23 29 8 19 5 46 0 0.00 0.0 7 12.0 20 210 M M 7 18 25 220
24 27 10 19 5 46 0 0.00 0.0 7 9.1 16 290 M M 8 12 20 280
25 28 16 22 8 43 0 0.07 0.9 7 10.3 21 300 M M 10 12 24 310
26 16 1 9 -5 56 0 T T 7 13.2 21 180 M M 5 1 29 170
27 33 5 19 5 46 0 0.03 0.2 7 21.9 36 290 M M 6 1 45 300
28 9 3 6 -8 59 0 T T 7 10.9 18 350 M M 8 23 350
29 4 -3 1 -14 64 0 0.00 0.0 7 12.7 20 340 M M 4 24 350
30 1 -15 -7 -22 72 0 0.00 0.0 7 9.7 17 300 M M 1 22 290
31 6 -17 -5 -20 70 0 0.00 0.0 7 12.0 21 230 M M 0 25 230
================================================================================
SM 786 413 1407 0 2.41 11.5 337.0 M 208
================================================================================
AV 25.4 13.3 10.9 FASTST M M 7 MAX(MPH)
MISC ----> 36 290 45 300
================================================================================
NOTES:
# LAST OF SEVERAL OCCURRENCES
COLUMN 17 PEAK WIND IN M.P.H.
PRELIMINARY LOCAL CLIMATOLOGICAL DATA (WS FORM: F-6) , PAGE 2
STATION: ROCHESTER MN
MONTH: JANUARY
YEAR: 2023
LATITUDE: 43 55 N
LONGITUDE: 92 30 W
[TEMPERATURE DATA] [PRECIPITATION DATA] SYMBOLS USED IN COLUMN 16
AVERAGE MONTHLY: 19.3 TOTAL FOR MONTH: 2.41 1 = FOG OR MIST
DPTR FM NORMAL: 4.6 DPTR FM NORMAL: 1.42 2 = FOG REDUCING VISIBILITY
HIGHEST: 36 ON 15,11 GRTST 24HR 1.12 ON 3- 3 TO 1/4 MILE OR LESS
LOWEST: -17 ON 31 3 = THUNDER
SNOW, ICE PELLETS, HAIL 4 = ICE PELLETS
TOTAL MONTH: 11.5 INCHES 5 = HAIL
GRTST 24HR 4.2 ON 19-19 6 = FREEZING RAIN OR DRIZZLE
GRTST DEPTH: 8 ON 22,21 7 = DUSTSTORM OR SANDSTORM:
VSBY 1/2 MILE OR LESS
8 = SMOKE OR HAZE
[NO. OF DAYS WITH] [WEATHER - DAYS WITH] 9 = BLOWING SNOW
X = TORNADO
MAX 32 OR BELOW: 23 0.01 INCH OR MORE: 9
MAX 90 OR ABOVE: 0 0.10 INCH OR MORE: 6
MIN 32 OR BELOW: 31 0.50 INCH OR MORE: 1
MIN 0 OR BELOW: 5 1.00 INCH OR MORE: 1
[HDD (BASE 65) ]
TOTAL THIS MO. 1407 CLEAR (SCALE 0-3) 7
DPTR FM NORMAL -151 PTCLDY (SCALE 4-7) 10
TOTAL FM JUL 1 4482 CLOUDY (SCALE 8-10) 14
DPTR FM NORMAL -134
[CDD (BASE 65) ]
TOTAL THIS MO. 0
DPTR FM NORMAL 0 [PRESSURE DATA]
TOTAL FM JAN 1 0 HIGHEST SLP 30.55 ON 30
DPTR FM NORMAL 0 LOWEST SLP 29.38 ON 16
[REMARKS]
#FINAL-01-23#