000
CXUS53 KARX 011354
CF6RST
PRELIMINARY LOCAL CLIMATOLOGICAL DATA (WS FORM: F-6)
STATION: ROCHESTER MN
MONTH: NOVEMBER
YEAR: 2022
LATITUDE: 43 55 N
LONGITUDE: 92 30 W
TEMPERATURE IN F: :PCPN: SNOW: WIND :SUNSHINE: SKY :PK WND
================================================================================
1 2 3 4 5 6A 6B 7 8 9 10 11 12 13 14 15 16 17 18
12Z AVG MX 2MIN
DY MAX MIN AVG DEP HDD CDD WTR SNW DPTH SPD SPD DIR MIN PSBL S-S WX SPD DR
================================================================================
1 71 39 55 14 10 0 0.00 0.0 0 11.8 20 180 M M 0 27 160
2 72 47 60 20 5 0 0.00 0.0 0 17.4 32 190 M M 0 42 190
3 64 52 58 18 7 0 0.01 0.0 0 15.7 26 190 M M 6 18 36 190
4 59 37 48 9 17 0 0.14 0.0 0 10.8 24 280 M M 10 1 31 290
5 40 33 37 -2 28 0 0.30 0.0 0 12.7 21 320 M M 8 1 26 170
6 53 33 43 5 22 0 0.00 0.0 0 19.0 37 270 M M 3 52 260
7 37 24 31 -7 34 0 0.00 0.0 0 9.7 20 280 M M 1 26 280
8 53 32 43 6 22 0 0.41 0.0 0 20.7 31 140 M M 5 13 42 160
9 65 48 57 20 8 0 0.00 0.0 0 19.8 30 200 M M 8 1 40 150
10 67 27 47 11 18 0 0.05 0.0 0 21.0 30 270 M M 10 3 39 270
11 27 21 24 -12 41 0 0.00 0.0 0 18.1 26 290 M M 10 8 36 310
12 28 24 26 -9 39 0 0.02 0.1 0 13.0 20 330 M M 10 1 25 320
13 30 20 25 -10 40 0 0.00 0.0 0 5.2 12 320 M M 7 14 300
14 33 21 27 -7 38 0 0.05 1.6 0 10.0 20 140 M M 10 12 25 140
15 31 27 29 -5 36 0 0.20 1.2 1 6.1 14 110 M M 10 18 16 110
16 30 17 24 -9 41 0 0.06 0.3 1 10.9 21 270 M M 10 1 25 270
17 27 18 23 -10 42 0 0.03 0.4 1 18.3 28 280 M M 10 189 35 290
18 18 13 16 -16 49 0 0.01 0.2 1 18.9 26 230 M M 7 18 33 230
19 20 6 13 -19 52 0 0.01 0.2 1 19.5 32 310 M M 7 189 42 320
20 30 5 18 -14 47 0 T T 1 12.6 23 200 M M 1 28 190
21 31 17 24 -7 41 0 0.00 0.0 1 9.3 18 320 M M 0 22 320
22 41 13 27 -3 38 0 0.00 0.0 1 7.9 14 200 M M 1 17 210
23 48 21 35 5 30 0 0.00 0.0 T 9.0 15 160 M M 0 18 19 170
24 39 29 34 4 31 0 0.00 0.0 0 11.0 22 320 M M 4 12 27 310
25 48 26 37 8 28 0 0.00 0.0 0 12.2 20 220 M M 0 28 210
26 51 34 43 14 22 0 0.00 0.0 0 15.7 30 190 M M 0 37 190
27 41 23 32 4 33 0 0.00 0.0 0 11.8 21 360 M M 1 29 360
28 40 20 30 2 35 0 0.00 0.0 0 12.6 26 180 M M 0 34 180
29 32 17 25 -2 40 0 0.20 2.3 0 16.7 30 290 M M 8 1289 40 300
30 20 9 15 -12 50 0 T 0.1 2 20.4 36 280 M M 6 89 46 290
================================================================================
SM 1246 753 944 0 1.49 6.4 417.8 M 153
================================================================================
AV 41.5 25.1 13.9 FASTST M M 5 MAX(MPH)
MISC ----> 37 270 52 260
================================================================================
NOTES:
# LAST OF SEVERAL OCCURRENCES
COLUMN 17 PEAK WIND IN M.P.H.
PRELIMINARY LOCAL CLIMATOLOGICAL DATA (WS FORM: F-6) , PAGE 2
STATION: ROCHESTER MN
MONTH: NOVEMBER
YEAR: 2022
LATITUDE: 43 55 N
LONGITUDE: 92 30 W
[TEMPERATURE DATA] [PRECIPITATION DATA] SYMBOLS USED IN COLUMN 16
AVERAGE MONTHLY: 33.3 TOTAL FOR MONTH: 1.49 1 = FOG OR MIST
DPTR FM NORMAL: -0.3 DPTR FM NORMAL: -0.31 2 = FOG REDUCING VISIBILITY
HIGHEST: 72 ON 2 GRTST 24HR 0.41 ON 8- 8 TO 1/4 MILE OR LESS
LOWEST: 5 ON 20 3 = THUNDER
SNOW, ICE PELLETS, HAIL 4 = ICE PELLETS
TOTAL MONTH: 6.4 INCHES 5 = HAIL
GRTST 24HR 2.3 ON 29-29 6 = FREEZING RAIN OR DRIZZLE
GRTST DEPTH: 2 ON 30 7 = DUSTSTORM OR SANDSTORM:
VSBY 1/2 MILE OR LESS
8 = SMOKE OR HAZE
[NO. OF DAYS WITH] [WEATHER - DAYS WITH] 9 = BLOWING SNOW
X = TORNADO
MAX 32 OR BELOW: 12 0.01 INCH OR MORE: 13
MAX 90 OR ABOVE: 0 0.10 INCH OR MORE: 5
MIN 32 OR BELOW: 22 0.50 INCH OR MORE: 0
MIN 0 OR BELOW: 0 1.00 INCH OR MORE: 0
[HDD (BASE 65) ]
TOTAL THIS MO. 944 CLEAR (SCALE 0-3) 12
DPTR FM NORMAL 4 PTCLDY (SCALE 4-7) 10
TOTAL FM JUL 1 1600 CLOUDY (SCALE 8-10) 8
DPTR FM NORMAL -88
[CDD (BASE 65) ]
TOTAL THIS MO. 0
DPTR FM NORMAL 0 [PRESSURE DATA]
TOTAL FM JAN 1 586 HIGHEST SLP 30.62 ON 7
DPTR FM NORMAL 53 LOWEST SLP 29.32 ON 5
[REMARKS]
#FINAL-11-22#