000
CXUS53 KARX 011000
CF6RST
PRELIMINARY LOCAL CLIMATOLOGICAL DATA (WS FORM: F-6)
STATION: ROCHESTER MN
MONTH: FEBRUARY
YEAR: 2022
LATITUDE: 43 55 N
LONGITUDE: 92 30 W
TEMPERATURE IN F: :PCPN: SNOW: WIND :SUNSHINE: SKY :PK WND
================================================================================
1 2 3 4 5 6A 6B 7 8 9 10 11 12 13 14 15 16 17 18
12Z AVG MX 2MIN
DY MAX MIN AVG DEP HDD CDD WTR SNW DPTH SPD SPD DIR MIN PSBL S-S WX SPD DR
================================================================================
1 34 3 19 4 46 0 T T 5 20.6 37 310 M M 1 44 310
2 8 -3 3 -12 62 0 0.00 0.0 5 15.7 23 340 M M 0 8 29 350
3 5 -10 -2 -17 67 0 0.00 0.0 5 6.7 14 340 M M 0 18 340
4 8 -9 0 -16 65 0 0.01 T 5 12.5 24 310 M M 4 89 27 300
5 20 -11 5 -11 60 0 0.00 0.0 5 15.0 31 170 M M 5 40 180
6 30 2 16 0 49 0 T T 5 12.7 24 300 M M 8 168 30 310
7 17 -6 6 -10 59 0 0.00 0.0 5 9.0 15 160 M M 4 20 170
8 37 13 25 9 40 0 0.00 0.0 4 14.8 22 280 M M 2 28 270
9 34 21 28 11 37 0 T T 4 20.3 32 300 M M 10 1 43 300
10 38 12 25 8 40 0 0.05 0.3 4 19.5 36 200 M M 8 16 47 200
11 37 5 21 4 44 0 T 0.3 3 22.9 36 310 M M 10 129 44 290
12 6 -5 1 -17 64 0 0.01 0.2 3 8.3 23 350 M M 5 29 340
13 6 -5 1 -17 64 0 0.03 0.4 3 8.6 20 160 M M 5 18 26 150
14 17 3 10 -8 55 0 T 0.1 3 6.7 16 150 M M 4 8 20 150
15 35 11 23 5 42 0 0.00 0.0 3 18.0 33 150 M M 1 47 140
16 37 19 28 9 37 0 0.00 0.0 3 16.7 29 340 M M 3 18 36 340
17 19 0 10 -9 55 0 0.00 0.0 3 13.2 24 350 M M 1 32 340
18 38 2 20 0 45 0 0.01 0.2 3 22.2 45 300 M M 7 59 290
19 21 -2 10 -10 55 0 0.00 0.0 3 17.7 31 310 M M 1 42 300
20 47 21 34 14 31 0 0.00 0.0 2 17.6 33 190 M M 1 46 190
21 31 17 24 3 41 0 0.01 0.0 T 17.9 26 80 M M 8 16 37 70
22 17 1 9 -12 56 0 0.16 2.6 T 18.9 28 320 M M 9 1269 35 320
23 7 -5 1 -21 64 0 0.00 0.0 3 10.0 18 320 M M 1 24 310
24 14 0 7 -15 58 0 0.13 2.3 3 9.1 15 20 M M 6 1 19 20
25 14 -3 6 -16 59 0 T T 5 8.4 13 220 M M 2 18 15 220
26 28 1 15 -8 50 0 0.00 0.0 5 14.2 22 210 M M 0 26 210
27 30 10 20 -3 45 0 0.00 0.0 5 8.2 16 290 M M 0 21 280
28 42 18 30 6 35 0 0.00 0.0 4 10.2 15 270 M M 0 17 260
================================================================================
SM 677 100 1425 0 0.41 6.4 395.6 M 106
================================================================================
AV 24.2 3.6 14.1 FASTST M M 4 MAX(MPH)
MISC ----> 45 300 59 290
================================================================================
NOTES:
# LAST OF SEVERAL OCCURRENCES
COLUMN 17 PEAK WIND IN M.P.H.
PRELIMINARY LOCAL CLIMATOLOGICAL DATA (WS FORM: F-6) , PAGE 2
STATION: ROCHESTER MN
MONTH: FEBRUARY
YEAR: 2022
LATITUDE: 43 55 N
LONGITUDE: 92 30 W
[TEMPERATURE DATA] [PRECIPITATION DATA] SYMBOLS USED IN COLUMN 16
AVERAGE MONTHLY: 13.9 TOTAL FOR MONTH: 0.41 1 = FOG OR MIST
DPTR FM NORMAL: -4.8 DPTR FM NORMAL: -0.61 2 = FOG REDUCING VISIBILITY
HIGHEST: 47 ON 20 GRTST 24HR 0.17 ON 21-22 TO 1/4 MILE OR LESS
LOWEST: -11 ON 5 3 = THUNDER
SNOW, ICE PELLETS, HAIL 4 = ICE PELLETS
TOTAL MONTH: 6.4 INCHES 5 = HAIL
GRTST 24HR 2.6 ON 22-22 6 = FREEZING RAIN OR DRIZZLE
GRTST DEPTH: 5 ON 27,26 7 = DUSTSTORM OR SANDSTORM:
VSBY 1/2 MILE OR LESS
8 = SMOKE OR HAZE
[NO. OF DAYS WITH] [WEATHER - DAYS WITH] 9 = BLOWING SNOW
X = TORNADO
MAX 32 OR BELOW: 18 0.01 INCH OR MORE: 8
MAX 90 OR ABOVE: 0 0.10 INCH OR MORE: 2
MIN 32 OR BELOW: 28 0.50 INCH OR MORE: 0
MIN 0 OR BELOW: 12 1.00 INCH OR MORE: 0
[HDD (BASE 65) ]
TOTAL THIS MO. 1425 CLEAR (SCALE 0-3) 13
DPTR FM NORMAL 129 PTCLDY (SCALE 4-7) 10
TOTAL FM JUL 1 5715 CLOUDY (SCALE 8-10) 5
DPTR FM NORMAL -197
[CDD (BASE 65) ]
TOTAL THIS MO. 0
DPTR FM NORMAL 0 [PRESSURE DATA]
TOTAL FM JAN 1 0 HIGHEST SLP 30.72 ON 3
DPTR FM NORMAL 0 LOWEST SLP 29.37 ON 10
[REMARKS]
#FINAL-02-22#