000
CXUS53 KARX 010900
CF6RST
PRELIMINARY LOCAL CLIMATOLOGICAL DATA (WS FORM: F-6)
STATION: ROCHESTER MN
MONTH: AUGUST
YEAR: 2021
LATITUDE: 43 55 N
LONGITUDE: 92 30 W
TEMPERATURE IN F: :PCPN: SNOW: WIND :SUNSHINE: SKY :PK WND
================================================================================
1 2 3 4 5 6A 6B 7 8 9 10 11 12 13 14 15 16 17 18
12Z AVG MX 2MIN
DY MAX MIN AVG DEP HDD CDD WTR SNW DPTH SPD SPD DIR MIN PSBL S-S WX SPD DR
================================================================================
1 76 57 67 -3 0 2 0.00 0.0 0 7.5 20 30 M M 2 18 26 40
2 78 53 66 -4 0 1 0.00 0.0 0 5.0 10 280 M M 2 13 280
3 79 54 67 -3 0 2 0.00 0.0 0 5.6 10 240 M M 1 15 230
4 80 56 68 -2 0 3 0.00 0.0 0 6.5 14 190 M M 1 19 160
5 74 63 69 0 0 4 0.02 0.0 0 9.3 16 190 M M 6 1 24 200
6 83 63 73 4 0 8 0.01 0.0 0 4.3 24 210 M M 4 1 35 210
7 81 65 73 4 0 8 0.65 0.0 0 7.6 22 260 M M 5 13 37 260
8 79 67 73 4 0 8 0.81 0.0 0 7.5 28 200 M M 6 13 42 200
9 82 65 74 5 0 9 0.01 0.0 0 4.6 10 340 M M 5 1 13 340
10 86 64 75 6 0 10 0.01 0.0 0 7.6 14 180 M M 3 1 21 180
11 84 60 72 3 0 7 0.00 0.0 0 10.4 17 290 M M 3 12 25 280
12 80 58 69 0 0 4 0.00 0.0 0 8.2 16 320 M M 1 23 320
13 76 53 65 -4 0 0 0.00 0.0 0 8.5 17 310 M M 0 25 320
14 80 51 66 -2 0 1 0.00 0.0 0 6.1 13 230 M M 0 18 230
15 78 52 65 -3 0 0 0.00 0.0 0 8.0 15 170 M M 0 22 140
16 78 53 66 -2 0 1 0.00 0.0 0 8.3 15 180 M M 1 25 190
17 81 55 68 0 0 3 0.00 0.0 0 9.0 16 190 M M 1 24 160
18 84 61 73 5 0 8 0.00 0.0 0 8.0 15 180 M M 1 20 180
19 84 61 73 5 0 8 0.00 0.0 0 7.2 13 170 M M 1 20 160
20 83 63 73 5 0 8 0.61 0.0 0 10.9 24 260 M M 2 138 40 250
21 72 54 63 -5 2 0 0.08 0.0 0 9.7 17 280 M M 4 13 25 230
22 74 50 62 -6 3 0 0.01 0.0 0 6.6 14 120 M M 2 3 19 150
23 81 63 72 5 0 7 T 0.0 0 8.7 16 210 M M 6 13 25 220
24 74 65 70 3 0 5 0.53 0.0 0 8.7 30 350 M M 4 13 41 350
25 85 61 73 6 0 8 0.00 0.0 0 5.6 16 340 M M 2 1 21 350
26 73 60 67 0 0 2 0.35 0.0 0 5.8 25 120 M M 3 13 35 120
27 74 66 70 3 0 5 3.51 0.0 0 9.6 24 120 M M 8 13 35 180
28 79 65 72 5 0 7 T 0.0 0 10.6 38 190 M M 1 3 60 190
29 77 59 68 2 0 3 0.14 0.0 0 8.8 24 250 M M 3 13 34 260
30 82 55 69 3 0 4 0.00 0.0 0 4.8 9 270 M M 1 12 240
31 78 58 68 2 0 3 0.00 0.0 0 6.9 14 70 M M 1 20 60
================================================================================
SM 2455 1830 5 139 6.74 0.0 235.9 M 80
================================================================================
AV 79.2 59.0 7.6 FASTST M M 3 MAX(MPH)
MISC ----> 38 190 60 190
================================================================================
NOTES:
# LAST OF SEVERAL OCCURRENCES
COLUMN 17 PEAK WIND IN M.P.H.
PRELIMINARY LOCAL CLIMATOLOGICAL DATA (WS FORM: F-6) , PAGE 2
STATION: ROCHESTER MN
MONTH: AUGUST
YEAR: 2021
LATITUDE: 43 55 N
LONGITUDE: 92 30 W
[TEMPERATURE DATA] [PRECIPITATION DATA] SYMBOLS USED IN COLUMN 16
AVERAGE MONTHLY: 69.1 TOTAL FOR MONTH: 6.74 1 = FOG OR MIST
DPTR FM NORMAL: 0.9 DPTR FM NORMAL: 2.62 2 = FOG REDUCING VISIBILITY
HIGHEST: 86 ON 10 GRTST 24HR 3.79 ON 26-27 TO 1/4 MILE OR LESS
LOWEST: 50 ON 22 3 = THUNDER
SNOW, ICE PELLETS, HAIL 4 = ICE PELLETS
TOTAL MONTH: 0.0 INCH 5 = HAIL
GRTST 24HR 0.0 6 = FREEZING RAIN OR DRIZZLE
GRTST DEPTH: 0 7 = DUSTSTORM OR SANDSTORM:
VSBY 1/2 MILE OR LESS
8 = SMOKE OR HAZE
[NO. OF DAYS WITH] [WEATHER - DAYS WITH] 9 = BLOWING SNOW
X = TORNADO
MAX 32 OR BELOW: 0 0.01 INCH OR MORE: 13
MAX 90 OR ABOVE: 0 0.10 INCH OR MORE: 7
MIN 32 OR BELOW: 0 0.50 INCH OR MORE: 5
MIN 0 OR BELOW: 0 1.00 INCH OR MORE: 1
[HDD (BASE 65) ]
TOTAL THIS MO. 5 CLEAR (SCALE 0-3) 21
DPTR FM NORMAL -25 PTCLDY (SCALE 4-7) 9
TOTAL FM JUL 1 7 CLOUDY (SCALE 8-10) 1
DPTR FM NORMAL -38
[CDD (BASE 65) ]
TOTAL THIS MO. 139
DPTR FM NORMAL 11 [PRESSURE DATA]
TOTAL FM JAN 1 662 HIGHEST SLP 30.30 ON 14
DPTR FM NORMAL 188 LOWEST SLP 29.66 ON 11
[REMARKS]
#FINAL-08-21#