000
CXUS53 KARX 010900
CF6RST
PRELIMINARY LOCAL CLIMATOLOGICAL DATA (WS FORM: F-6)
STATION: ROCHESTER MN
MONTH: MAY
YEAR: 2021
LATITUDE: 43 55 N
LONGITUDE: 92 30 W
TEMPERATURE IN F: :PCPN: SNOW: WIND :SUNSHINE: SKY :PK WND
================================================================================
1 2 3 4 5 6A 6B 7 8 9 10 11 12 13 14 15 16 17 18
12Z AVG MX 2MIN
DY MAX MIN AVG DEP HDD CDD WTR SNW DPTH SPD SPD DIR MIN PSBL S-S WX SPD DR
================================================================================
1 91 50 71 19 0 6 T 0.0 0 15.8 37 240 M M 1 54 230
2 85 57 71 19 0 6 0.43 0.0 0 11.1 24 210 M M 2 13 32 210
3 65 49 57 5 8 0 0.16 0.0 0 14.8 28 340 M M 7 123 35 350
4 59 39 49 -4 16 0 0.00 0.0 0 13.2 26 350 M M 3 33 350
5 59 36 48 -5 17 0 0.19 0.0 0 7.0 17 310 M M 4 1 24 310
6 58 37 48 -6 17 0 T 0.0 0 11.5 23 280 M M 5 1 33 270
7 57 36 47 -7 18 0 T 0.0 0 10.2 22 330 M M 2 40 330
8 52 34 43 -11 22 0 0.00 0.0 0 9.3 18 100 M M 2 25 100
9 64 36 50 -5 15 0 0.00 0.0 0 8.6 18 350 M M 2 24 340
10 56 38 47 -8 18 0 T 0.0 0 9.3 20 30 M M 5 27 60
11 60 33 47 -9 18 0 0.00 0.0 0 4.1 15 360 M M 0 21 30
12 68 35 52 -4 13 0 0.00 0.0 0 6.8 13 220 M M 2 18 140
13 69 41 55 -1 10 0 0.00 0.0 0 10.4 20 190 M M 3 28 180
14 67 42 55 -2 10 0 0.01 0.0 0 11.6 28 180 M M 4 35 190
15 72 49 61 4 4 0 0.00 0.0 0 10.7 18 150 M M 5 1 24 120
16 71 50 61 3 4 0 0.00 0.0 0 11.1 21 150 M M 5 12 29 180
17 77 46 62 4 3 0 0.00 0.0 0 10.0 22 130 M M 2 12 29 120
18 68 51 60 2 5 0 0.15 0.0 0 14.5 28 120 M M 7 1 37 110
19 69 61 65 6 0 0 0.04 0.0 0 12.4 25 180 M M 8 1 39 170
20 70 64 67 8 0 2 0.65 0.0 0 13.2 23 180 M M 10 1 34 170
21 76 65 71 11 0 6 0.53 0.0 0 14.6 29 190 M M 7 13 42 180
22 78 63 71 11 0 6 0.00 0.0 0 12.8 21 190 M M 6 27 200
23 75 66 71 11 0 6 0.56 0.0 0 8.6 15 200 M M 8 1 19 210
24 82 65 74 13 0 9 0.00 0.0 0 16.2 28 200 M M 4 36 200
25 86 63 75 14 0 10 0.00 0.0 0 17.8 32 230 M M 5 3 45 230
26 67 53 60 -1 5 0 T 0.0 0 11.8 22 300 M M 1 30 320
27 53 40 47 -15 18 0 1.00 0.0 0 16.1 30 70 M M 9 1 41 70
28 56 37 47 -15 18 0 0.07 0.0 0 12.8 22 60 M M 6 1 31 30
29 62 39 51 -11 14 0 0.00 0.0 0 6.8 15 150 M M 0 23 160
30 58 46 52 -11 13 0 0.30 0.0 0 7.9 16 220 M M 8 1 21 210
31 73 46 60 -3 5 0 0.01 0.0 0 10.8 23 210 M M 1 29 220
================================================================================
SM 2103 1467 271 51 4.10 0.0 351.8 M 134
================================================================================
AV 67.8 47.3 11.3 FASTST M M 4 MAX(MPH)
MISC ----> 37 240 54 230
================================================================================
NOTES:
# LAST OF SEVERAL OCCURRENCES
COLUMN 17 PEAK WIND IN M.P.H.
PRELIMINARY LOCAL CLIMATOLOGICAL DATA (WS FORM: F-6) , PAGE 2
STATION: ROCHESTER MN
MONTH: MAY
YEAR: 2021
LATITUDE: 43 55 N
LONGITUDE: 92 30 W
[TEMPERATURE DATA] [PRECIPITATION DATA] SYMBOLS USED IN COLUMN 16
AVERAGE MONTHLY: 57.6 TOTAL FOR MONTH: 4.10 1 = FOG OR MIST
DPTR FM NORMAL: 0.0 DPTR FM NORMAL: -0.25 2 = FOG REDUCING VISIBILITY
HIGHEST: 91 ON 1 GRTST 24HR 1.05 ON 27-28 TO 1/4 MILE OR LESS
LOWEST: 33 ON 11 3 = THUNDER
SNOW, ICE PELLETS, HAIL 4 = ICE PELLETS
TOTAL MONTH: 0.0 INCH 5 = HAIL
GRTST 24HR 0.0 6 = FREEZING RAIN OR DRIZZLE
GRTST DEPTH: 0 7 = DUSTSTORM OR SANDSTORM:
VSBY 1/2 MILE OR LESS
8 = SMOKE OR HAZE
[NO. OF DAYS WITH] [WEATHER - DAYS WITH] 9 = BLOWING SNOW
X = TORNADO
MAX 32 OR BELOW: 0 0.01 INCH OR MORE: 13
MAX 90 OR ABOVE: 1 0.10 INCH OR MORE: 9
MIN 32 OR BELOW: 0 0.50 INCH OR MORE: 4
MIN 0 OR BELOW: 0 1.00 INCH OR MORE: 1
[HDD (BASE 65) ]
TOTAL THIS MO. 271 CLEAR (SCALE 0-3) 13
DPTR FM NORMAL 8 PTCLDY (SCALE 4-7) 16
TOTAL FM JUL 1 7574 CLOUDY (SCALE 8-10) 2
DPTR FM NORMAL -230
[CDD (BASE 65) ]
TOTAL THIS MO. 51
DPTR FM NORMAL 19 [PRESSURE DATA]
TOTAL FM JAN 1 54 HIGHEST SLP 30.48 ON 12
DPTR FM NORMAL 20 LOWEST SLP 29.43 ON 2
[REMARKS]
#FINAL-05-21#