000
CXUS53 KARX 010900
CF6RST
PRELIMINARY LOCAL CLIMATOLOGICAL DATA (WS FORM: F-6)
STATION: ROCHESTER MN
MONTH: MARCH
YEAR: 2021
LATITUDE: 43 55 N
LONGITUDE: 92 30 W
TEMPERATURE IN F: :PCPN: SNOW: WIND :SUNSHINE: SKY :PK WND
================================================================================
1 2 3 4 5 6A 6B 7 8 9 10 11 12 13 14 15 16 17 18
12Z AVG MX 2MIN
DY MAX MIN AVG DEP HDD CDD WTR SNW DPTH SPD SPD DIR MIN PSBL S-S WX SPD DR
================================================================================
1 21 7 14 -12 51 0 0.02 0.6 5 8.9 17 350 M M 3 18 22 360
2 38 9 24 -2 41 0 0.00 0.0 5 19.6 32 190 M M 0 42 190
3 44 28 36 10 29 0 0.00 0.0 4 6.5 13 300 M M 1 1 14 290
4 41 28 35 8 30 0 0.00 0.0 2 8.0 17 100 M M 3 23 100
5 37 28 33 6 32 0 0.00 0.0 1 5.0 9 190 M M 8 11 190
6 44 23 34 6 31 0 0.00 0.0 T 6.3 13 140 M M 0 15 140
7 47 31 39 11 26 0 0.00 0.0 0 16.3 24 160 M M 0 32 170
8 56 35 46 17 19 0 0.00 0.0 0 7.2 13 240 M M 0 15 230
9 61 37 49 20 16 0 0.00 0.0 0 14.6 31 180 M M 0 43 160
10 61 33 47 17 18 0 0.23 0.0 0 19.1 39 230 M M 7 1 51 230
11 47 31 39 9 26 0 0.00 0.0 0 18.5 37 260 M M 5 46 250
12 46 27 37 7 28 0 0.00 0.0 0 6.1 15 360 M M 0 19 360
13 54 28 41 10 24 0 0.00 0.0 0 8.3 18 220 M M 0 22 240
14 47 33 40 9 25 0 0.00 0.0 0 15.1 26 90 M M 0 36 110
15 33 27 30 -2 35 0 1.10 7.9 0 15.3 25 100 M M 8 126 34 100
16 32 26 29 -3 36 0 T 0.2 8 5.7 10 80 M M 10 1 13 80
17 39 29 34 1 31 0 0.01 0.2 7 10.7 23 10 M M 9 1 29 360
18 49 30 40 7 25 0 0.00 0.0 6 13.0 24 20 M M 0 31 30
19 44 25 35 1 30 0 0.00 0.0 2 9.3 16 170 M M 0 23 170
20 53 31 42 8 23 0 0.00 0.0 0 18.5 28 190 M M 0 40 170
21 60 38 49 14 16 0 0.00 0.0 0 20.6 37 180 M M 2 49 170
22 58 33 46 11 19 0 T 0.0 0 7.4 21 270 M M 5 1 25 270
23 55 41 48 12 17 0 0.23 0.0 0 11.9 21 100 M M 8 1 28 100
24 48 37 43 7 22 0 0.33 0.0 0 13.2 25 300 M M 10 1 33 300
25 51 31 41 4 24 0 0.00 0.0 0 7.8 21 40 M M 3 27 40
26 50 26 38 1 27 0 0.00 0.0 0 5.9 12 30 M M 4 14 30
27 47 33 40 2 25 0 0.16 T 0 12.7 29 320 M M 8 1 39 320
28 42 30 36 -2 29 0 T T 0 13.3 23 340 M M 4 30 300
29 68 34 51 13 14 0 0.00 0.0 0 25.0 32 170 M M 2 53 170
30 53 28 41 2 24 0 0.00 0.0 0 20.6 31 290 M M 4 41 270
31 33 20 27 -13 38 0 0.00 0.0 0 18.1 33 300 M M 3 43 310
================================================================================
SM 1459 897 831 0 2.08 8.9 388.5 M 107
================================================================================
AV 47.1 28.9 12.5 FASTST M M 3 MAX(MPH)
MISC ----> 39 230 53 170
================================================================================
NOTES:
# LAST OF SEVERAL OCCURRENCES
COLUMN 17 PEAK WIND IN M.P.H.
PRELIMINARY LOCAL CLIMATOLOGICAL DATA (WS FORM: F-6) , PAGE 2
STATION: ROCHESTER MN
MONTH: MARCH
YEAR: 2021
LATITUDE: 43 55 N
LONGITUDE: 92 30 W
[TEMPERATURE DATA] [PRECIPITATION DATA] SYMBOLS USED IN COLUMN 16
AVERAGE MONTHLY: 38.0 TOTAL FOR MONTH: 2.08 1 = FOG OR MIST
DPTR FM NORMAL: 5.6 DPTR FM NORMAL: 0.20 2 = FOG REDUCING VISIBILITY
HIGHEST: 68 ON 29 GRTST 24HR 1.10 ON 15-15 TO 1/4 MILE OR LESS
LOWEST: 7 ON 1 3 = THUNDER
SNOW, ICE PELLETS, HAIL 4 = ICE PELLETS
TOTAL MONTH: 8.9 INCHES 5 = HAIL
GRTST 24HR 7.9 ON 15-15 6 = FREEZING RAIN OR DRIZZLE
GRTST DEPTH: 8 ON 16 7 = DUSTSTORM OR SANDSTORM:
VSBY 1/2 MILE OR LESS
8 = SMOKE OR HAZE
[NO. OF DAYS WITH] [WEATHER - DAYS WITH] 9 = BLOWING SNOW
X = TORNADO
MAX 32 OR BELOW: 2 0.01 INCH OR MORE: 7
MAX 90 OR ABOVE: 0 0.10 INCH OR MORE: 5
MIN 32 OR BELOW: 21 0.50 INCH OR MORE: 1
MIN 0 OR BELOW: 0 1.00 INCH OR MORE: 1
[HDD (BASE 65) ]
TOTAL THIS MO. 831 CLEAR (SCALE 0-3) 17
DPTR FM NORMAL -180 PTCLDY (SCALE 4-7) 9
TOTAL FM JUL 1 6749 CLOUDY (SCALE 8-10) 5
DPTR FM NORMAL -122
[CDD (BASE 65) ]
TOTAL THIS MO. 0
DPTR FM NORMAL 0 [PRESSURE DATA]
TOTAL FM JAN 1 0 HIGHEST SLP 30.58 ON 19
DPTR FM NORMAL 0 LOWEST SLP 29.43 ON 24
[REMARKS]
#FINAL-03-21#