000
CXUS53 KARX 010930
CF6RST
PRELIMINARY LOCAL CLIMATOLOGICAL DATA (WS FORM: F-6)
STATION: ROCHESTER MN
MONTH: JUNE
YEAR: 2020
LATITUDE: 43 55 N
LONGITUDE: 92 30 W
TEMPERATURE IN F: :PCPN: SNOW: WIND :SUNSHINE: SKY :PK WND
================================================================================
1 2 3 4 5 6A 6B 7 8 9 10 11 12 13 14 15 16 17 18
12Z AVG MX 2MIN
DY MAX MIN AVG DEP HDD CDD WTR SNW DPTH SPD SPD DIR MIN PSBL S-S WX SPD DR
================================================================================
1 88 57 73 10 0 8 0.06 0.0 0 19.6 31 190 M M 4 45 170
2 93 64 79 15 0 14 0.41 0.0 0 12.1 39 40 M M 1 13 47 40
3 83 59 71 7 0 6 0.00 0.0 0 7.5 17 240 M M 1 1 23 210
4 88 58 73 9 0 8 0.00 0.0 0 7.8 15 40 M M 1 20 30
5 81 63 72 8 0 7 0.07 0.0 0 10.4 21 330 M M 0 13 27 360
6 78 58 68 3 0 3 0.11 0.0 0 8.6 20 90 M M 6 3 26 90
7 84 61 73 8 0 8 T 0.0 0 19.9 29 150 M M 1 3 40 140
8 91 70 81 15 0 16 0.00 0.0 0 16.6 25 150 M M 0 35 180
9 81 64 73 7 0 8 1.83 0.0 0 12.8 31 50 M M 5 1 42 60
10 68 54 61 -5 4 0 0.03 0.0 0 17.6 30 330 M M 7 1 39 330
11 79 51 65 -1 0 0 0.00 0.0 0 13.6 35 300 M M 1 44 290
12 82 53 68 1 0 3 0.00 0.0 0 11.0 18 40 M M 1 25 30
13 68 50 59 -8 6 0 0.02 0.0 0 11.9 20 100 M M 6 25 90
14 74 49 62 -5 3 0 0.00 0.0 0 19.0 28 140 M M 2 36 140
15 82 58 70 2 0 5 0.00 0.0 0 19.2 26 150 M M 0 8 37 130
16 86 63 75 7 0 10 0.00 0.0 0 15.1 23 190 M M 0 32 180
17 85 58 72 4 0 7 0.00 0.0 0 14.2 24 170 M M 0 33 160
18 85 65 75 6 0 10 0.22 0.0 0 14.8 26 320 M M 2 3 38 180
19 73 64 69 0 0 4 0.07 0.0 0 8.2 17 200 M M 7 1 24 200
20 72 58 65 -4 0 0 0.46 0.0 0 5.8 15 340 M M 6 1 19 320
21 83 57 70 1 0 5 0.42 0.0 0 10.5 31 280 M M 2 13 43 280
22 69 59 64 -6 1 0 T 0.0 0 6.8 15 30 M M 6 12 20 30
23 74 54 64 -6 1 0 T 0.0 0 10.5 22 330 M M 5 29 330
24 76 52 64 -6 1 0 0.09 0.0 0 7.6 18 30 M M 2 1 28 270
25 83 54 69 -1 0 4 0.00 0.0 0 6.7 15 230 M M 0 21 240
26 81 66 74 4 0 9 0.24 0.0 0 8.9 18 270 M M 3 13 23 260
27 84 59 72 1 0 7 0.00 0.0 0 5.0 10 30 M M 0 15 340
28 84 61 73 2 0 8 0.02 0.0 0 13.5 23 140 M M 3 13 31 150
29 82 65 74 3 0 9 0.60 0.0 0 12.0 29 360 M M 4 13 36 360
30 85 70 78 7 0 13 0.00 0.0 0 12.7 22 160 M M 4 29 130
================================================================================
SM 2422 1774 16 172 4.65 0.0 359.9 M 80
================================================================================
AV 80.7 59.1 12.0 FASTST M M 3 MAX(MPH)
MISC ----> # 39 40 # 47 40
================================================================================
NOTES:
# LAST OF SEVERAL OCCURRENCES
COLUMN 17 PEAK WIND IN M.P.H.
PRELIMINARY LOCAL CLIMATOLOGICAL DATA (WS FORM: F-6) , PAGE 2
STATION: ROCHESTER MN
MONTH: JUNE
YEAR: 2020
LATITUDE: 43 55 N
LONGITUDE: 92 30 W
[TEMPERATURE DATA] [PRECIPITATION DATA] SYMBOLS USED IN COLUMN 16
AVERAGE MONTHLY: 69.9 TOTAL FOR MONTH: 4.65 1 = FOG OR MIST
DPTR FM NORMAL: 2.3 DPTR FM NORMAL: -0.03 2 = FOG REDUCING VISIBILITY
HIGHEST: 93 ON 2 GRTST 24HR 1.83 ON 9- 9 TO 1/4 MILE OR LESS
LOWEST: 49 ON 14 3 = THUNDER
SNOW, ICE PELLETS, HAIL 4 = ICE PELLETS
TOTAL MONTH: 0.0 INCH 5 = HAIL
GRTST 24HR 0.0 6 = FREEZING RAIN OR DRIZZLE
GRTST DEPTH: 0 7 = DUSTSTORM OR SANDSTORM:
VSBY 1/2 MILE OR LESS
8 = SMOKE OR HAZE
[NO. OF DAYS WITH] [WEATHER - DAYS WITH] 9 = BLOWING SNOW
X = TORNADO
MAX 32 OR BELOW: 0 0.01 INCH OR MORE: 15
MAX 90 OR ABOVE: 2 0.10 INCH OR MORE: 8
MIN 32 OR BELOW: 0 0.50 INCH OR MORE: 2
MIN 0 OR BELOW: 0 1.00 INCH OR MORE: 1
[HDD (BASE 65) ]
TOTAL THIS MO. 16 CLEAR (SCALE 0-3) 19
DPTR FM NORMAL -36 PTCLDY (SCALE 4-7) 11
TOTAL FM JUL 1 7873 CLOUDY (SCALE 8-10) 0
DPTR FM NORMAL 151
[CDD (BASE 65) ]
TOTAL THIS MO. 172
DPTR FM NORMAL 42 [PRESSURE DATA]
TOTAL FM JAN 1 195 HIGHEST SLP 30.34 ON 13
DPTR FM NORMAL 31 LOWEST SLP 29.30 ON 9
[REMARKS]
#FINAL-06-20#