000
CXUS53 KARX 012031
CLARST
CLIMATE REPORT
NATIONAL WEATHER SERVICE LA CROSSE WI
231 PM CST SUN JAN 01 2023
...................................
...THE ROCHESTER MN CLIMATE SUMMARY FOR THE YEAR OF 2022...
CLIMATE NORMAL PERIOD 1991 TO 2020
CLIMATE RECORD PERIOD 1886 TO 2022
WEATHER OBSERVED NORMAL DEPART LAST YEAR`S
VALUE DATE(S) VALUE FROM VALUE DATE(S)
NORMAL
................................................................
TEMPERATURE (F)
RECORD
HIGH 108 07/14/1936
LOW -42 01/07/1887
HIGHEST 96 06/20 95 06/05
06/10
LOWEST -21 01/26 -23 02/15
AVG. MAXIMUM 53.1 54.0 -0.9 56.4
AVG. MINIMUM 34.2 35.6 -1.4 37.2
MEAN 43.7 44.8 -1.1 46.8
DAYS MAX >= 90 6 5.0 1.0 11
DAYS MAX <= 32 86 78.1 7.9 65
DAYS MIN <= 32 170 155.8 14.2 147
DAYS MIN <= 0 39 25.5 13.5 19
PRECIPITATION (INCHES)
RECORD
MAXIMUM 55.16 2019
MINIMUM 11.86 1910
TOTALS 35.16 34.67 0.49 27.67
DAYS >= .01 120 123.7 -3.7 102
DAYS >= .10 59 64.9 -5.9 53
DAYS >= .50 19 21.5 -2.5 20
DAYS >= 1.00 10 7.6 2.4 6
GREATEST
24 HR. TOTAL 3.09 07/23 TO 07/23 3.79 08/26 TO 08/27
SNOWFALL (INCHES)
RECORDS
TOTAL 92.0 2019
24 HR TOTAL 19.8 MM
TOTALS 41.4 53.1 -11.7 42.9
DAYS >= TRACE 76 38.4 37.6 MM
DAYS >= 1.0 13 15.6 -2.6 MM
GREATEST
SNOW DEPTH 12 12/26 11 02/22
12/27
12/28
24 HR TOTAL 0.6 MM 13.1
DEGREE DAYS
HEATING TOTAL 8216 7856 360 7152
COOLING TOTAL 586 533 53 706
................................................................
WIND (MPH)
AVERAGE WIND SPEED 12.3
HIGHEST GUST SPEED/DIRECTION 76/230 DATE 05/09
WEATHER CONDITIONS. NUMBER OF DAYS WITH
THUNDERSTORM 44 MIXED PRECIP 0
HEAVY RAIN 26 RAIN 38
LIGHT RAIN 107 FREEZING RAIN 1
LT FREEZING RAIN 12 HAIL 0
HEAVY SNOW 3 SNOW 11
LIGHT SNOW 74 SLEET 0
FOG 150 FOG W/VIS <= 1/4 MILE 28
HAZE 41
- INDICATES NEGATIVE NUMBERS.
R INDICATES RECORD WAS SET OR TIED.
MM INDICATES DATA IS MISSING.
T INDICATES TRACE AMOUNT.
$$
BOYNE