000
CXUS53 KARX 081726 CCA
CLSRST
CLIMATE REPORT
NATIONAL WEATHER SERVICE LA CROSSE WI
949 PM CDT SAT SEP 02 2023
...................................
...THE ROCHESTER MN CLIMATE SUMMARY FOR THE SEASON, FROM
6/1/2023 TO 8/31/2023...
CLIMATE NORMAL PERIOD 1991 TO 2020
CLIMATE RECORD PERIOD 1886 TO 2023
WEATHER OBSERVED NORMAL DEPART LAST YEAR`S
VALUE DATE(S) VALUE FROM VALUE DATE(S)
NORMAL
................................................................
TEMPERATURE (F)
RECORD
HIGH 108 07/14/1936
LOW 31 06/09/1937
HIGHEST 97 08/23 96 06/20
LOWEST 45 06/12 48 06/02
06/16
AVG. MAXIMUM 81.2 78.6 2.6 79.4
AVG. MINIMUM 58.8 58.8 0.0 59.7
MEAN 70.0 68.7 1.3 69.5
DAYS MAX >= 90 2 3.8 -1.8 4
DAYS MAX <= 32 0 0.0 0.0 0
DAYS MIN <= 32 0 0.0 0.0 0
DAYS MIN <= 0 0 0.0 0.0 0
PRECIPITATION (INCHES)
RECORD
MAXIMUM 23.34 2000
MINIMUM 3.78 1910
TOTALS 5.03 13.66 -8.63 15.82
DAYS >= .01 19 33.0 -14.0 32
DAYS >= .10 9 20.6 -11.6 19
DAYS >= .50 1 9.6 -8.6 10
DAYS >= 1.00 1 3.7 -2.7 5
GREATEST
24 HR. TOTAL 1.04 07/22 TO 07/22 3.09 07/23 TO 07/23
SNOWFALL (INCHES)
RECORDS
TOTAL 0.0 2020
SNOW DEPTH 0 08/31/2020
TOTALS 0.0 0.0 0.0 0.0
SNOWDEPTH AVG. 0 0
DAYS >= TRACE 0 0.0 0.0 0
DAYS >= 1.0 0 0.0 0.0 0
GREATEST
SNOW DEPTH 0 0 MM
DEGREE DAYS
HEATING TOTAL 44 94 -50 33
COOLING TOTAL 524 440 84 473
................................................................
WIND (MPH)
AVERAGE WIND SPEED 8.0
HIGHEST WIND SPEED/DIRECTION 36/330 DATE 07/26
HIGHEST GUST SPEED/DIRECTION 59/360 DATE 07/26
AVERAGE RH (PERCENT) 72
WEATHER CONDITIONS. NUMBER OF DAYS WITH
THUNDERSTORM 18 MIXED PRECIP 0
HEAVY RAIN 8 RAIN 8
LIGHT RAIN 29 FREEZING RAIN 0
LT FREEZING RAIN 0 HAIL 0
HEAVY SNOW 0 SNOW 0
LIGHT SNOW 0 SLEET 0
FOG 33 FOG W/VIS <= 1/4 MILE 4
HAZE 9
- INDICATES NEGATIVE NUMBERS.
R INDICATES RECORD WAS SET OR TIED.
MM INDICATES DATA IS MISSING.
T INDICATES TRACE AMOUNT.
$$
BOYNE