000
CXUS54 KLZK 121346
CF6RUE
PRELIMINARY LOCAL CLIMATOLOGICAL DATA (WS FORM: F-6)
STATION: RUSSELLVILLE
MONTH: APRIL
YEAR: 2021
LATITUDE: 35 15 N
LONGITUDE: 93 6 W
TEMPERATURE IN F: :PCPN: SNOW: WIND :SUNSHINE: SKY :PK WND
================================================================================
1 2 3 4 5 6A 6B 7 8 9 10 11 12 13 14 15 16 17 18
12Z AVG MX 2MIN
DY MAX MIN AVG DEP HDD CDD WTR SNW DPTH SPD SPD DIR MIN PSBL S-S WX SPD DR
================================================================================
1 62 30 46 -11 19 0 0.00 M M 3.4 16 320 M M 0 22 310
2 61 30 46 -12 19 0 0.00 M M 3.9 13 100 M M 0 18 100
3 68 36 52 -6 13 0 0.00 M M 3.3 12 220 M M 5 16 220
4 76 38 57 -1 8 0 0.00 M M 2.3 10 180 M M 0 16 160
5 79 49 64 6 1 0 0.00 M M 3.0 14 190 M M 7 19 190
6 77 55 66 8 0 1 0.00 M M 4.7 15 180 M M 7 20 180
7 71 51 61 2 4 0 0.23 M M 10.0 25 280 M M 6 13 37 270
8 77 43 60 1 5 0 0.00 M M 8.4 22 280 M M 0 29 290
9 80 46 63 4 2 0 0.45 M M 3.6 21 320 M M 2 13 26 310
10 62 44 53 -7 12 0 T M M 11.6 28 270 M M 3 37 260
11 80 39 60 0 5 0 0.00 M M 1.6 12 260 M M 0 1 16 280
12 84 46 65 5 0 0 0.00 M M 1.7 8 70 M M 2 12 140
13 74 53 64 4 1 0 0.02 M M 6.8 20 350 M M 5 3 27 330
14 62 51 57 -4 8 0 0.71 M M 3.6 14 360 M M 9 13 20 350
15 69 45 57 -4 8 0 0.06 M M 3.5 13 30 M M 3 18 17 60
16 57 49 53 -8 12 0 0.08 M M 4.1 12 70 M M 10 18 18 140
17 60 42 51 -10 14 0 0.00 M M 5.0 15 340 M M 10 19 350
18 65 37 51 -11 14 0 T M M 3.5 22 300 M M 4 18 29 330
19 72 36 54 -8 11 0 0.00 M M 1.2 9 240 M M 0 14 260
20 66 34 50 -12 15 0 0.00 M M 6.5 24 280 M M 2 33 280
21 61 29 45 -17 20 0 0.00 M M 4.1 17 270 M M 0 24 300
22 65 33 49 -14 16 0 T M M 2.2 9 250 M M 5 14 140
23 61 49 55 -8 10 0 0.87 M M 4.6 12 110 M M 10 1 17 100
24 66 47 57 -6 8 0 0.53 M M 6.5 17 340 M M 7 1 23 320
25 76 43 60 -4 5 0 0.00 M M 3.1 9 150 M M 2 12 15 160
26 83 50 67 3 0 2 0.00 M M 3.6 15 190 M M 0 21 170
27 78 61 70 6 0 5 0.00 M M 4.5 14 170 M M 5 19 190
28 77 69 73 9 0 8 0.08 M M 2.6 13 180 M M 7 1 20 150
29 76 56 66 1 0 1 1.80 M M 3.5 22 240 M M 7 13 29 210
30 80 51 66 1 0 1 0.00 M M 2.4 10 110 M M 0 1 14 110
================================================================================
SM 2125 1342 230 18 4.83 M 128.8 M 118
================================================================================
AV 70.8 44.7 4.3 FASTST M M 4 MAX(MPH)
MISC ----> 28 270 # 37 270
================================================================================
NOTES:
# LAST OF SEVERAL OCCURRENCES
COLUMN 17 PEAK WIND IN M.P.H.
PRELIMINARY LOCAL CLIMATOLOGICAL DATA (WS FORM: F-6) , PAGE 2
STATION: RUSSELLVILLE
MONTH: APRIL
YEAR: 2021
LATITUDE: 35 15 N
LONGITUDE: 93 6 W
[TEMPERATURE DATA] [PRECIPITATION DATA] SYMBOLS USED IN COLUMN 16
AVERAGE MONTHLY: 57.8 TOTAL FOR MONTH: 4.83 1 = FOG OR MIST
DPTR FM NORMAL: -3.2 DPTR FM NORMAL: 0.00 2 = FOG REDUCING VISIBILITY
HIGHEST: 84 ON 12 GRTST 24HR 1.80 ON 29-29 TO 1/4 MILE OR LESS
LOWEST: 29 ON 21 3 = THUNDER
SNOW, ICE PELLETS, HAIL 4 = ICE PELLETS
TOTAL MONTH: M 5 = HAIL
GRTST 24HR M ON M 6 = FREEZING RAIN OR DRIZZLE
GRTST DEPTH: M ON M 7 = DUSTSTORM OR SANDSTORM:
VSBY 1/2 MILE OR LESS
8 = SMOKE OR HAZE
[NO. OF DAYS WITH] [WEATHER - DAYS WITH] 9 = BLOWING SNOW
X = TORNADO
MAX 32 OR BELOW: 0 0.01 INCH OR MORE: 10
MAX 90 OR ABOVE: 0 0.10 INCH OR MORE: 6
MIN 32 OR BELOW: 3 0.50 INCH OR MORE: 4
MIN 0 OR BELOW: 0 1.00 INCH OR MORE: 1
[HDD (BASE 65) ]
TOTAL THIS MO. 230 CLEAR (SCALE 0-3) 14
DPTR FM NORMAL 66 PTCLDY (SCALE 4-7) 12
TOTAL FM JUL 1 3380 CLOUDY (SCALE 8-10) 4
DPTR FM NORMAL 132
[CDD (BASE 65) ]
TOTAL THIS MO. 18
DPTR FM NORMAL -26 [PRESSURE DATA]
TOTAL FM JAN 1 21 HIGHEST SLP 30.56 ON 1
DPTR FM NORMAL -37 LOWEST SLP 29.54 ON 24
[REMARKS]
#FINAL-04-21#