000
CXUS53 KMPX 012205
CF6RWF
PRELIMINARY LOCAL CLIMATOLOGICAL DATA (WS FORM: F-6)
STATION: REDWOOD FALLS MN
MONTH: OCTOBER
YEAR: 2022
LATITUDE: 44 32 N
LONGITUDE: 95 5 W
TEMPERATURE IN F: :PCPN: SNOW: WIND :SUNSHINE: SKY :PK WND
================================================================================
1 2 3 4 5 6A 6B 7 8 9 10 11 12 13 14 15 16 17 18
12Z AVG MX 2MIN
DY MAX MIN AVG DEP HDD CDD WTR SNW DPTH SPD SPD DIR MIN PSBL S-S WX SPD DR
================================================================================
1 74 55 65 9 0 0 T M M 9.8 18 110 M M 2 24 90
2 78 50 64 9 1 0 T M M 10.9 20 130 M M 1 25 120
3 82 52 67 12 0 2 0.00 M M 11.3 22 170 M M 0 32 150
4 73 50 62 8 3 0 T M M 7.3 16 260 M M 4 20 270
5 75 55 65 11 0 0 T M M 6.9 12 310 M M 5 22 310
6 61 40 51 -2 14 0 0.00 M M 11.0 20 340 M M 4 30 340
7 51 34 43 -10 22 0 0.00 M M 6.2 14 280 M M 7 8 18 320
8 67 29 48 -4 17 0 0.00 M M 10.4 17 250 M M 1 26 250
9 74 40 57 5 8 0 0.00 M M 8.0 16 290 M M 0 23 290
10 74 34 54 3 11 0 0.00 M M 6.4 13 150 M M 0 18 18 180
11 84 48 66 15 0 1 T M M 16.5 35 170 M M 2 46 180
12 59 40 50 0 15 0 0.02 M M 14.4 36 290 M M 6 3 49 280
13 43 34 39 -11 26 0 0.00 M M 10.5 24 280 M M 8 36 310
14 45 30 38 -11 27 0 0.01 M M 11.1 26 310 M M 7 45 310
15 62 28 45 -4 20 0 0.00 M M 12.0 24 300 M M 0 35 320
16 47 29 38 -10 27 0 0.00 M M 14.9 26 300 M M 5 38 310
17 39 21 30 -18 35 0 0.00 M M 11.9 21 330 M M 1 32 330
18 42 17 30 -17 35 0 0.00 M M 9.0 17 300 M M 0 27 310
19 54 18 36 -11 29 0 0.00 M M 5.7 12 260 M M 0 15 270
20 64 35 50 4 15 0 0.00 M M 8.7 16 190 M M 0 8 22 190
21 67 44 56 10 9 0 0.00 M M 8.1 20 200 M M 0 24 200
22 80 39 60 15 5 0 0.00 M M 11.3 21 140 M M 0 27 150
23 80 52 66 21 0 1 0.02 M M 20.1 41 170 M M 0 3 62 160
24 69 38 54 10 11 0 0.00 M M 13.4 28 150 M M 3 35 140
25 56 36 46 2 19 0 0.00 M M 10.1 17 300 M M 5 23 280
26 55 28 42 -1 23 0 0.00 M M 7.6 13 180 M M 0 17 170
27 51 45 48 5 17 0 T M M 10.0 24 170 M M 9 1 32 190
28 64 36 50 8 15 0 0.00 M M 10.4 20 190 M M 2 25 180
29 70 39 55 13 10 0 0.00 M M 12.6 25 190 M M 0 33 190
30 66 33 50 9 15 0 0.00 M M 5.7 12 330 M M 0 8 16 330
31 69 29 49 8 16 0 0.00 M M 6.3 15 190 M M 0 22 190
================================================================================
SM 1975 1158 445 4 0.05 M 318.5 M 72
================================================================================
AV 63.7 37.4 10.3 FASTST M M 2 MAX(MPH)
MISC ----> 41 170 62 160
================================================================================
NOTES:
# LAST OF SEVERAL OCCURRENCES
COLUMN 17 PEAK WIND IN M.P.H.
PRELIMINARY LOCAL CLIMATOLOGICAL DATA (WS FORM: F-6) , PAGE 2
STATION: REDWOOD FALLS MN
MONTH: OCTOBER
YEAR: 2022
LATITUDE: 44 32 N
LONGITUDE: 95 5 W
[TEMPERATURE DATA] [PRECIPITATION DATA] SYMBOLS USED IN COLUMN 16
AVERAGE MONTHLY: 50.5 TOTAL FOR MONTH: 0.05 1 = FOG OR MIST
DPTR FM NORMAL: 2.2 DPTR FM NORMAL: -2.16 2 = FOG REDUCING VISIBILITY
HIGHEST: 84 ON 11 GRTST 24HR 0.02 ON 11-12 TO 1/4 MILE OR LESS
LOWEST: 17 ON 18 3 = THUNDER
SNOW, ICE PELLETS, HAIL 4 = ICE PELLETS
TOTAL MONTH: M 5 = HAIL
GRTST 24HR M ON M 6 = FREEZING RAIN OR DRIZZLE
GRTST DEPTH: M ON M 7 = DUSTSTORM OR SANDSTORM:
VSBY 1/2 MILE OR LESS
8 = SMOKE OR HAZE
[NO. OF DAYS WITH] [WEATHER - DAYS WITH] 9 = BLOWING SNOW
X = TORNADO
MAX 32 OR BELOW: 0 0.01 INCH OR MORE: 3
MAX 90 OR ABOVE: 0 0.10 INCH OR MORE: 0
MIN 32 OR BELOW: 9 0.50 INCH OR MORE: 0
MIN 0 OR BELOW: 0 1.00 INCH OR MORE: 0
[HDD (BASE 65) ]
TOTAL THIS MO. 445 CLEAR (SCALE 0-3) 21
DPTR FM NORMAL -81 PTCLDY (SCALE 4-7) 9
TOTAL FM JUL 1 548 CLOUDY (SCALE 8-10) 1
DPTR FM NORMAL -153
[CDD (BASE 65) ]
TOTAL THIS MO. 4
DPTR FM NORMAL -2 [PRESSURE DATA]
TOTAL FM JAN 1 904 HIGHEST SLP 30.60 ON 7
DPTR FM NORMAL 214 LOWEST SLP 29.32 ON 24
[REMARKS]
#FINAL-10-22#