000
CXUS55 KCYS 011623
CLMRWL
CLIMATE REPORT
NATIONAL WEATHER SERVICE CHEYENNE WY
923 AM MST FRI MAR 01 2024
...................................
...THE RAWLINS WYOMING AIRPORT CLIMATE SUMMARY FOR THE MONTH OF FEBRUARY 2024...
CLIMATE NORMAL PERIOD 1991 TO 2020
CLIMATE RECORD PERIOD 1951 TO 2024
WEATHER OBSERVED NORMAL DEPART LAST YEAR`S
VALUE DATE(S) VALUE FROM VALUE DATE(S)
NORMAL
................................................................
TEMPERATURE (F)
RECORD
HIGH 58 02/11/1962
LOW -36 02/02/2011
02/06/1989
HIGHEST 51 02/06 MM MM 39
LOWEST -16 02/17 MM MM -25
AVG. MAXIMUM 37.4 33.9 3.5 28.2
AVG. MINIMUM 18.8 14.5 4.3 9.7
MEAN 28.1 24.2 3.9 18.9
DAYS MAX >= 90 0 0.0 0.0 0
DAYS MAX <= 32 8 11.1 -3.1 20
DAYS MIN <= 32 26 26.8 -0.8 28
DAYS MIN <= 0 4 3.2 0.8 5
PRECIPITATION (INCHES)
RECORD
MAXIMUM 1.95 2023
TOTALS 0.77 0.48 0.29 1.95
DAYS >= .01 8 6.1 1.9 6
DAYS >= .10 3 1.5 1.5 2
DAYS >= .50 0 0.1 -0.1 1
DAYS >= 1.00 0 0.0 0.0 1
GREATEST
24 HR. TOTAL 0.25 02/21 TO 02/21 1.24 02/22 TO 02/22
DEGREE DAYS
HEATING TOTAL 1065 1142 -77 1283
SINCE 7/1 5321 5879 -558 MM
COOLING TOTAL 0 0 0 0
SINCE 1/1 0 0 0 MM
................................................................
WIND (MPH)
AVERAGE WIND SPEED 13.5
HIGHEST WIND SPEED/DIRECTION 43/220 DATE 02/24
HIGHEST GUST SPEED/DIRECTION 58/230 DATE 02/24
SKY COVER
POSSIBLE SUNSHINE (PERCENT) MM
AVERAGE SKY COVER 0.40
NUMBER OF DAYS FAIR 13
NUMBER OF DAYS PC 13
NUMBER OF DAYS CLOUDY 3
AVERAGE RH (PERCENT) 67
WEATHER CONDITIONS. NUMBER OF DAYS WITH
THUNDERSTORM 0 MIXED PRECIP 0
HEAVY RAIN 0 RAIN 0
LIGHT RAIN 0 FREEZING RAIN 0
LT FREEZING RAIN 0 HAIL 0
HEAVY SNOW 3 SNOW 7
LIGHT SNOW 11 SLEET 0
FOG 8 FOG W/VIS <= 1/4 MILE 3
HAZE 4
- INDICATES NEGATIVE NUMBERS.
R INDICATES RECORD WAS SET OR TIED.
MM INDICATES DATA IS MISSING.
T INDICATES TRACE AMOUNT.
$$