000
CXUS55 KTWC 010855
CF6SAD
PRELIMINARY LOCAL CLIMATOLOGICAL DATA (WS FORM: F-6)
STATION: SAFFORD AZ AIRPORT
MONTH: SEPTEMBER
YEAR: 2021
LATITUDE: 32 50 N
LONGITUDE: 109 38 W
TEMPERATURE IN F: :PCPN: SNOW: WIND :SUNSHINE: SKY :PK WND
================================================================================
1 2 3 4 5 6A 6B 7 8 9 10 11 12 13 14 15 16 17 18
12Z AVG MX 2MIN
DY MAX MIN AVG DEP HDD CDD WTR SNW DPTH SPD SPD DIR MIN PSBL S-S WX SPD DR
================================================================================
1 86 68 77 -6 0 12 1.12 M M 7.3 20 350 M M 5 1 27 350
2 90 66 78 -5 0 13 0.00 M M 6.9 16 290 M M 0 22 290
3 91 66 79 -4 0 14 0.00 M M 3.6 10 270 M M 0 16 250
4 97 70 84 2 0 19 0.00 M M 4.1 14 40 M M 1 19 40
5 96 70 83 1 0 18 0.31 M M 5.9 43 350 M M 2 13 68 340
6 94 65 80 -2 0 15 0.00 M M 4.7 10 120 M M 0 14 110
7 98 67 83 1 0 18 0.00 M M 4.3 13 280 M M 0 17 260
8 100 68 84 2 0 19 0.02 M M 7.2 18 100 M M 0 3 27 120
9 99 71 85 4 0 20 0.00 M M 7.6 16 150 M M 0 23 130
10 98 63 81 0 0 16 0.00 M M 5.5 14 90 M M 0 17 180
11 98 63 81 0 0 16 0.00 M M 3.1 8 40 M M 0 14 260
12 100 61 81 1 0 16 0.00 M M 3.6 12 300 M M 0 18 300
13 100 62 81 1 0 16 0.00 M M 4.7 15 280 M M 0 22 270
14 100 63 82 2 0 17 0.00 M M 8.6 21 280 M M 0 28 300
15 100 65 83 4 0 18 0.00 M M 7.6 18 300 M M 0 24 270
16 98 60 79 0 0 14 0.00 M M 5.5 17 280 M M 0 23 280
17 97 62 80 1 0 15 0.00 M M 4.8 14 280 M M 0 19 310
18 98 65 82 4 0 17 T M M 6.5 28 230 M M 1 39 220
19 97 65 81 3 0 16 0.00 M M 7.0 25 300 M M 0 36 310
20 95 65 80 2 0 15 0.00 M M 9.0 24 320 M M M 33 320
21 95 56 76 -1 0 11 0.00 M M 4.8 16 90 M M M 23 80
22 91 65 78 1 0 13 0.00 M M 8.8 16 100 M M M 23 110
23 81 66 74 -2 0 9 0.00 M M 7.7 20 310 M M M 27 310
24 89 67 78 2 0 13 0.00 M M 4.7 10 210 M M M 16 190
25 88 65 77 1 0 12 0.60 M M 7.2 26 170 M M M 13 33 170
26 78 60 69 -6 0 4 0.02 M M 6.2 20 300 M M M 1 27 300
27 79 61 70 -5 0 5 0.01 M M 4.5 15 300 M M 7 20 290
28 79 63 71 -3 0 6 0.06 M M 5.3 14 80 M M 6 13 18 90
29 86 58 72 -2 0 7 0.36 M M 5.5 20 360 M M 1 25 350
30 75 57 66 -8 0 1 0.13 M M 7.9 25 320 M M 3 3 35 330
================================================================================
SM 2773 1923 0 405 2.63 M 180.1 M 26
================================================================================
AV 92.4 64.1 6.0 FASTST M M 1 MAX(MPH)
MISC ----> 43 350 68 340
================================================================================
NOTES:
# LAST OF SEVERAL OCCURRENCES
COLUMN 17 PEAK WIND IN M.P.H.
PRELIMINARY LOCAL CLIMATOLOGICAL DATA (WS FORM: F-6) , PAGE 2
STATION: SAFFORD AZ AIRPORT
MONTH: SEPTEMBER
YEAR: 2021
LATITUDE: 32 50 N
LONGITUDE: 109 38 W
[TEMPERATURE DATA] [PRECIPITATION DATA] SYMBOLS USED IN COLUMN 16
AVERAGE MONTHLY: 78.3 TOTAL FOR MONTH: 2.63 1 = FOG OR MIST
DPTR FM NORMAL: -0.6 DPTR FM NORMAL: 1.75 2 = FOG REDUCING VISIBILITY
HIGHEST: 100 ON 15,14 GRTST 24HR 1.48 ON 31- 1 TO 1/4 MILE OR LESS
LOWEST: 56 ON 21 3 = THUNDER
SNOW, ICE PELLETS, HAIL 4 = ICE PELLETS
TOTAL MONTH: M 5 = HAIL
GRTST 24HR M ON M 6 = FREEZING RAIN OR DRIZZLE
GRTST DEPTH: M ON M 7 = DUSTSTORM OR SANDSTORM:
VSBY 1/2 MILE OR LESS
8 = SMOKE OR HAZE
[NO. OF DAYS WITH] [WEATHER - DAYS WITH] 9 = BLOWING SNOW
X = TORNADO
MAX 32 OR BELOW: 0 0.01 INCH OR MORE: 9
MAX 90 OR ABOVE: 21 0.10 INCH OR MORE: 5
MIN 32 OR BELOW: 0 0.50 INCH OR MORE: 2
MIN 0 OR BELOW: 0 1.00 INCH OR MORE: 1
[HDD (BASE 65) ]
TOTAL THIS MO. 0 CLEAR (SCALE 0-3) 19
DPTR FM NORMAL 0 PTCLDY (SCALE 4-7) 4
TOTAL FM JUL 1 0 CLOUDY (SCALE 8-10) 7
DPTR FM NORMAL 0
[CDD (BASE 65) ]
TOTAL THIS MO. 405
DPTR FM NORMAL -11 [PRESSURE DATA]
TOTAL FM JAN 1 2783 HIGHEST SLP M ON M
DPTR FM NORMAL 204 LOWEST SLP 29.65 ON 1
[REMARKS]
#FINAL-09-21#