000
CXUS54 KEWX 020943
CF6SAT
PRELIMINARY LOCAL CLIMATOLOGICAL DATA (WS FORM: F-6)
STATION: SAN ANTONIO
MONTH: NOVEMBER
YEAR: 2021
LATITUDE: 29 31 N
LONGITUDE: 98 28 W
TEMPERATURE IN F: :PCPN: SNOW: WIND :SUNSHINE: SKY :PK WND
================================================================================
1 2 3 4 5 6A 6B 7 8 9 10 11 12 13 14 15 16 17 18
12Z AVG MX 2MIN
DY MAX MIN AVG DEP HDD CDD WTR SNW DPTH SPD SPD DIR MIN PSBL S-S WX SPD DR
================================================================================
1 79 55 67 1 0 2 0.00 0.0 0 5.3 14 130 M M 3 18 120
2 79 62 71 6 0 6 0.00 0.0 0 6.7 15 140 M M 7 20 140
3 69 50 60 -5 5 0 0.43 0.0 0 10.1 20 10 M M 10 13 27 20
4 56 46 51 -14 14 0 T 0.0 0 9.4 17 10 M M 9 3 27 30
5 64 42 53 -11 12 0 0.00 0.0 0 3.4 8 130 M M 3 13 20
6 70 42 56 -8 9 0 0.00 0.0 0 2.3 8 130 M M 0 10 140
7 73 44 59 -5 6 0 0.00 0.0 0 3.9 10 170 M M 1 14 160
8 78 49 64 1 1 0 0.00 0.0 0 5.6 15 140 M M 3 21 140
9 76 55 66 3 0 1 0.00 0.0 0 4.2 13 120 M M 6 1 17 140
10 81 64 73 11 0 8 0.00 0.0 0 10.4 21 170 M M 7 29 170
11 77 51 64 2 1 0 0.00 0.0 0 7.7 18 20 M M 2 24 10
12 80 46 63 1 2 0 0.00 0.0 0 5.7 17 10 M M 2 26 20
13 71 44 58 -3 7 0 0.00 0.0 0 5.3 10 160 M M 5 17 10
14 79 47 63 2 2 0 0.00 0.0 0 5.7 15 210 M M 1 24 220
15 80 54 67 6 0 2 0.00 0.0 0 6.8 16 160 M M 3 24 170
16 81 64 73 13 0 8 0.00 0.0 0 10.6 20 150 M M 5 26 150
17 82 63 73 13 0 8 0.00 0.0 0 7.5 18 180 M M 4 26 210
18 70 54 62 2 3 0 0.00 0.0 0 14.3 24 360 M M 8 35 10
19 67 48 58 -2 7 0 0.00 0.0 0 4.9 12 50 M M 4 16 50
20 70 46 58 -1 7 0 0.00 0.0 0 4.6 12 170 M M 6 12 17 220
21 76 60 68 9 0 3 0.00 0.0 0 7.7 22 10 M M 9 31 10
22 71 45 58 -1 7 0 0.00 0.0 0 8.1 18 360 M M 7 29 360
23 71 38 55 -3 10 0 0.00 0.0 0 6.8 14 170 M M 5 20 170
24 76 53 65 7 0 0 T 0.0 0 7.7 20 170 M M 8 26 160
25 71 52 62 4 3 0 0.45 0.0 0 10.7 24 360 M M 9 13 35 360
26 59 47 53 -5 12 0 0.00 0.0 0 6.5 16 360 M M 9 26 350
27 53 45 49 -8 16 0 0.39 0.0 0 3.6 13 270 M M 10 1 17 250
28 71 43 57 0 8 0 0.00 0.0 0 6.1 15 360 M M 4 1 23 360
29 70 40 55 -2 10 0 0.00 0.0 0 4.9 12 180 M M 3 16 190
30 73 44 59 3 6 0 0.00 0.0 0 5.8 13 170 M M 5 18 160
================================================================================
SM 2173 1493 148 38 1.27 0.0 202.3 M 158
================================================================================
AV 72.4 49.8 6.7 FASTST M M 5 MAX(MPH)
MISC ----> # 24 360 # 35 10
================================================================================
NOTES:
# LAST OF SEVERAL OCCURRENCES
COLUMN 17 PEAK WIND IN M.P.H.
PRELIMINARY LOCAL CLIMATOLOGICAL DATA (WS FORM: F-6) , PAGE 2
STATION: SAN ANTONIO
MONTH: NOVEMBER
YEAR: 2021
LATITUDE: 29 31 N
LONGITUDE: 98 28 W
[TEMPERATURE DATA] [PRECIPITATION DATA] SYMBOLS USED IN COLUMN 16
AVERAGE MONTHLY: 61.1 TOTAL FOR MONTH: 1.27 1 = FOG OR MIST
DPTR FM NORMAL: 0.4 DPTR FM NORMAL: -0.81 2 = FOG REDUCING VISIBILITY
HIGHEST: 82 ON 17 GRTST 24HR 0.45 ON 24-25 TO 1/4 MILE OR LESS
LOWEST: 38 ON 23 3 = THUNDER
SNOW, ICE PELLETS, HAIL 4 = ICE PELLETS
TOTAL MONTH: 0.0 INCH 5 = HAIL
GRTST 24HR 0.0 6 = FREEZING RAIN OR DRIZZLE
GRTST DEPTH: 0 7 = DUSTSTORM OR SANDSTORM:
VSBY 1/2 MILE OR LESS
8 = SMOKE OR HAZE
[NO. OF DAYS WITH] [WEATHER - DAYS WITH] 9 = BLOWING SNOW
X = TORNADO
MAX 32 OR BELOW: 0 0.01 INCH OR MORE: 3
MAX 90 OR ABOVE: 0 0.10 INCH OR MORE: 3
MIN 32 OR BELOW: 0 0.50 INCH OR MORE: 0
MIN 0 OR BELOW: 0 1.00 INCH OR MORE: 0
[HDD (BASE 65) ]
TOTAL THIS MO. 148 CLEAR (SCALE 0-3) 9
DPTR FM NORMAL -38 PTCLDY (SCALE 4-7) 15
TOTAL FM JUL 1 160 CLOUDY (SCALE 8-10) 6
DPTR FM NORMAL -60
[CDD (BASE 65) ]
TOTAL THIS MO. 38
DPTR FM NORMAL -20 [PRESSURE DATA]
TOTAL FM JAN 1 3179 HIGHEST SLP 30.42 ON 19
DPTR FM NORMAL 47 LOWEST SLP 29.77 ON 10
[REMARKS]
#FINAL-11-21#