533
CXUS52 KCHS 031432
CF6SAV
PRELIMINARY LOCAL CLIMATOLOGICAL DATA (WS FORM: F-6)
STATION: SAVANNAH GA
MONTH: AUGUST
YEAR: 2020
LATITUDE: 32 7 N
LONGITUDE: 81 12 W
TEMPERATURE IN F: :PCPN: SNOW: WIND :SUNSHINE: SKY :PK WND
================================================================================
1 2 3 4 5 6A 6B 7 8 9 10 11 12 13 14 15 16 17 18
12Z AVG MX 2MIN
DY MAX MIN AVG DEP HDD CDD WTR SNW DPTH SPD SPD DIR MIN PSBL S-S WX SPD DR
================================================================================
1 97 79 88 6 0 23 0.00 0.0 0 7.9 16 170 M M 4 24 240
2 94 78 86 4 0 21 0.00 0.0 0 6.7 20 110 M M 3 1 25 120
3 91 74 83 1 0 18 0.14 0.0 0 9.2 29 300 M M 7 1 36 290
4 93 73 83 1 0 18 0.16 0.0 0 4.6 26 240 M M 7 3 35 250
5 93 78 86 4 0 21 T 0.0 0 5.1 16 150 M M 5 1 20 180
6 96 71 84 2 0 19 0.97 0.0 0 6.1 30 300 M M 5 13 41 280
7 93 73 83 1 0 18 T 0.0 0 4.2 18 150 M M 5 3 22 130
8 93 74 84 2 0 19 T 0.0 0 3.5 13 290 M M 7 13 16 290
9 93 74 84 2 0 19 0.06 0.0 0 3.1 15 240 M M 5 3 20 240
10 94 73 84 2 0 19 0.00 0.0 0 4.6 24 210 M M 5 13 30 210
11 93 74 84 2 0 19 T 0.0 0 5.4 18 150 M M 6 8 21 140
12 94 75 85 3 0 20 0.60 0.0 0 5.5 26 260 M M 6 13 31 260
13 94 76 85 3 0 20 0.01 0.0 0 5.5 16 210 M M 6 3 21 210
14 94 77 86 4 0 21 0.02 0.0 0 7.6 21 260 M M 5 38 25 250
15 91 77 84 2 0 19 0.00 0.0 0 9.1 20 190 M M 5 3 23 210
16 94 76 85 3 0 20 0.00 0.0 0 5.8 13 330 M M 4 17 350
17 93 75 84 2 0 19 0.00 0.0 0 5.7 13 150 M M 4 16 30
18 93 74 84 3 0 19 T 0.0 0 4.2 24 340 M M 4 3 29 340
19 92 70 81 0 0 16 0.13 0.0 0 3.8 23 130 M M 5 3 28 120
20 90 72 81 0 0 16 0.00 0.0 0 4.6 15 110 M M 5 13 18 110
21 89 76 83 2 0 18 T 0.0 0 6.7 17 230 M M 6 21 230
22 83 74 79 -2 0 14 0.01 0.0 0 2.4 9 140 M M 7 10 140
23 85 72 79 -2 0 14 0.83 0.0 0 6.1 28 180 M M 7 13 32 180
24 91 77 84 3 0 19 0.43 0.0 0 6.8 16 120 M M 8 13 21 140
25 94 78 86 5 0 21 T 0.0 0 5.1 17 30 M M 8 13 21 30
26 97 75 86 5 0 21 T 0.0 0 3.5 17 50 M M 6 3 21 350
27 94 74 84 3 0 19 0.00 0.0 0 4.6 16 150 M M 5 19 160
28 95 79 87 7 0 22 0.00 0.0 0 6.2 13 230 M M 5 19 230
29 92 79 86 6 0 21 T 0.0 0 11.3 21 240 M M 5 25 240
30 95 75 85 5 0 20 1.63 0.0 0 6.3 15 210 M M 6 13 23 70
31 92 75 84 4 0 19 0.00 0.0 0 5.6 17 180 M M 5 1 22 180
================================================================================
SM 2872 2327 0 592 4.99 0.0 176.8 M 171
================================================================================
AV 92.6 75.1 5.7 FASTST M M 6 MAX(MPH)
MISC ----> 30 300 41 280
================================================================================
NOTES:
# LAST OF SEVERAL OCCURRENCES
COLUMN 17 PEAK WIND IN M.P.H.
PRELIMINARY LOCAL CLIMATOLOGICAL DATA (WS FORM: F-6) , PAGE 2
STATION: SAVANNAH GA
MONTH: AUGUST
YEAR: 2020
LATITUDE: 32 7 N
LONGITUDE: 81 12 W
[TEMPERATURE DATA] [PRECIPITATION DATA] SYMBOLS USED IN COLUMN 16
AVERAGE MONTHLY: 83.9 TOTAL FOR MONTH: 4.99 1 = FOG OR MIST
DPTR FM NORMAL: 2.4 DPTR FM NORMAL: -1.57 2 = FOG REDUCING VISIBILITY
HIGHEST: 97 ON 26, 1 GRTST 24HR 1.63 ON 30-30 TO 1/4 MILE OR LESS
LOWEST: 70 ON 19 3 = THUNDER
SNOW, ICE PELLETS, HAIL 4 = ICE PELLETS
TOTAL MONTH: 0.0 INCH 5 = HAIL
GRTST 24HR 0.0 6 = FREEZING RAIN OR DRIZZLE
GRTST DEPTH: 0 7 = DUSTSTORM OR SANDSTORM:
VSBY 1/2 MILE OR LESS
8 = SMOKE OR HAZE
[NO. OF DAYS WITH] [WEATHER - DAYS WITH] 9 = BLOWING SNOW
X = TORNADO
MAX 32 OR BELOW: 0 0.01 INCH OR MORE: 12
MAX 90 OR ABOVE: 28 0.10 INCH OR MORE: 8
MIN 32 OR BELOW: 0 0.50 INCH OR MORE: 4
MIN 0 OR BELOW: 0 1.00 INCH OR MORE: 1
[HDD (BASE 65) ]
TOTAL THIS MO. 0 CLEAR (SCALE 0-3) 1
DPTR FM NORMAL 0 PTCLDY (SCALE 4-7) 29
TOTAL FM JUL 1 0 CLOUDY (SCALE 8-10) 1
DPTR FM NORMAL 0
[CDD (BASE 65) ]
TOTAL THIS MO. 592
DPTR FM NORMAL 80 [PRESSURE DATA]
TOTAL FM JAN 1 2369 HIGHEST SLP 30.17 ON 9
DPTR FM NORMAL 462 LOWEST SLP 29.79 ON 30
[REMARKS]
#FINAL-08-20#