000
CXUS52 KCHS 022029
CF6SAV
PRELIMINARY LOCAL CLIMATOLOGICAL DATA (WS FORM: F-6)
STATION: SAVANNAH GA
MONTH: APRIL
YEAR: 2020
LATITUDE: 32 7 N
LONGITUDE: 81 12 W
TEMPERATURE IN F: :PCPN: SNOW: WIND :SUNSHINE: SKY :PK WND
================================================================================
1 2 3 4 5 6A 6B 7 8 9 10 11 12 13 14 15 16 17 18
12Z AVG MX 2MIN
DY MAX MIN AVG DEP HDD CDD WTR SNW DPTH SPD SPD DIR MIN PSBL S-S WX SPD DR
================================================================================
1 68 53 61 -1 4 0 0.00 0.0 0 9.2 25 320 M M 8 33 320
2 72 49 61 -2 4 0 0.00 0.0 0 5.9 15 270 M M 4 20 270
3 80 46 63 0 2 0 0.00 0.0 0 3.9 15 290 M M 3 1 22 280
4 79 53 66 3 0 1 0.00 0.0 0 6.2 15 110 M M 4 23 120
5 78 58 68 5 0 3 0.00 0.0 0 6.4 18 110 M M 5 12 22 110
6 84 53 69 5 0 4 0.00 0.0 0 6.2 18 170 M M 3 1 22 170
7 87 65 76 12 0 11 0.00 0.0 0 8.0 16 270 M M 7 20 270
8 86 65 76 12 0 11 0.03 0.0 0 8.8 20 290 M M 8 25 260
9 90 68 79 15 0 14 0.06 0.0 0 11.5 24 280 M M 5 1 31 270
10 74 47 61 -3 4 0 T 0.0 0 9.2 25 330 M M 4 31 310
11 76 42 59 -5 6 0 0.00 0.0 0 5.5 16 170 M M 2 21 150
12 78 58 68 3 0 3 0.02 0.0 0 14.9 31 180 M M 8 42 170
13 85 67 76 11 0 11 1.48 0.0 M 11.7 36 180 M M 8 13 43 180
14 85 60 73 8 0 8 0.00 0.0 0 5.4 14 220 M M 5 19 220
15 74 52 63 -2 2 0 0.19 0.0 0 9.1 22 270 M M 9 13 27 270
16 73 51 62 -4 3 0 0.00 0.0 0 6.4 16 60 M M 2 22 30
17 78 47 63 -3 2 0 0.00 0.0 0 6.9 20 170 M M 5 1 24 180
18 85 65 75 9 0 10 0.00 0.0 0 10.4 24 290 M M 6 32 280
19 76 58 67 1 0 2 2.13 0.0 0 4.8 25 300 M M 7 13 31 300
20 80 62 71 5 0 6 1.28 0.0 0 10.2 24 290 M M 8 13 36 290
21 84 55 70 3 0 5 T 0.0 0 8.0 23 270 M M 2 28 270
22 76 53 65 -2 0 0 0.00 0.0 0 8.1 17 120 M M 4 8 22 100
23 78 62 70 3 0 5 3.23 0.0 0 10.7 26 350 M M 8 13 33 160
24 83 63 73 5 0 8 0.31 0.0 0 8.7 21 270 M M 7 26 270
25 84 59 72 4 0 7 0.00 0.0 0 7.5 20 170 M M 2 24 170
26 82 62 72 4 0 7 0.00 0.0 0 12.6 25 270 M M 3 31 300
27 78 54 66 -2 0 1 0.00 0.0 0 8.1 21 330 M M 1 27 310
28 81 52 67 -1 0 2 0.00 0.0 0 6.8 20 170 M M 3 25 160
29 83 63 73 4 0 8 0.00 0.0 0 16.4 30 160 M M 5 39 170
30 79 56 68 -1 0 3 0.07 0.0 0 13.2 24 280 M M 6 1 34 280
================================================================================
SM 2396 1698 27 130 8.80 0.0 260.7 M 152
================================================================================
AV 79.9 56.6 8.7 FASTST M M 5 MAX(MPH)
MISC ----> # 36 180 # 43 180
================================================================================
NOTES:
# LAST OF SEVERAL OCCURRENCES
COLUMN 17 PEAK WIND IN M.P.H.
PRELIMINARY LOCAL CLIMATOLOGICAL DATA (WS FORM: F-6) , PAGE 2
STATION: SAVANNAH GA
MONTH: APRIL
YEAR: 2020
LATITUDE: 32 7 N
LONGITUDE: 81 12 W
[TEMPERATURE DATA] [PRECIPITATION DATA] SYMBOLS USED IN COLUMN 16
AVERAGE MONTHLY: 68.2 TOTAL FOR MONTH: 8.80 1 = FOG OR MIST
DPTR FM NORMAL: 2.6 DPTR FM NORMAL: 5.73 2 = FOG REDUCING VISIBILITY
HIGHEST: 90 ON 9 GRTST 24HR 3.23 ON 23-23 TO 1/4 MILE OR LESS
LOWEST: 42 ON 11 3 = THUNDER
SNOW, ICE PELLETS, HAIL 4 = ICE PELLETS
TOTAL MONTH: 0.0 INCH 5 = HAIL
GRTST 24HR 0.0 6 = FREEZING RAIN OR DRIZZLE
GRTST DEPTH: 0 7 = DUSTSTORM OR SANDSTORM:
VSBY 1/2 MILE OR LESS
8 = SMOKE OR HAZE
[NO. OF DAYS WITH] [WEATHER - DAYS WITH] 9 = BLOWING SNOW
X = TORNADO
MAX 32 OR BELOW: 0 0.01 INCH OR MORE: 10
MAX 90 OR ABOVE: 1 0.10 INCH OR MORE: 6
MIN 32 OR BELOW: 0 0.50 INCH OR MORE: 4
MIN 0 OR BELOW: 0 1.00 INCH OR MORE: 4
[HDD (BASE 65) ]
TOTAL THIS MO. 27 CLEAR (SCALE 0-3) 9
DPTR FM NORMAL -49 PTCLDY (SCALE 4-7) 17
TOTAL FM JUL 1 1178 CLOUDY (SCALE 8-10) 4
DPTR FM NORMAL -625
[CDD (BASE 65) ]
TOTAL THIS MO. 130
DPTR FM NORMAL 36 [PRESSURE DATA]
TOTAL FM JAN 1 384 HIGHEST SLP 30.29 ON 17
DPTR FM NORMAL 248 LOWEST SLP 29.54 ON 20
[REMARKS]
FINAL 04-20P
#FINAL-04-20#