000
CXUS52 KCHS 010815
CF6SAV
PRELIMINARY LOCAL CLIMATOLOGICAL DATA (WS FORM: F-6)
STATION: SAVANNAH GA
MONTH: JULY
YEAR: 2023
LATITUDE: 32 7 N
LONGITUDE: 81 12 W
TEMPERATURE IN F: :PCPN: SNOW: WIND :SUNSHINE: SKY :PK WND
================================================================================
1 2 3 4 5 6A 6B 7 8 9 10 11 12 13 14 15 16 17 18
12Z AVG MX 2MIN
DY MAX MIN AVG DEP HDD CDD WTR SNW DPTH SPD SPD DIR MIN PSBL S-S WX SPD DR
================================================================================
1 93 75 84 2 0 19 0.00 0.0 0 5.3 15 170 M M 3 18 21 180
2 96 77 87 5 0 22 0.00 0.0 0 6.8 16 160 M M 4 20 140
3 93 77 85 3 0 20 0.00 0.0 0 4.9 14 160 M M 6 3 16 160
4 96 76 86 4 0 21 T 0.0 0 4.9 17 30 M M 5 3 21 30
5 95 75 85 2 0 20 0.39 0.0 0 4.9 26 290 M M 6 138 32 300
6 94 75 85 2 0 20 T 0.0 0 7.5 16 160 M M 4 3 19 170
7 97 77 87 4 0 22 T 0.0 0 6.5 20 130 M M 4 3 28 150
8 94 75 85 2 0 20 0.01 0.0 0 5.8 17 30 M M 5 3 22 30
9 95 76 86 3 0 21 0.00 0.0 0 10.3 22 280 M M 4 29 250
10 87 73 80 -3 0 15 0.77 0.0 0 8.1 21 260 M M 6 138 26 260
11 93 71 82 -1 0 17 T 0.0 0 4.5 14 160 M M 4 17 150
12 94 76 85 2 0 20 0.02 0.0 0 5.8 18 140 M M 4 3 21 140
13 94 77 86 3 0 21 T 0.0 0 5.8 21 130 M M 4 3 24 130
14 93 75 84 1 0 19 0.00 0.0 0 7.5 25 180 M M 4 3 32 210
15 93 78 86 3 0 21 T 0.0 0 8.3 15 140 M M 6 3 20 190
16 96 77 87 4 0 22 0.00 0.0 0 8.4 18 190 M M 4 24 190
17 95 75 85 2 0 20 T 0.0 0 5.2 17 120 M M 6 3 20 100
18 96 75 86 3 0 21 0.00 0.0 0 4.5 14 180 M M 1 8 15 180
19 97 78 88 5 0 23 0.00 0.0 0 6.8 15 240 M M 4 38 19 250
20 98 76 87 4 0 22 0.05 0.0 0 8.1 28 310 M M 3 138 38 330
21 99 74 87 4 0 22 0.05 0.0 0 9.7 33 300 M M 5 38 43 300
22 93 74 84 1 0 19 0.08 0.0 0 10.1 17 300 M M 5 3 23 300
23 91 72 82 -1 0 17 0.14 0.0 0 6.5 29 270 M M 5 138 38 270
24 93 74 84 1 0 19 0.00 0.0 0 6.1 23 100 M M 8 26 100
25 92 73 83 0 0 18 0.00 0.0 0 4.5 13 140 M M 6 15 140
26 95 76 86 3 0 21 0.00 0.0 0 4.5 16 130 M M 4 1 22 140
27 94 75 85 2 0 20 T 0.0 0 3.9 21 180 M M 6 13 28 180
28 86 75 81 -2 0 16 1.49 0.0 0 5.7 18 210 M M 7 13 26 210
29 86 76 81 -2 0 16 0.02 0.0 0 8.1 20 260 M M 8 138 26 250
30 95 73 84 1 0 19 0.04 0.0 0 6.5 25 310 M M 6 3 31 310
31 92 73 83 0 0 18 0.00 0.0 0 4.7 16 180 M M 5 20 180
================================================================================
SM 2905 2329 0 611 3.06 0.0 200.2 M 152
================================================================================
AV 93.7 75.1 6.5 FASTST M M 5 MAX(MPH)
MISC ----> 33 300 43 300
================================================================================
NOTES:
# LAST OF SEVERAL OCCURRENCES
COLUMN 17 PEAK WIND IN M.P.H.
PRELIMINARY LOCAL CLIMATOLOGICAL DATA (WS FORM: F-6) , PAGE 2
STATION: SAVANNAH GA
MONTH: JULY
YEAR: 2023
LATITUDE: 32 7 N
LONGITUDE: 81 12 W
[TEMPERATURE DATA] [PRECIPITATION DATA] SYMBOLS USED IN COLUMN 16
AVERAGE MONTHLY: 84.4 TOTAL FOR MONTH: 3.06 1 = FOG OR MIST
DPTR FM NORMAL: 1.4 DPTR FM NORMAL: -2.69 2 = FOG REDUCING VISIBILITY
HIGHEST: 99 ON 21 GRTST 24HR 1.49 ON 28-28 TO 1/4 MILE OR LESS
LOWEST: 71 ON 11 3 = THUNDER
SNOW, ICE PELLETS, HAIL 4 = ICE PELLETS
TOTAL MONTH: 0.0 INCH 5 = HAIL
GRTST 24HR 0.0 6 = FREEZING RAIN OR DRIZZLE
GRTST DEPTH: 0 7 = DUSTSTORM OR SANDSTORM:
VSBY 1/2 MILE OR LESS
8 = SMOKE OR HAZE
[NO. OF DAYS WITH] [WEATHER - DAYS WITH] 9 = BLOWING SNOW
X = TORNADO
MAX 32 OR BELOW: 0 0.01 INCH OR MORE: 11
MAX 90 OR ABOVE: 28 0.10 INCH OR MORE: 4
MIN 32 OR BELOW: 0 0.50 INCH OR MORE: 2
MIN 0 OR BELOW: 0 1.00 INCH OR MORE: 1
[HDD (BASE 65) ]
TOTAL THIS MO. 0 CLEAR (SCALE 0-3) 2
DPTR FM NORMAL 0 PTCLDY (SCALE 4-7) 29
TOTAL FM JUL 1 0 CLOUDY (SCALE 8-10) 0
DPTR FM NORMAL 0
[CDD (BASE 65) ]
TOTAL THIS MO. 611
DPTR FM NORMAL 53 [PRESSURE DATA]
TOTAL FM JAN 1 1570 HIGHEST SLP 30.15 ON 28
DPTR FM NORMAL 96 LOWEST SLP 29.79 ON 8
[REMARKS]
#FINAL-07-23#