000
CXUS52 KCHS 011503
CLMSAV
CLIMATE REPORT
NATIONAL WEATHER SERVICE CHARLESTON SC
1054 AM EDT SAT JUL 01 2023
...................................
...THE SAVANNAH GA CLIMATE SUMMARY FOR THE MONTH OF JUNE 2023...
CLIMATE NORMAL PERIOD 1991 TO 2020
CLIMATE RECORD PERIOD 1871 TO 2023
WEATHER OBSERVED NORMAL DEPART LAST YEAR`S
VALUE DATE(S) VALUE FROM VALUE DATE(S)
NORMAL
................................................................
TEMPERATURE (F)
RECORD
HIGH 104 06/02/1985
LOW 49 06/12/1913
HIGHEST 95 06/27 102 06/23
LOWEST 60 06/05 63 06/20
AVG. MAXIMUM 87.8 89.6 -1.8 91.5
AVG. MINIMUM 69.2 70.7 -1.5 71.0
MEAN 78.5 80.1 -1.6 81.2
DAYS MAX >= 90 11 16.5 -5.5 21
DAYS MAX <= 32 0 0.0 0.0 0
DAYS MIN <= 32 0 0.0 0.0 0
DAYS MIN <= 0 0 0.0 0.0 0
PRECIPITATION (INCHES)
RECORD
MAXIMUM 18.79 1876
MINIMUM 0.84 1954
TOTALS 6.85 6.65 0.20 3.06
DAYS >= .01 14 12.3 1.7 11
DAYS >= .10 11 8.5 2.5 6
DAYS >= .50 4 3.7 0.3 4
DAYS >= 1.00 3 2.0 1.0 0
GREATEST
24 HR. TOTAL 1.70 06/11
DEGREE DAYS
HEATING TOTAL 0 0 0 0
SINCE 7/1 1211 1675 -464
COOLING TOTAL 412 455 -43 494
SINCE 1/1 959 916 43
................................................................
WIND (MPH)
AVERAGE WIND SPEED 7.4
HIGHEST WIND SPEED/DIRECTION 40/340
HIGHEST GUST SPEED/DIRECTION 50/340
WEATHER CONDITIONS. NUMBER OF DAYS WITH
THUNDERSTORM 17 MIXED PRECIP 0
HEAVY RAIN 5 RAIN 9
LIGHT RAIN 14 FREEZING RAIN 0
LT FREEZING RAIN 0 HAIL 0
HEAVY SNOW 0 SNOW 0
LIGHT SNOW 0 SLEET 0
FOG 17 FOG W/VIS <= 1/4 MILE 1
HAZE 8
- INDICATES NEGATIVE NUMBERS.
R INDICATES RECORD WAS SET OR TIED.
MM INDICATES DATA IS MISSING.
T INDICATES TRACE AMOUNT.
$$