000
CXUS53 KIWX 010910
CF6SBN
PRELIMINARY LOCAL CLIMATOLOGICAL DATA (WS FORM: F-6)
STATION: SOUTH BEND
MONTH: NOVEMBER
YEAR: 2022
LATITUDE: 41 42 N
LONGITUDE: 86 19 W
TEMPERATURE IN F: :PCPN: SNOW: WIND :SUNSHINE: SKY :PK WND
================================================================================
1 2 3 4 5 6A 6B 7 8 9 10 11 12 13 14 15 16 17 18
12Z AVG MX 2MIN
DY MAX MIN AVG DEP HDD CDD WTR SNW DPTH SPD SPD DIR MIN PSBL S-S WX SPD DR
================================================================================
1 68 44 56 10 9 0 0.00 0.0 0 4.3 12 280 M M 5 128 15 260
2 69 39 54 9 11 0 0.00 0.0 0 4.4 12 200 M M 0 18 18 170
3 72 48 60 15 5 0 0.00 0.0 0 9.8 21 170 M M 0 1 28 170
4 74 59 67 23 0 2 T 0.0 0 13.8 28 180 M M 4 39 170
5 69 45 57 13 8 0 0.13 0.0 0 21.0 47 210 M M 5 1 66 200
6 65 42 54 10 11 0 0.00 0.0 0 10.8 25 220 M M 0 37 210
7 53 39 46 3 19 0 0.00 0.0 0 9.0 17 350 M M 0 22 330
8 56 38 47 4 18 0 0.00 0.0 0 11.8 20 120 M M 0 28 120
9 68 43 56 14 9 0 0.00 0.0 0 8.6 15 120 M M 4 20 180
10 75 55 65 23 0 0 0.00 0.0 0 10.1 22 200 M M 0 28 190
11 59 36 48 6 17 0 0.00 0.0 0 10.5 22 320 M M 6 1 29 330
12 38 32 35 -6 30 0 0.38 1.0 0 9.8 18 320 M M 10 18 23 320
13 37 31 34 -7 31 0 0.50 6.5 7 5.0 13 290 M M 10 12 17 250
14 39 28 34 -6 31 0 0.00 0.0 3 5.2 14 130 M M 7 17 110
15 38 31 35 -5 30 0 0.05 T 2 6.0 16 110 M M 9 18 22 110
16 35 32 34 -6 31 0 0.26 2.6 0 11.3 18 240 M M 10 12 26 250
17 33 29 31 -8 34 0 0.37 4.0 6 14.4 23 250 M M 10 18 31 230
18 30 20 25 -14 40 0 0.17 6.5 7 16.0 26 260 M M 10 128 32 260
19 26 18 22 -16 43 0 0.47 4.6 7 18.0 29 270 M M 9 128 38 300
20 27 12 20 -18 45 0 0.35 5.0 15 12.2 21 210 M M 4 128 28 210
21 44 24 34 -4 31 0 0.00 0.0 12 11.8 24 230 M M 0 35 230
22 48 21 35 -2 30 0 0.00 0.0 5 5.3 14 240 M M 0 17 210
23 56 31 44 7 21 0 0.00 0.0 2 4.9 16 210 M M 0 19 210
24 54 29 42 6 23 0 0.06 0.0 T 5.8 13 240 M M 5 18 17 240
25 51 32 42 6 23 0 0.00 0.0 0 7.7 18 330 M M 5 18 24 320
26 54 32 43 7 22 0 0.00 0.0 0 8.8 20 220 M M 0 8 27 200
27 44 39 42 7 23 0 0.60 0.0 0 10.2 20 340 M M 9 1 27 360
28 46 36 41 6 24 0 0.00 0.0 0 5.0 13 200 M M 9 18 220
29 58 40 49 15 16 0 0.07 0.0 0 15.6 28 150 M M 8 18 43 170
30 56 26 41 7 24 0 0.00 0.0 0 19.5 29 260 M M 9 40 260
================================================================================
SM 1542 1031 659 2 3.41 30.2 306.6 M 148
================================================================================
AV 51.4 34.4 10.2 FASTST M M 5 MAX(MPH)
MISC ----> 47 210 66 200
================================================================================
NOTES:
# LAST OF SEVERAL OCCURRENCES
COLUMN 17 PEAK WIND IN M.P.H.
PRELIMINARY LOCAL CLIMATOLOGICAL DATA (WS FORM: F-6) , PAGE 2
STATION: SOUTH BEND
MONTH: NOVEMBER
YEAR: 2022
LATITUDE: 41 42 N
LONGITUDE: 86 19 W
[TEMPERATURE DATA] [PRECIPITATION DATA] SYMBOLS USED IN COLUMN 16
AVERAGE MONTHLY: 42.9 TOTAL FOR MONTH: 3.41 1 = FOG OR MIST
DPTR FM NORMAL: 3.1 DPTR FM NORMAL: 0.63 2 = FOG REDUCING VISIBILITY
HIGHEST: 75 ON 10 GRTST 24HR 0.62 ON 12-13 TO 1/4 MILE OR LESS
LOWEST: 12 ON 20 3 = THUNDER
SNOW, ICE PELLETS, HAIL 4 = ICE PELLETS
TOTAL MONTH: 30.2 INCHES 5 = HAIL
GRTST 24HR 6.5 ON 13-13 6 = FREEZING RAIN OR DRIZZLE
GRTST DEPTH: 15 ON 20 7 = DUSTSTORM OR SANDSTORM:
VSBY 1/2 MILE OR LESS
8 = SMOKE OR HAZE
[NO. OF DAYS WITH] [WEATHER - DAYS WITH] 9 = BLOWING SNOW
X = TORNADO
MAX 32 OR BELOW: 3 0.01 INCH OR MORE: 12
MAX 90 OR ABOVE: 0 0.10 INCH OR MORE: 9
MIN 32 OR BELOW: 16 0.50 INCH OR MORE: 2
MIN 0 OR BELOW: 0 1.00 INCH OR MORE: 0
[HDD (BASE 65) ]
TOTAL THIS MO. 659 CLEAR (SCALE 0-3) 10
DPTR FM NORMAL -99 PTCLDY (SCALE 4-7) 9
TOTAL FM JUL 1 1131 CLOUDY (SCALE 8-10) 11
DPTR FM NORMAL -178
[CDD (BASE 65) ]
TOTAL THIS MO. 2
DPTR FM NORMAL 2 [PRESSURE DATA]
TOTAL FM JAN 1 1003 HIGHEST SLP 30.69 ON 8
DPTR FM NORMAL 280 LOWEST SLP 29.39 ON 27
[REMARKS]
#FINAL-11-22#