000
CXUS51 KAKQ 010710
CF6SBY
PRELIMINARY LOCAL CLIMATOLOGICAL DATA (WS FORM: F-6)
STATION: SALISBURY MD
MONTH: APRIL
YEAR: 2021
LATITUDE: 38 20 N
LONGITUDE: 75 30 W
TEMPERATURE IN F: :PCPN: SNOW: WIND :SUNSHINE: SKY :PK WND
================================================================================
1 2 3 4 5 6A 6B 7 8 9 10 11 12 13 14 15 16 17 18
12Z AVG MX 2MIN
DY MAX MIN AVG DEP HDD CDD WTR SNW DPTH SPD SPD DIR MIN PSBL S-S WX SPD DR
================================================================================
1 59 37 48 -2 17 0 0.03 0.0 0 15.5 35 320 M M 9 42 320
2 44 28 36 -14 29 0 T T 0 12.1 28 330 M M 6 34 330
3 52 25 39 -11 26 0 0.00 0.0 0 5.9 16 340 M M 1 23 330
4 69 40 55 4 10 0 0.00 0.0 0 5.9 23 330 M M 4 29 270
5 70 40 55 4 10 0 0.00 0.0 0 8.0 22 320 M M 0 28 330
6 72 50 61 10 4 0 0.00 0.0 0 5.0 16 320 M M 4 21 320
7 77 45 61 9 4 0 0.00 0.0 0 5.1 16 80 M M 1 21 120
8 67 45 56 4 9 0 0.00 0.0 0 8.2 18 110 M M 1 23 90
9 61 49 55 3 10 0 0.07 0.0 0 8.2 15 120 M M 9 1 20 260
10 78 51 65 13 0 0 0.00 0.0 0 3.8 14 120 M M 4 12 17 130
11 80 59 70 17 0 5 0.18 0.0 0 7.4 17 240 M M 2 1 22 230
12 60 48 54 1 11 0 0.00 0.0 0 11.0 21 10 M M 10 1 M M
13 64 43 54 1 11 0 0.00 0.0 0 6.6 12 330 M M 6 17 330
14 68 38 53 -1 12 0 0.24 0.0 0 5.0 14 270 M M 5 1 17 260
15 69 49 59 5 6 0 0.11 0.0 0 9.5 25 320 M M 9 12 33 330
16 62 43 53 -1 12 0 0.00 0.0 0 11.0 25 270 M M 2 33 300
17 63 37 50 -4 15 0 0.00 0.0 0 6.3 16 310 M M 3 1 22 320
18 68 41 55 0 10 0 0.00 0.0 0 4.8 17 270 M M 3 23 270
19 63 41 52 -3 13 0 0.56 0.0 0 3.9 14 320 M M 7 12 20 330
20 73 38 56 1 9 0 0.00 0.0 0 8.2 21 200 M M 1 1 26 190
21 75 41 58 2 7 0 0.53 0.0 0 13.5 28 330 M M 2 3 37 320
22 53 36 45 -11 20 0 0.00 0.0 0 12.2 25 290 M M 3 39 260
23 60 32 46 -10 19 0 0.00 0.0 0 8.2 20 250 M M 0 28 240
24 68 37 53 -3 12 0 0.38 0.0 0 5.8 21 190 M M 3 1 26 190
25 65 51 58 1 7 0 0.51 0.0 0 9.4 23 310 M M 7 1 31 330
26 64 43 54 -3 11 0 0.00 0.0 0 9.5 21 330 M M 0 27 340
27 82 41 62 5 3 0 0.00 0.0 0 8.8 20 260 M M 0 26 270
28 86 64 75 17 0 10 0.00 0.0 0 9.4 17 210 M M 0 21 200
29 84 67 76 18 0 11 0.00 0.0 0 12.3 23 230 M M 2 33 240
30 77 52 65 7 0 0 0.06 0.0 0 17.5 32 320 M M 4 43 330
================================================================================
SM 2033 1311 297 26 2.67 T 258.0 M 108
================================================================================
AV 67.8 43.7 8.6 FASTST M M 4 MAX(MPH)
MISC ----> 35 320 43 330
================================================================================
NOTES:
# LAST OF SEVERAL OCCURRENCES
COLUMN 17 PEAK WIND IN M.P.H.
PRELIMINARY LOCAL CLIMATOLOGICAL DATA (WS FORM: F-6) , PAGE 2
STATION: SALISBURY MD
MONTH: APRIL
YEAR: 2021
LATITUDE: 38 20 N
LONGITUDE: 75 30 W
[TEMPERATURE DATA] [PRECIPITATION DATA] SYMBOLS USED IN COLUMN 16
AVERAGE MONTHLY: 55.7 TOTAL FOR MONTH: 2.67 1 = FOG OR MIST
DPTR FM NORMAL: 1.7 DPTR FM NORMAL: -0.88 2 = FOG REDUCING VISIBILITY
HIGHEST: 86 ON 28 GRTST 24HR 0.89 ON 24-25 TO 1/4 MILE OR LESS
LOWEST: 25 ON 3 3 = THUNDER
SNOW, ICE PELLETS, HAIL 4 = ICE PELLETS
TOTAL MONTH: T 5 = HAIL
GRTST 24HR T ON 2- 2 6 = FREEZING RAIN OR DRIZZLE
GRTST DEPTH: 0 7 = DUSTSTORM OR SANDSTORM:
VSBY 1/2 MILE OR LESS
8 = SMOKE OR HAZE
[NO. OF DAYS WITH] [WEATHER - DAYS WITH] 9 = BLOWING SNOW
X = TORNADO
MAX 32 OR BELOW: 0 0.01 INCH OR MORE: 10
MAX 90 OR ABOVE: 0 0.10 INCH OR MORE: 7
MIN 32 OR BELOW: 3 0.50 INCH OR MORE: 3
MIN 0 OR BELOW: 0 1.00 INCH OR MORE: 0
[HDD (BASE 65) ]
TOTAL THIS MO. 297 CLEAR (SCALE 0-3) 16
DPTR FM NORMAL -48 PTCLDY (SCALE 4-7) 10
TOTAL FM JUL 1 3631 CLOUDY (SCALE 8-10) 4
DPTR FM NORMAL -650
[CDD (BASE 65) ]
TOTAL THIS MO. 26
DPTR FM NORMAL 11 [PRESSURE DATA]
TOTAL FM JAN 1 34 HIGHEST SLP M ON M
DPTR FM NORMAL 17 LOWEST SLP 29.46 ON 11
[REMARKS]
#FINAL-04-21#