000
CXUS51 KAKQ 090357
CF6SBY
PRELIMINARY LOCAL CLIMATOLOGICAL DATA (WS FORM: F-6)
STATION: SALISBURY MD
MONTH: JANUARY
YEAR: 2021
LATITUDE: 38 20 N
LONGITUDE: 75 30 W
TEMPERATURE IN F: :PCPN: SNOW: WIND :SUNSHINE: SKY :PK WND
================================================================================
1 2 3 4 5 6A 6B 7 8 9 10 11 12 13 14 15 16 17 18
12Z AVG MX 2MIN
DY MAX MIN AVG DEP HDD CDD WTR SNW DPTH SPD SPD DIR MIN PSBL S-S WX SPD DR
================================================================================
1 52 39 46 10 19 0 0.96 0.0 0 7.3 15 100 M M 9 1 20 50
2 56 42 49 13 16 0 T 0.0 0 8.4 22 320 M M 5 1 29 260
3 51 40 46 10 19 0 0.80 0.0 0 7.8 18 330 M M 8 1 23 330
4 42 38 40 4 25 0 0.00 0.0 0 5.5 14 320 M M 10 18 18 320
5 45 39 42 6 23 0 T 0.0 0 3.8 12 340 M M 10 18 14 340
6 43 35 39 3 26 0 0.00 0.0 0 12.6 24 310 M M 10 30 300
7 44 27 36 1 29 0 0.00 0.0 0 5.7 16 320 M M 0 20 330
8 41 28 35 0 30 0 0.00 0.0 0 5.1 10 340 M M 3 14 10
9 42 28 35 0 30 0 0.00 0.0 0 11.0 21 340 M M 1 26 340
10 48 26 37 2 28 0 0.00 0.0 0 4.8 16 330 M M 0 20 330
11 47 22 35 0 30 0 0.00 0.0 0 2.6 9 210 M M 5 12 12 230
12 49 26 38 3 27 0 0.00 0.0 0 2.6 12 320 M M 1 128 16 330
13 53 24 39 4 26 0 0.00 0.0 0 3.2 14 200 M M 1 128 17 210
14 54 27 41 6 24 0 0.00 0.0 0 1.9 10 280 M M 1 12 14 280
15 57 26 42 7 23 0 0.09 0.0 0 5.4 20 140 M M 1 12 26 160
16 48 37 43 8 22 0 0.20 0.0 0 8.5 20 270 M M 8 1 27 270
17 48 32 40 5 25 0 0.00 0.0 0 8.9 21 260 M M 4 26 260
18 46 31 39 4 26 0 0.00 0.0 0 8.2 22 270 M M 5 28 250
19 50 25 38 3 27 0 0.00 0.0 0 5.6 21 250 M M 0 27 250
20 47 25 36 1 29 0 0.00 0.0 0 8.0 29 310 M M 3 40 290
21 51 20 36 1 29 0 0.00 0.0 0 4.5 17 230 M M 2 22 220
22 52 27 40 5 25 0 0.00 0.0 0 6.8 17 320 M M 0 22 280
23 37 23 30 -5 35 0 0.00 0.0 0 11.9 20 340 M M 0 31 330
24 37 23 30 -5 35 0 0.00 0.0 0 7.8 13 310 M M 1 29 320
25 42 23 33 -2 32 0 0.23 0.0 0 5.2 12 70 M M 5 12 70
26 47 31 39 3 26 0 0.00 0.0 0 4.4 12 280 M M 7 1 16 270
27 45 34 40 4 25 0 0.00 0.0 0 9.5 18 350 M M 7 1 18 350
28 36 26 31 -5 34 0 0.01 0.3 T 16.4 30 320 M M 2 18 39 330
29 34 25 30 -6 35 0 0.00 0.0 0 15.5 30 320 M M 2 38 320
30 38 23 31 -5 34 0 0.00 0.0 0 4.1 15 340 M M 1 19 330
31 43 27 35 -1 30 0 0.56 3.5 0 8.1 20 80 M M 8 1 24 80
================================================================================
SM 1425 899 844 0 2.85 3.8 221.1 M 120
================================================================================
AV 46.0 29.0 7.1 FASTST M M 4 MAX(MPH)
MISC ----> # 30 320 40 290
================================================================================
NOTES:
# LAST OF SEVERAL OCCURRENCES
COLUMN 17 PEAK WIND IN M.P.H.
PRELIMINARY LOCAL CLIMATOLOGICAL DATA (WS FORM: F-6) , PAGE 2
STATION: SALISBURY MD
MONTH: JANUARY
YEAR: 2021
LATITUDE: 38 20 N
LONGITUDE: 75 30 W
[TEMPERATURE DATA] [PRECIPITATION DATA] SYMBOLS USED IN COLUMN 16
AVERAGE MONTHLY: 37.5 TOTAL FOR MONTH: 2.85 1 = FOG OR MIST
DPTR FM NORMAL: 2.1 DPTR FM NORMAL: -0.76 2 = FOG REDUCING VISIBILITY
HIGHEST: 57 ON 15 GRTST 24HR 1.30 ON 31-31 TO 1/4 MILE OR LESS
LOWEST: 20 ON 21 3 = THUNDER
SNOW, ICE PELLETS, HAIL 4 = ICE PELLETS
TOTAL MONTH: 3.8 INCHES 5 = HAIL
GRTST 24HR 3.5 ON 31-31 6 = FREEZING RAIN OR DRIZZLE
GRTST DEPTH: T 7 = DUSTSTORM OR SANDSTORM:
VSBY 1/2 MILE OR LESS
8 = SMOKE OR HAZE
[NO. OF DAYS WITH] [WEATHER - DAYS WITH] 9 = BLOWING SNOW
X = TORNADO
MAX 32 OR BELOW: 0 0.01 INCH OR MORE: 7
MAX 90 OR ABOVE: 0 0.10 INCH OR MORE: 5
MIN 32 OR BELOW: 23 0.50 INCH OR MORE: 3
MIN 0 OR BELOW: 0 1.00 INCH OR MORE: 0
[HDD (BASE 65) ]
TOTAL THIS MO. 844 CLEAR (SCALE 0-3) 17
DPTR FM NORMAL -73 PTCLDY (SCALE 4-7) 9
TOTAL FM JUL 1 2089 CLOUDY (SCALE 8-10) 5
DPTR FM NORMAL -455
[CDD (BASE 65) ]
TOTAL THIS MO. 0
DPTR FM NORMAL 0 [PRESSURE DATA]
TOTAL FM JAN 1 0 HIGHEST SLP 30.38 ON 30
DPTR FM NORMAL 0 LOWEST SLP 29.77 ON 31
[REMARKS]
#FINAL-01-21#