000
CXUS53 KLMK 010710
CF6SDF
PRELIMINARY LOCAL CLIMATOLOGICAL DATA (WS FORM: F-6)
STATION: LOUISVILLE KY
MONTH: MAY
YEAR: 2023
LATITUDE: 38 10 N
LONGITUDE: 85 44 W
TEMPERATURE IN F: :PCPN: SNOW: WIND :SUNSHINE: SKY :PK WND
================================================================================
1 2 3 4 5 6A 6B 7 8 9 10 11 12 13 14 15 16 17 18
12Z AVG MX 2MIN
DY MAX MIN AVG DEP HDD CDD WTR SNW DPTH SPD SPD DIR MIN PSBL S-S WX SPD DR
================================================================================
1 59 47 53 -11 12 0 T 0.0 0 17.0 31 260 M M 9 47 260
2 63 47 55 -9 10 0 0.00 0.0 0 14.5 29 260 M M 4 38 290
3 66 45 56 -9 9 0 0.00 0.0 0 9.9 20 330 M M 3 8 29 350
4 73 44 59 -6 6 0 0.00 0.0 0 3.0 12 300 M M 3 16 320
5 78 51 65 0 0 0 0.00 0.0 0 5.8 15 170 M M 6 23 150
6 79 61 70 4 0 5 0.28 0.0 0 8.6 25 260 M M 8 13 31 260
7 72 61 67 1 0 2 0.69 0.0 0 10.7 30 350 M M 9 13 42 320
8 77 58 68 2 0 3 0.12 0.0 0 5.7 20 160 M M 7 138 23 170
9 78 61 70 4 0 5 0.77 0.0 0 8.0 25 270 M M 7 1358 35 270
10 81 53 67 0 0 2 0.00 0.0 0 5.2 13 80 M M 5 18 80
11 82 57 70 3 0 5 0.00 0.0 0 5.8 17 170 M M 8 21 170
12 74 67 71 4 0 6 T 0.0 0 8.4 17 200 M M 10 27 200
13 84 69 77 10 0 12 0.00 0.0 0 5.2 13 240 M M 9 17 220
14 84 67 76 8 0 11 0.41 0.0 0 7.2 15 60 M M 9 13 20 70
15 76 63 70 2 0 5 T 0.0 0 6.3 13 50 M M 9 17 50
16 71 60 66 -2 0 1 0.91 0.0 0 6.4 20 310 M M 9 13 30 310
17 79 56 68 0 0 3 0.00 0.0 0 6.4 15 10 M M 1 20 10
18 80 52 66 -3 0 1 0.00 0.0 0 3.9 9 70 M M 1 14 130
19 77 66 72 3 0 7 T 0.0 0 8.2 15 160 M M 9 22 180
20 73 60 67 -2 0 2 0.88 0.0 0 9.3 17 20 M M 5 18 24 20
21 78 52 65 -5 0 0 0.00 0.0 0 6.2 16 50 M M 1 22 50
22 80 56 68 -2 0 3 0.00 0.0 0 6.3 17 80 M M 8 26 130
23 85 59 72 2 0 7 0.00 0.0 0 4.3 10 20 M M 4 15 20
24 85 62 74 4 0 9 0.00 0.0 0 4.5 15 40 M M 3 20 10
25 76 59 68 -3 0 3 0.00 0.0 0 10.7 17 360 M M 2 30 10
26 79 52 66 -5 0 1 0.00 0.0 0 8.9 16 40 M M 3 25 50
27 76 54 65 -6 0 0 0.00 0.0 0 6.9 16 60 M M 6 22 60
28 69 59 64 -8 1 0 T 0.0 0 4.9 13 100 M M 10 17 90
29 86 59 73 1 0 8 0.00 0.0 0 5.8 16 10 M M 6 20 360
30 86 67 77 5 0 12 0.00 0.0 0 5.9 13 140 M M 6 8 17 130
31 88 67 78 6 0 13 0.00 0.0 0 4.1 12 260 M M 4 3 15 270
================================================================================
SM 2394 1791 38 126 4.06 0.0 224.0 M 184
================================================================================
AV 77.2 57.8 7.2 FASTST M M 6 MAX(MPH)
MISC ----> 31 260 47 260
================================================================================
NOTES:
# LAST OF SEVERAL OCCURRENCES
COLUMN 17 PEAK WIND IN M.P.H.
PRELIMINARY LOCAL CLIMATOLOGICAL DATA (WS FORM: F-6) , PAGE 2
STATION: LOUISVILLE KY
MONTH: MAY
YEAR: 2023
LATITUDE: 38 10 N
LONGITUDE: 85 44 W
[TEMPERATURE DATA] [PRECIPITATION DATA] SYMBOLS USED IN COLUMN 16
AVERAGE MONTHLY: 67.5 TOTAL FOR MONTH: 4.06 1 = FOG OR MIST
DPTR FM NORMAL: -0.8 DPTR FM NORMAL: -1.12 2 = FOG REDUCING VISIBILITY
HIGHEST: 88 ON 31 GRTST 24HR 0.97 ON 6- 7 TO 1/4 MILE OR LESS
LOWEST: 44 ON 4 3 = THUNDER
SNOW, ICE PELLETS, HAIL 4 = ICE PELLETS
TOTAL MONTH: 0.0 INCH 5 = HAIL
GRTST 24HR 0.0 6 = FREEZING RAIN OR DRIZZLE
GRTST DEPTH: 0 7 = DUSTSTORM OR SANDSTORM:
VSBY 1/2 MILE OR LESS
8 = SMOKE OR HAZE
[NO. OF DAYS WITH] [WEATHER - DAYS WITH] 9 = BLOWING SNOW
X = TORNADO
MAX 32 OR BELOW: 0 0.01 INCH OR MORE: 7
MAX 90 OR ABOVE: 0 0.10 INCH OR MORE: 7
MIN 32 OR BELOW: 0 0.50 INCH OR MORE: 4
MIN 0 OR BELOW: 0 1.00 INCH OR MORE: 0
[HDD (BASE 65) ]
TOTAL THIS MO. 38 CLEAR (SCALE 0-3) 5
DPTR FM NORMAL -21 PTCLDY (SCALE 4-7) 15
TOTAL FM JUL 1 3379 CLOUDY (SCALE 8-10) 11
DPTR FM NORMAL -555
[CDD (BASE 65) ]
TOTAL THIS MO. 126
DPTR FM NORMAL -34 [PRESSURE DATA]
TOTAL FM JAN 1 168 HIGHEST SLP M ON M
DPTR FM NORMAL -45 LOWEST SLP 29.51 ON 1
[REMARKS]
#FINAL-05-23#