000
CXUS54 KFWD 010731
CF6SEP
PRELIMINARY LOCAL CLIMATOLOGICAL DATA (WS FORM: F-6)
STATION: STEPHENVILLE
MONTH: JULY
YEAR: 2023
LATITUDE: 32 13 N
LONGITUDE: 98 11 W
TEMPERATURE IN F: :PCPN: SNOW: WIND :SUNSHINE: SKY :PK WND
================================================================================
1 2 3 4 5 6A 6B 7 8 9 10 11 12 13 14 15 16 17 18
12Z AVG MX 2MIN
DY MAX MIN AVG DEP HDD CDD WTR SNW DPTH SPD SPD DIR MIN PSBL S-S WX SPD DR
================================================================================
1 85 71 78 -3 0 13 0.00 M M 6.2 17 330 M M 2 24 330
2 95 70 83 2 0 18 0.00 M M 3.6 10 190 M M 3 17 220
3 95 71 83 2 0 18 0.30 M M 3.6 9 160 M M 3 36 40
4 95 72 84 3 0 19 0.33 M M 5.1 13 230 M M 2 28 230
5 98 75 87 5 0 22 0.00 M M 6.3 10 150 M M 2 16 190
6 97 73 85 3 0 20 0.00 M M 5.7 12 170 M M 4 21 20
7 95 72 84 2 0 19 0.00 M M 8.4 16 170 M M 4 22 170
8 97 75 86 4 0 21 0.00 M M 5.2 10 220 M M 2 17 210
9 99 78 89 7 0 24 0.00 M M 6.3 14 60 M M 3 20 50
10 104 74 89 7 0 24 0.00 M M 5.2 10 220 M M 1 30 80
11 101 80 91 9 0 26 0.00 M M 7.2 13 130 M M 1 20 190
12 107 79 93 11 0 28 0.00 M M 9.5 16 220 M M 2 22 220
13 107 81 94 12 0 29 0.00 M M 10.1 14 170 M M 1 22 220
14 105 81 93 11 0 28 0.00 M M 7.9 12 170 M M 1 20 160
15 100 81 91 9 0 26 0.00 M M 8.5 16 360 M M 1 22 330
16 100 78 89 7 0 24 0.00 M M 6.2 12 120 M M 1 17 130
17 106 74 90 8 0 25 0.00 M M 6.2 12 240 M M 2 21 240
18 108 78 93 11 0 28 0.00 M M 8.2 14 220 M M 1 23 220
19 107 80 94 11 0 29 0.00 M M 8.5 14 190 M M 1 20 200
20 105 78 92 9 0 27 0.00 M M 6.5 10 220 M M 1 17 200
21 102 76 89 6 0 24 0.00 M M 5.0 9 40 M M 1 9 330
22 97 75 86 3 0 21 0.00 M M 7.0 12 20 M M 2 16 40
23 100 67 84 1 0 19 0.00 M M 4.5 10 110 M M 0 16 60
24 104 69 87 4 0 22 0.00 M M 5.5 13 120 M M 1 18 120
25 103 75 89 6 0 24 0.00 M M 7.1 14 140 M M 1 21 170
26 102 75 89 6 0 24 0.00 M M 7.0 12 120 M M 1 17 200
27 102 77 90 7 0 25 0.00 M M 7.5 14 130 M M 1 21 150
28 101 74 88 5 0 23 0.00 M M 6.9 13 160 M M 1 18 100
29 102 72 87 4 0 22 0.00 M M 5.0 13 130 M M 2 17 260
30 103 73 88 5 0 23 0.00 M M 4.1 10 260 M M 1 26 200
31 105 73 89 6 0 24 0.00 M M 4.5 12 190 M M 1 18 180
================================================================================
SM 3127 2327 0 719 0.63 M 198.7 M 50
================================================================================
AV100.9 75.1 6.4 FASTST M M 2 MAX(MPH)
MISC ----> 17 330 36 40
================================================================================
NOTES:
# LAST OF SEVERAL OCCURRENCES
COLUMN 17 PEAK WIND IN M.P.H.
PRELIMINARY LOCAL CLIMATOLOGICAL DATA (WS FORM: F-6) , PAGE 2
STATION: STEPHENVILLE
MONTH: JULY
YEAR: 2023
LATITUDE: 32 13 N
LONGITUDE: 98 11 W
[TEMPERATURE DATA] [PRECIPITATION DATA] SYMBOLS USED IN COLUMN 16
AVERAGE MONTHLY: 88.0 TOTAL FOR MONTH: 0.63 1 = FOG OR MIST
DPTR FM NORMAL: 5.7 DPTR FM NORMAL: -0.93 2 = FOG REDUCING VISIBILITY
HIGHEST: 108 ON 18 GRTST 24HR 0.33 ON 4- 4 TO 1/4 MILE OR LESS
LOWEST: 67 ON 23 3 = THUNDER
SNOW, ICE PELLETS, HAIL 4 = ICE PELLETS
TOTAL MONTH: M 5 = HAIL
GRTST 24HR M ON M 6 = FREEZING RAIN OR DRIZZLE
GRTST DEPTH: M ON M 7 = DUSTSTORM OR SANDSTORM:
VSBY 1/2 MILE OR LESS
8 = SMOKE OR HAZE
[NO. OF DAYS WITH] [WEATHER - DAYS WITH] 9 = BLOWING SNOW
X = TORNADO
MAX 32 OR BELOW: 0 0.01 INCH OR MORE: 2
MAX 90 OR ABOVE: 30 0.10 INCH OR MORE: 2
MIN 32 OR BELOW: 0 0.50 INCH OR MORE: 0
MIN 0 OR BELOW: 0 1.00 INCH OR MORE: 0
[HDD (BASE 65) ]
TOTAL THIS MO. 0 CLEAR (SCALE 0-3) 29
DPTR FM NORMAL 0 PTCLDY (SCALE 4-7) 2
TOTAL FM JUL 1 0 CLOUDY (SCALE 8-10) 0
DPTR FM NORMAL 0
[CDD (BASE 65) ]
TOTAL THIS MO. 719
DPTR FM NORMAL 183 [PRESSURE DATA]
TOTAL FM JAN 1 1653 HIGHEST SLP M ON M
DPTR FM NORMAL 385 LOWEST SLP M ON M
[REMARKS]
#FINAL-07-23#