000
CXUS54 KFWD 010830
CF6SEP
PRELIMINARY LOCAL CLIMATOLOGICAL DATA (WS FORM: F-6)
STATION: STEPHENVILLE
MONTH: NOVEMBER
YEAR: 2022
LATITUDE: 32 13 N
LONGITUDE: 98 11 W
TEMPERATURE IN F: :PCPN: SNOW: WIND :SUNSHINE: SKY :PK WND
================================================================================
1 2 3 4 5 6A 6B 7 8 9 10 11 12 13 14 15 16 17 18
12Z AVG MX 2MIN
DY MAX MIN AVG DEP HDD CDD WTR SNW DPTH SPD SPD DIR MIN PSBL S-S WX SPD DR
================================================================================
1 76 53 65 5 0 0 0.00 M M 4.2 8 150 M M 1 M M
2 74 55 65 5 0 0 0.00 M M 7.0 12 140 M M 4 18 160
3 82 64 73 14 0 8 0.00 M M 11.3 16 190 M M 8 28 170
4 87 47 67 8 0 2 0.00 M M 12.3 21 230 M M 6 32 220
5 72 42 57 -1 8 0 0.00 M M 6.4 12 210 M M 0 18 170
6 84 48 66 8 0 1 0.00 M M 5.4 14 230 M M 1 20 230
7 82 56 69 11 0 4 0.00 M M 3.6 12 130 M M 6 16 110
8 76 66 71 14 0 6 0.00 M M 6.4 12 130 M M 6 17 150
9 81 65 73 16 0 8 0.00 M M 10.2 17 170 M M 5 21 170
10 74 64 69 13 0 4 0.00 M M 6.9 10 180 M M 6 18 180
11 65 37 51 -5 14 0 0.21 M M 12.2 24 350 M M 8 29 340
12 53 32 43 -13 22 0 0.00 M M 7.5 14 340 M M 0 18 330
13 33 31 32 -23 33 0 0.00 M M 0.0 M M M M 0 M M
14 47 38 43 -12 22 0 0.23 M M 7.5 15 320 M M 10 22 320
15 49 31 40 -14 25 0 0.00 M M 8.3 16 320 M M 3 21 320
16 54 37 46 -8 19 0 0.00 M M 3.2 8 20 M M 6 M M
17 61 33 47 -7 18 0 0.00 M M 2.4 9 210 M M 2 M M
18 48 35 42 -11 23 0 0.00 M M 5.4 12 20 M M 7 M M
19 43 32 38 -15 27 0 0.00 M M 6.7 13 350 M M 8 17 350
20 49 28 39 -13 26 0 0.00 M M 1.2 5 220 M M 5 M M
21 50 38 44 -8 21 0 0.00 M M 3.0 6 190 M M 10 M M
22 58 46 52 0 13 0 0.00 M M 3.0 7 170 M M 9 M M
23 58 50 54 3 11 0 0.05 M M 6.3 9 170 M M 10 M M
24 60 51 56 5 9 0 0.43 M M 5.5 15 360 M M 10 20 360
25 51 46 49 -1 16 0 0.03 M M 9.9 14 10 M M 10 21 10
26 49 44 47 -3 18 0 0.87 M M 8.8 15 250 M M 8 22 260
27 63 38 51 1 14 0 0.00 M M 4.5 12 340 M M 0 M M
28 73 37 55 6 10 0 0.00 M M 5.8 15 190 M M 1 20 200
29 81 40 61 12 4 0 0.00 M M 8.7 23 360 M M 3 36 350
30 50 31 41 -7 24 0 0.00 M M 9.6 18 350 M M 0 29 360
================================================================================
SM 1883 1315 377 33 1.82 M 193.2 M 153
================================================================================
AV 62.8 43.8 6.4 FASTST M M 5 MAX(MPH)
MISC ----> 24 350 36 350
================================================================================
NOTES:
# LAST OF SEVERAL OCCURRENCES
COLUMN 17 PEAK WIND IN M.P.H.
PRELIMINARY LOCAL CLIMATOLOGICAL DATA (WS FORM: F-6) , PAGE 2
STATION: STEPHENVILLE
MONTH: NOVEMBER
YEAR: 2022
LATITUDE: 32 13 N
LONGITUDE: 98 11 W
[TEMPERATURE DATA] [PRECIPITATION DATA] SYMBOLS USED IN COLUMN 16
AVERAGE MONTHLY: 53.3 TOTAL FOR MONTH: 1.82 1 = FOG OR MIST
DPTR FM NORMAL: -0.9 DPTR FM NORMAL: -0.27 2 = FOG REDUCING VISIBILITY
HIGHEST: 87 ON 4 GRTST 24HR 0.87 ON 26-26 TO 1/4 MILE OR LESS
LOWEST: 28 ON 20 3 = THUNDER
SNOW, ICE PELLETS, HAIL 4 = ICE PELLETS
TOTAL MONTH: M 5 = HAIL
GRTST 24HR M ON M 6 = FREEZING RAIN OR DRIZZLE
GRTST DEPTH: M ON M 7 = DUSTSTORM OR SANDSTORM:
VSBY 1/2 MILE OR LESS
8 = SMOKE OR HAZE
[NO. OF DAYS WITH] [WEATHER - DAYS WITH] 9 = BLOWING SNOW
X = TORNADO
MAX 32 OR BELOW: 0 0.01 INCH OR MORE: 6
MAX 90 OR ABOVE: 0 0.10 INCH OR MORE: 4
MIN 32 OR BELOW: 6 0.50 INCH OR MORE: 1
MIN 0 OR BELOW: 0 1.00 INCH OR MORE: 0
[HDD (BASE 65) ]
TOTAL THIS MO. 377 CLEAR (SCALE 0-3) 10
DPTR FM NORMAL 36 PTCLDY (SCALE 4-7) 13
TOTAL FM JUL 1 433 CLOUDY (SCALE 8-10) 7
DPTR FM NORMAL -25
[CDD (BASE 65) ]
TOTAL THIS MO. 33
DPTR FM NORMAL 17 [PRESSURE DATA]
TOTAL FM JAN 1 3222 HIGHEST SLP M ON M
DPTR FM NORMAL 981 LOWEST SLP M ON M
[REMARKS]
#FINAL-11-22#