000
CXUS54 KFWD 010730
CF6SEP
PRELIMINARY LOCAL CLIMATOLOGICAL DATA (WS FORM: F-6)
STATION: STEPHENVILLE
MONTH: MAY
YEAR: 2022
LATITUDE: 32 13 N
LONGITUDE: 98 11 W
TEMPERATURE IN F: :PCPN: SNOW: WIND :SUNSHINE: SKY :PK WND
================================================================================
1 2 3 4 5 6A 6B 7 8 9 10 11 12 13 14 15 16 17 18
12Z AVG MX 2MIN
DY MAX MIN AVG DEP HDD CDD WTR SNW DPTH SPD SPD DIR MIN PSBL S-S WX SPD DR
================================================================================
1 85 59 72 4 0 7 M M M 7.9 18 110 M M 5 23 140
2 86 70 78 10 0 13 0.00 M M 12.3 17 170 M M 4 26 170
3 74 53 64 -4 1 0 0.00 M M 7.2 14 350 M M 9 21 10
4 86 59 73 4 0 8 0.00 M M 10.6 20 160 M M 6 28 160
5 80 59 70 1 0 5 0.00 M M 7.5 17 320 M M 3 25 320
6 92 52 72 3 0 7 0.00 M M 4.7 13 120 M M 0 18 120
7 96 67 82 13 0 17 0.00 M M 9.7 18 120 M M 3 25 140
8 101 71 86 16 0 21 0.00 M M 12.9 20 160 M M 0 29 160
9 97 73 85 15 0 20 0.00 M M 13.9 20 160 M M 1 30 160
10 92 73 83 13 0 18 0.00 M M 12.5 18 180 M M 3 25 170
11 93 69 81 11 0 16 0.00 M M 10.8 16 150 M M 1 24 150
12 96 66 81 10 0 16 0.00 M M 10.8 16 170 M M 1 25 170
13 98 68 83 12 0 18 0.00 M M 10.0 22 130 M M 1 36 130
14 95 63 79 8 0 14 0.00 M M 5.9 12 130 M M 0 16 220
15 101 69 85 13 0 20 0.00 M M 8.5 15 150 M M 1 23 150
16 96 71 84 12 0 19 0.00 M M 10.6 21 120 M M 0 29 120
17 99 71 85 13 0 20 0.00 M M 10.7 18 140 M M 0 29 160
18 99 73 86 14 0 21 0.00 M M 13.1 20 180 M M 1 26 180
19 100 70 85 12 0 20 0.00 M M 13.4 20 170 M M 0 28 160
20 96 73 85 12 0 20 0.00 M M 14.9 21 160 M M 1 30 160
21 87 61 74 1 0 9 0.00 M M 11.6 20 340 M M 3 25 170
22 76 60 68 -5 0 3 0.00 M M 10.1 18 10 M M 5 25 10
23 73 59 66 -8 0 1 0.00 M M 4.9 13 110 M M 9 20 110
24 78 58 68 -6 0 3 0.00 M M 8.9 15 130 M M 9 22 130
25 76 55 66 -8 0 1 0.18 M M 9.4 18 310 M M 6 27 300
26 91 55 73 -1 0 8 0.00 M M 6.6 21 290 M M 0 28 290
27 94 57 76 1 0 11 0.00 M M 3.0 8 140 M M 0 M M
28 96 68 82 7 0 17 0.00 M M 11.7 22 190 M M 0 33 160
29 95 72 84 9 0 19 0.00 M M 14.6 20 160 M M 0 33 150
30 93 73 83 8 0 18 0.00 M M 16.0 22 170 M M 5 33 170
31 94 74 84 8 0 19 0.00 M M 13.2 20 190 M M 5 31 170
================================================================================
SM 2815 2021 1 409 0.18 M 317.9 M 82
================================================================================
AV 90.8 65.2 10.3 FASTST M M 3 MAX(MPH)
MISC ----> 22 170 36 130
================================================================================
NOTES:
# LAST OF SEVERAL OCCURRENCES
COLUMN 17 PEAK WIND IN M.P.H.
PRELIMINARY LOCAL CLIMATOLOGICAL DATA (WS FORM: F-6) , PAGE 2
STATION: STEPHENVILLE
MONTH: MAY
YEAR: 2022
LATITUDE: 32 13 N
LONGITUDE: 98 11 W
[TEMPERATURE DATA] [PRECIPITATION DATA] SYMBOLS USED IN COLUMN 16
AVERAGE MONTHLY: 78.0 TOTAL FOR MONTH: 0.18 1 = FOG OR MIST
DPTR FM NORMAL: 6.2 DPTR FM NORMAL: -4.21 2 = FOG REDUCING VISIBILITY
HIGHEST: 101 ON 15, 8 GRTST 24HR 0.18 ON 25-25 TO 1/4 MILE OR LESS
LOWEST: 52 ON 6 3 = THUNDER
SNOW, ICE PELLETS, HAIL 4 = ICE PELLETS
TOTAL MONTH: M 5 = HAIL
GRTST 24HR M ON M 6 = FREEZING RAIN OR DRIZZLE
GRTST DEPTH: M ON M 7 = DUSTSTORM OR SANDSTORM:
VSBY 1/2 MILE OR LESS
8 = SMOKE OR HAZE
[NO. OF DAYS WITH] [WEATHER - DAYS WITH] 9 = BLOWING SNOW
X = TORNADO
MAX 32 OR BELOW: 0 0.01 INCH OR MORE: 1
MAX 90 OR ABOVE: 21 0.10 INCH OR MORE: 1
MIN 32 OR BELOW: 0 0.50 INCH OR MORE: 0
MIN 0 OR BELOW: 0 1.00 INCH OR MORE: 0
[HDD (BASE 65) ]
TOTAL THIS MO. 1 CLEAR (SCALE 0-3) 20
DPTR FM NORMAL -17 PTCLDY (SCALE 4-7) 8
TOTAL FM JUL 1 2002 CLOUDY (SCALE 8-10) 3
DPTR FM NORMAL -710
[CDD (BASE 65) ]
TOTAL THIS MO. 409
DPTR FM NORMAL 182 [PRESSURE DATA]
TOTAL FM JAN 1 610 HIGHEST SLP M ON M
DPTR FM NORMAL 290 LOWEST SLP M ON M
[REMARKS]
#FINAL-05-22#