000
CXUS53 KSGF 010710
CF6SGF
PRELIMINARY LOCAL CLIMATOLOGICAL DATA (WS FORM: F-6)
STATION: SPRINGFIELD MO
MONTH: JUNE
YEAR: 2021
LATITUDE: 37 13 N
LONGITUDE: 93 23 W
TEMPERATURE IN F: :PCPN: SNOW: WIND :SUNSHINE: SKY :PK WND
================================================================================
1 2 3 4 5 6A 6B 7 8 9 10 11 12 13 14 15 16 17 18
12Z AVG MX 2MIN
DY MAX MIN AVG DEP HDD CDD WTR SNW DPTH SPD SPD DIR MIN PSBL S-S WX SPD DR
================================================================================
1 61 56 59 -12 6 0 0.73 0.0 0 7.9 14 60 M M 10 1 19 80
2 66 55 61 -10 4 0 0.20 0.0 0 5.5 12 10 M M 9 12 14 10
3 79 54 67 -5 0 2 0.00 0.0 0 3.4 10 360 M M 4 12 14 20
4 81 56 69 -3 0 4 0.00 0.0 0 6.6 12 200 M M 0 20 220
5 82 61 72 0 0 7 0.13 0.0 0 8.5 22 160 M M 2 1 28 170
6 80 66 73 1 0 8 0.13 0.0 0 9.7 18 210 M M 5 13 24 180
7 82 65 74 1 0 9 T 0.0 0 9.3 23 200 M M 4 29 200
8 81 68 75 2 0 10 0.04 0.0 0 5.2 15 20 M M 7 13 18 30
9 88 67 78 5 0 13 0.00 0.0 0 3.9 9 320 M M 2 1 14 320
10 91 68 80 6 0 15 0.00 0.0 0 3.3 8 40 M M 1 1 13 20
11 96 72 84 10 0 19 T 0.0 0 9.2 37 360 M M 3 3 50 10
12 91 67 79 5 0 14 0.00 0.0 0 5.6 13 20 M M 2 18 320
13 87 64 76 2 0 11 0.00 0.0 0 5.4 14 30 M M 0 18 40
14 91 59 75 0 0 10 0.00 0.0 0 2.3 9 340 M M 0 12 360
15 91 65 78 3 0 13 0.00 0.0 0 5.4 12 320 M M 1 16 340
16 92 71 82 7 0 17 0.00 0.0 0 5.5 10 160 M M 2 13 180
17 93 72 83 7 0 18 0.00 0.0 0 7.0 15 210 M M 0 19 220
18 94 73 84 8 0 19 0.00 0.0 0 10.2 21 210 M M 1 27 210
19 89 72 81 5 0 16 0.00 0.0 0 9.7 17 200 M M 0 23 160
20 91 69 80 4 0 15 0.00 0.0 0 13.1 26 210 M M 0 33 210
21 79 56 68 -8 0 3 0.57 0.0 0 9.4 23 340 M M 5 13 37 330
22 79 52 66 -11 0 1 0.00 0.0 0 5.9 14 170 M M 1 18 210
23 83 59 71 -6 0 6 0.00 0.0 0 13.7 21 160 M M 0 29 150
24 90 69 80 3 0 15 0.00 0.0 0 13.9 24 180 M M 1 33 190
25 92 69 81 4 0 16 0.00 0.0 0 14.3 24 190 M M 4 33 200
26 82 68 75 -2 0 10 0.66 0.0 0 9.3 24 280 M M 6 1 31 280
27 82 68 75 -3 0 10 0.86 0.0 0 7.9 21 170 M M 6 13 26 160
28 86 70 78 0 0 13 0.01 0.0 0 7.9 26 160 M M 4 3 33 160
29 88 72 80 2 0 15 0.03 0.0 0 7.3 15 200 M M 2 13 19 200
30 85 70 78 0 0 13 0.03 0.0 0 5.1 20 270 M M 3 3 25 270
================================================================================
SM 2552 1953 10 322 3.39 0.0 231.4 M 85
================================================================================
AV 85.1 65.1 7.7 FASTST M M 3 MAX(MPH)
MISC ----> 37 360 50 10
================================================================================
NOTES:
# LAST OF SEVERAL OCCURRENCES
COLUMN 17 PEAK WIND IN M.P.H.
PRELIMINARY LOCAL CLIMATOLOGICAL DATA (WS FORM: F-6) , PAGE 2
STATION: SPRINGFIELD MO
MONTH: JUNE
YEAR: 2021
LATITUDE: 37 13 N
LONGITUDE: 93 23 W
[TEMPERATURE DATA] [PRECIPITATION DATA] SYMBOLS USED IN COLUMN 16
AVERAGE MONTHLY: 75.1 TOTAL FOR MONTH: 3.39 1 = FOG OR MIST
DPTR FM NORMAL: 0.2 DPTR FM NORMAL: -1.08 2 = FOG REDUCING VISIBILITY
HIGHEST: 96 ON 11 GRTST 24HR 1.34 ON 26-27 TO 1/4 MILE OR LESS
LOWEST: 52 ON 22 3 = THUNDER
SNOW, ICE PELLETS, HAIL 4 = ICE PELLETS
TOTAL MONTH: 0.0 INCH 5 = HAIL
GRTST 24HR 0.0 6 = FREEZING RAIN OR DRIZZLE
GRTST DEPTH: 0 7 = DUSTSTORM OR SANDSTORM:
VSBY 1/2 MILE OR LESS
8 = SMOKE OR HAZE
[NO. OF DAYS WITH] [WEATHER - DAYS WITH] 9 = BLOWING SNOW
X = TORNADO
MAX 32 OR BELOW: 0 0.01 INCH OR MORE: 11
MAX 90 OR ABOVE: 11 0.10 INCH OR MORE: 7
MIN 32 OR BELOW: 0 0.50 INCH OR MORE: 4
MIN 0 OR BELOW: 0 1.00 INCH OR MORE: 0
[HDD (BASE 65) ]
TOTAL THIS MO. 10 CLEAR (SCALE 0-3) 18
DPTR FM NORMAL 4 PTCLDY (SCALE 4-7) 10
TOTAL FM JUL 1 4495 CLOUDY (SCALE 8-10) 2
DPTR FM NORMAL 221
[CDD (BASE 65) ]
TOTAL THIS MO. 322
DPTR FM NORMAL 20 [PRESSURE DATA]
TOTAL FM JAN 1 409 HIGHEST SLP M ON M
DPTR FM NORMAL -42 LOWEST SLP 29.64 ON 11
[REMARKS]
#FINAL-06-21#