000
CXUS54 KHGX 020623
CF6SGR
PRELIMINARY LOCAL CLIMATOLOGICAL DATA (WS FORM: F-6)
STATION: SUGAR LAND/HULL FLD
MONTH: JANUARY
YEAR: 2022
LATITUDE: 29 37 N
LONGITUDE: 95 39 W
TEMPERATURE IN F: :PCPN: SNOW: WIND :SUNSHINE: SKY :PK WND
================================================================================
1 2 3 4 5 6A 6B 7 8 9 10 11 12 13 14 15 16 17 18
12Z AVG MX 2MIN
DY MAX MIN AVG DEP HDD CDD WTR SNW DPTH SPD SPD DIR MIN PSBL S-S WX SPD DR
================================================================================
1 86 66 76 22 0 11 0.00 0.0 0 12.0 25 180 M M 8 18 34 190
2 66 32 49 -5 16 0 T 0.0 0 17.6 31 330 M M 4 43 350
3 55 29 42 -12 23 0 0.00 0.0 0 3.2 10 20 M M 0 14 30
4 70 38 54 0 11 0 0.00 0.0 0 6.7 17 170 M M 1 23 200
5 80 49 65 11 0 0 0.00 0.0 0 6.3 22 230 M M 3 12 29 240
6 73 44 59 5 6 0 0.00 0.0 0 8.7 17 340 M M 5 12 26 310
7 56 38 47 -7 18 0 0.00 0.0 0 9.8 16 90 M M 7 20 80
8 80 56 68 14 0 3 0.57 0.0 0 12.9 25 170 M M 10 138 35 180
9 77 56 67 13 0 2 0.13 0.0 0 11.8 24 360 M M 10 138 36 340
10 64 50 57 3 8 0 0.00 0.0 0 15.0 23 40 M M 3 31 20
11 60 45 53 -1 12 0 T 0.0 0 6.3 13 70 M M 3 19 90
12 62 46 54 0 11 0 0.00 0.0 0 2.8 9 40 M M 9 12 40
13 74 42 58 4 7 0 0.00 0.0 0 2.9 13 280 M M 0 18 17 110
14 77 43 60 6 5 0 0.00 0.0 0 5.1 16 170 M M 0 18 24 190
15 62 39 51 -3 14 0 0.01 0.0 0 17.3 35 330 M M 1 1 48 310
16 59 35 47 -7 18 0 0.00 0.0 0 6.6 16 290 M M 0 26 330
17 70 33 52 -3 13 0 0.00 0.0 0 3.6 10 150 M M 0 14 140
18 78 47 63 8 2 0 0.00 0.0 0 10.6 24 180 M M 4 31 180
19 80 55 68 13 0 3 0.71 0.0 0 11.3 23 10 M M 6 13 31 220
20 55 38 47 -8 18 0 T 0.0 0 17.3 26 360 M M 9 35 10
21 53 37 45 -10 20 0 0.00 0.0 0 9.3 17 360 M M 4 24 10
22 58 34 46 -9 19 0 0.00 0.0 0 7.7 16 40 M M 0 20 40
23 60 39 50 -5 15 0 0.00 0.0 0 2.5 8 60 M M 8 11 260
24 54 50 52 -3 13 0 0.18 0.0 0 6.0 15 20 M M 10 18 19 70
25 60 48 54 -1 11 0 0.00 0.0 0 9.0 15 70 M M 10 18 22 80
26 57 43 50 -5 15 0 0.00 0.0 0 6.1 17 70 M M 6 23 70
27 66 45 56 0 9 0 0.00 0.0 0 5.5 12 20 M M 6 14 20
28 61 39 50 -6 15 0 T 0.0 0 10.6 23 350 M M 4 30 340
29 65 33 49 -7 16 0 0.00 0.0 0 4.6 13 200 M M 0 22 110
30 72 34 53 -3 12 0 0.00 0.0 0 6.1 16 220 M M 1 1 23 210
31 63 53 58 2 7 0 0.79 0.0 0 9.0 23 130 M M 9 1 32 130
================================================================================
SM 2053 1336 334 19 2.39 0.0 264.2 M 141
================================================================================
AV 66.2 43.1 8.5 FASTST M M 5 MAX(MPH)
MISC ----> 35 330 48 310
================================================================================
NOTES:
# LAST OF SEVERAL OCCURRENCES
COLUMN 17 PEAK WIND IN M.P.H.
PRELIMINARY LOCAL CLIMATOLOGICAL DATA (WS FORM: F-6) , PAGE 2
STATION: SUGAR LAND/HULL FLD
MONTH: JANUARY
YEAR: 2022
LATITUDE: 29 37 N
LONGITUDE: 95 39 W
[TEMPERATURE DATA] [PRECIPITATION DATA] SYMBOLS USED IN COLUMN 16
AVERAGE MONTHLY: 54.7 TOTAL FOR MONTH: 2.39 1 = FOG OR MIST
DPTR FM NORMAL: -0.1 DPTR FM NORMAL: -1.24 2 = FOG REDUCING VISIBILITY
HIGHEST: 86 ON 1 GRTST 24HR 0.79 ON 31-31 TO 1/4 MILE OR LESS
LOWEST: 29 ON 3 3 = THUNDER
SNOW, ICE PELLETS, HAIL 4 = ICE PELLETS
TOTAL MONTH: 0.0 INCH 5 = HAIL
GRTST 24HR 0.0 6 = FREEZING RAIN OR DRIZZLE
GRTST DEPTH: 0 7 = DUSTSTORM OR SANDSTORM:
VSBY 1/2 MILE OR LESS
8 = SMOKE OR HAZE
[NO. OF DAYS WITH] [WEATHER - DAYS WITH] 9 = BLOWING SNOW
X = TORNADO
MAX 32 OR BELOW: 0 0.01 INCH OR MORE: 6
MAX 90 OR ABOVE: 0 0.10 INCH OR MORE: 5
MIN 32 OR BELOW: 2 0.50 INCH OR MORE: 3
MIN 0 OR BELOW: 0 1.00 INCH OR MORE: 0
[HDD (BASE 65) ]
TOTAL THIS MO. 334 CLEAR (SCALE 0-3) 13
DPTR FM NORMAL -4 PTCLDY (SCALE 4-7) 10
TOTAL FM JUL 1 498 CLOUDY (SCALE 8-10) 8
DPTR FM NORMAL -303
[CDD (BASE 65) ]
TOTAL THIS MO. 19
DPTR FM NORMAL -3 [PRESSURE DATA]
TOTAL FM JAN 1 19 HIGHEST SLP 30.58 ON 11
DPTR FM NORMAL -3 LOWEST SLP 29.64 ON 1
[REMARKS]
#FINAL-01-22#