119
CXUS54 KLZK 011130
CF6SGT
PRELIMINARY LOCAL CLIMATOLOGICAL DATA (WS FORM: F-6)
STATION: Stuttgart Airport
MONTH: OCTOBER
YEAR: 2020
LATITUDE: 34 35 N
LONGITUDE: 91 34 W
TEMPERATURE IN F: :PCPN: SNOW: WIND :SUNSHINE: SKY :PK WND
================================================================================
1 2 3 4 5 6A 6B 7 8 9 10 11 12 13 14 15 16 17 18
12Z AVG MX 2MIN
DY MAX MIN AVG DEP HDD CDD WTR SNW DPTH SPD SPD DIR MIN PSBL S-S WX SPD DR
================================================================================
1 76 51 64 -4 1 0 0.00 M M 8.3 16 340 M M 0 21 350
2 68 45 57 -10 8 0 0.00 M M 6.1 10 320 M M 0 8 M M
3 74 48 61 -6 4 0 0.00 M M 7.0 16 150 M M 3 20 150
4 69 49 59 -8 6 0 0.00 M M 8.7 16 10 M M 1 23 340
5 68 42 55 -11 10 0 0.00 M M 5.2 10 10 M M 0 M M
6 78 43 61 -5 4 0 0.00 M M 1.7 8 190 M M 0 1 M M
7 85 50 68 2 0 3 0.00 M M 3.1 8 200 M M 0 1 M M
8 81 55 68 3 0 3 0.00 M M 2.9 7 110 M M 2 M M
9 72 64 68 3 0 3 T M M 6.5 13 60 M M 6 M M
10 71 65 68 3 0 3 1.57 M M 20.1 28 10 M M 10 1 41 60
11 78 66 72 8 0 7 0.00 M M 7.0 10 340 M M 8 18 M M
12 82 55 69 5 0 4 0.00 M M 11.0 20 330 M M 2 1 24 290
13 76 48 62 -2 3 0 0.00 M M 4.3 9 140 M M 0 M M
14 80 50 65 2 0 0 0.00 M M 7.6 17 180 M M 0 1 17 210
15 65 54 60 -3 5 0 0.09 M M 9.9 18 30 M M 8 1 22 20
16 66 45 56 -7 9 0 0.00 M M 7.1 14 10 M M 1 17 350
17 72 42 57 -5 8 0 T M M 9.9 21 140 M M 3 8 27 140
18 82 60 71 9 0 6 0.01 M M 9.8 13 170 M M 7 8 M M
19 83 62 73 11 0 8 T M M 11.2 20 170 M M 7 8 18 240
20 86 59 73 12 0 8 0.00 M M 7.9 16 190 M M 3 8 16 180
21 86 61 74 13 0 9 0.00 M M 5.7 10 130 M M 1 1 16 170
22 86 65 76 15 0 11 0.00 M M 7.6 13 160 M M 1 M M
23 73 51 62 1 3 0 0.98 M M 8.3 18 10 M M 7 13 31 360
24 51 47 49 -11 16 0 T M M 13.1 20 10 M M 10 24 20
25 54 48 51 -9 14 0 T M M 7.4 12 10 M M 10 1 M M
26 55 51 53 -7 12 0 T M M 10.5 17 40 M M 10 1 M M
27 54 45 50 -9 15 0 T M M 12.4 18 20 M M 10 1 M M
28 56 47 52 -7 13 0 2.82 M M 11.1 22 270 M M 10 1 M M
29 54 42 48 -11 17 0 0.23 M M 13.2 22 330 M M 9 1 35 340
30 58 38 48 -10 17 0 0.00 M M 6.5 12 360 M M 0 M M
31 66 41 54 -4 11 0 T M M 5.5 9 150 M M 0 1 M M
================================================================================
SM 2205 1589 176 65 5.70 M 256.6 M 129
================================================================================
AV 71.1 51.3 8.3 FASTST M M 4 MAX(MPH)
MISC ----> # 28 10 # 41 60
================================================================================
NOTES:
# LAST OF SEVERAL OCCURRENCES
COLUMN 17 PEAK WIND IN M.P.H.
PRELIMINARY LOCAL CLIMATOLOGICAL DATA (WS FORM: F-6) , PAGE 2
STATION: Stuttgart Airport
MONTH: OCTOBER
YEAR: 2020
LATITUDE: 34 35 N
LONGITUDE: 91 34 W
[TEMPERATURE DATA] [PRECIPITATION DATA] SYMBOLS USED IN COLUMN 16
AVERAGE MONTHLY: 61.2 TOTAL FOR MONTH: 5.70 1 = FOG OR MIST
DPTR FM NORMAL: -1.6 DPTR FM NORMAL: 1.04 2 = FOG REDUCING VISIBILITY
HIGHEST: 86 ON 22,21 GRTST 24HR 2.82 ON 28-28 TO 1/4 MILE OR LESS
LOWEST: 38 ON 30 3 = THUNDER
SNOW, ICE PELLETS, HAIL 4 = ICE PELLETS
TOTAL MONTH: M 5 = HAIL
GRTST 24HR M ON M 6 = FREEZING RAIN OR DRIZZLE
GRTST DEPTH: M ON M 7 = DUSTSTORM OR SANDSTORM:
VSBY 1/2 MILE OR LESS
8 = SMOKE OR HAZE
[NO. OF DAYS WITH] [WEATHER - DAYS WITH] 9 = BLOWING SNOW
X = TORNADO
MAX 32 OR BELOW: 0 0.01 INCH OR MORE: 6
MAX 90 OR ABOVE: 0 0.10 INCH OR MORE: 4
MIN 32 OR BELOW: 0 0.50 INCH OR MORE: 3
MIN 0 OR BELOW: 0 1.00 INCH OR MORE: 2
[HDD (BASE 65) ]
TOTAL THIS MO. 176 CLEAR (SCALE 0-3) 16
DPTR FM NORMAL 31 PTCLDY (SCALE 4-7) 8
TOTAL FM JUL 1 184 CLOUDY (SCALE 8-10) 7
DPTR FM NORMAL 23
[CDD (BASE 65) ]
TOTAL THIS MO. 65
DPTR FM NORMAL -9 [PRESSURE DATA]
TOTAL FM JAN 1 1947 HIGHEST SLP 30.40 ON 16
DPTR FM NORMAL -84 LOWEST SLP 29.63 ON 29
[REMARKS]
#FINAL-10-20#