592
CXUS55 KBYZ 011000
CF6SHR
PRELIMINARY LOCAL CLIMATOLOGICAL DATA (WS FORM: F-6)
STATION: SHERIDAN WY
MONTH: SEPTEMBER
YEAR: 2020
LATITUDE: 44 46 N
LONGITUDE: 106 58 W
TEMPERATURE IN F: :PCPN: SNOW: WIND :SUNSHINE: SKY :PK WND
================================================================================
1 2 3 4 5 6A 6B 7 8 9 10 11 12 13 14 15 16 17 18
12Z AVG MX 2MIN
DY MAX MIN AVG DEP HDD CDD WTR SNW DPTH SPD SPD DIR MIN PSBL S-S WX SPD DR
================================================================================
1 81 36 59 -5 6 0 0.00 M M 9.9 28 340 M M 1 34 330
2 95 51 73 9 0 8 0.00 M M 12.2 33 20 M M 2 8 42 30
3 85 42 64 0 1 0 0.00 M M 4.3 12 280 M M 0 19 340
4 90 46 68 5 0 3 0.00 M M 2.5 12 280 M M 0 15 30
5 103 48 76 13 0 11 0.00 M M 4.8 21 320 M M 0 27 280
6 86 55 71 9 0 6 0.00 M M 9.5 25 300 M M 0 8 30 310
7 61 34 48 -14 17 0 1.06 M M 11.6 20 20 M M 7 1 26 20
8 48 31 40 -21 25 0 0.10 M M 4.9 15 280 M M 5 1 20 280
9 67 25 46 -15 19 0 0.00 M M 3.6 13 350 M M 0 17 360
10 73 35 54 -6 11 0 0.00 M M 3.0 10 120 M M 0 13 80
11 78 43 61 1 4 0 0.00 M M 3.7 17 350 M M 1 22 350
12 86 43 65 5 0 0 0.00 M M 3.5 8 180 M M 0 12 10
13 87 47 67 8 0 2 0.00 M M 3.2 10 220 M M 0 13 350
14 95 42 69 10 0 4 0.00 M M 1.7 9 190 M M 0 11 280
15 86 47 67 9 0 2 0.00 M M 3.1 15 290 M M 2 8 17 310
16 77 45 61 3 4 0 0.00 M M 3.5 13 150 M M 0 18 17 160
17 79 42 61 4 4 0 0.00 M M 2.6 9 120 M M 0 18 11 130
18 80 43 62 5 3 0 0.00 M M 2.0 7 240 M M 0 18 8 260
19 91 51 71 15 0 6 0.00 M M 9.3 33 240 M M 1 43 250
20 77 42 60 4 5 0 0.00 M M 6.1 22 300 M M 1 28 300
21 81 39 60 5 5 0 0.00 M M 3.3 13 100 M M 0 19 120
22 88 39 64 9 1 0 0.00 M M 4.2 31 320 M M 0 40 320
23 82 48 65 11 0 0 0.00 M M 4.6 21 300 M M 0 26 300
24 93 48 71 17 0 6 0.00 M M 6.6 41 310 M M 0 52 310
25 74 42 58 4 7 0 0.00 M M 5.2 13 300 M M 0 17 120
26 66 45 56 3 9 0 0.20 M M 13.9 35 330 M M 6 1 42 330
27 61 42 52 -1 13 0 0.01 M M 13.0 30 320 M M 6 3 38 330
28 68 39 54 2 11 0 0.00 M M 5.9 15 340 M M 1 20 360
29 82 38 60 8 5 0 0.00 M M 9.7 24 330 M M 0 30 330
30 66 45 56 5 9 0 0.00 M M 10.7 23 340 M M 7 28 330
================================================================================
SM 2386 1273 159 48 1.37 M 182.1 M 40
================================================================================
AV 79.5 42.4 6.1 FASTST M M 1 MAX(MPH)
MISC ----> 41 310 52 310
================================================================================
NOTES:
# LAST OF SEVERAL OCCURRENCES
COLUMN 17 PEAK WIND IN M.P.H.
PRELIMINARY LOCAL CLIMATOLOGICAL DATA (WS FORM: F-6) , PAGE 2
STATION: SHERIDAN WY
MONTH: SEPTEMBER
YEAR: 2020
LATITUDE: 44 46 N
LONGITUDE: 106 58 W
[TEMPERATURE DATA] [PRECIPITATION DATA] SYMBOLS USED IN COLUMN 16
AVERAGE MONTHLY: 61.0 TOTAL FOR MONTH: 1.37 1 = FOG OR MIST
DPTR FM NORMAL: 3.1 DPTR FM NORMAL: -0.06 2 = FOG REDUCING VISIBILITY
HIGHEST: 103 ON 5 GRTST 24HR 1.16 ON 7- 8 TO 1/4 MILE OR LESS
LOWEST: 25 ON 9 3 = THUNDER
SNOW, ICE PELLETS, HAIL 4 = ICE PELLETS
TOTAL MONTH: M 5 = HAIL
GRTST 24HR M ON M 6 = FREEZING RAIN OR DRIZZLE
GRTST DEPTH: M ON M 7 = DUSTSTORM OR SANDSTORM:
VSBY 1/2 MILE OR LESS
8 = SMOKE OR HAZE
[NO. OF DAYS WITH] [WEATHER - DAYS WITH] 9 = BLOWING SNOW
X = TORNADO
MAX 32 OR BELOW: 0 0.01 INCH OR MORE: 4
MAX 90 OR ABOVE: 6 0.10 INCH OR MORE: 3
MIN 32 OR BELOW: 2 0.50 INCH OR MORE: 1
MIN 0 OR BELOW: 0 1.00 INCH OR MORE: 1
[HDD (BASE 65) ]
TOTAL THIS MO. 159 CLEAR (SCALE 0-3) 25
DPTR FM NORMAL -82 PTCLDY (SCALE 4-7) 5
TOTAL FM JUL 1 183 CLOUDY (SCALE 8-10) 0
DPTR FM NORMAL -118
[CDD (BASE 65) ]
TOTAL THIS MO. 48
DPTR FM NORMAL 20 [PRESSURE DATA]
TOTAL FM JAN 1 612 HIGHEST SLP 30.59 ON 8
DPTR FM NORMAL 194 LOWEST SLP 29.57 ON 24
[REMARKS]
#FINAL-09-20#