000
CXUS55 KBYZ 011532
CF6SHR
PRELIMINARY LOCAL CLIMATOLOGICAL DATA (WS FORM: F-6)
STATION: SHERIDAN WY
MONTH: APRIL
YEAR: 2020
LATITUDE: 44 46 N
LONGITUDE: 106 58 W
TEMPERATURE IN F: :PCPN: SNOW: WIND :SUNSHINE: SKY :PK WND
================================================================================
1 2 3 4 5 6A 6B 7 8 9 10 11 12 13 14 15 16 17 18
12Z AVG MX 2MIN
DY MAX MIN AVG DEP HDD CDD WTR SNW DPTH SPD SPD DIR MIN PSBL S-S WX SPD DR
================================================================================
1 37 15 26 -14 39 0 0.21 M M 13.8 36 310 M M 10 12 43 310
2 19 0 10 -30 55 0 0.12 M M 6.7 13 300 M M 6 18 14 300
3 37 -2 18 -22 47 0 0.00 M M 2.5 9 160 M M 2 12 170
4 52 18 35 -6 30 0 0.00 M M 5.6 18 300 M M 1 23 310
5 62 23 43 2 22 0 0.00 M M 3.5 10 310 M M 0 16 330
6 68 32 50 9 15 0 T M M 9.6 32 280 M M 4 3 41 290
7 69 32 51 10 14 0 0.00 M M 10.6 29 270 M M 2 36 260
8 50 29 40 -2 25 0 0.00 M M 10.8 28 320 M M 3 8 34 320
9 56 23 40 -2 25 0 0.00 M M 5.0 15 120 M M 0 20 120
10 70 26 48 6 17 0 0.00 M M 7.0 20 230 M M 2 24 330
11 49 22 36 -6 29 0 0.37 M M 9.5 18 20 M M 9 126 23 10
12 24 10 17 -26 48 0 0.14 M M 11.7 21 320 M M 7 1 23 320
13 26 2 14 -29 51 0 T M M 11.5 33 330 M M 3 8 37 330
14 40 6 23 -20 42 0 0.00 M M 13.1 36 320 M M 5 8 41 320
15 40 25 33 -10 32 0 0.09 M M 10.2 25 320 M M 9 1 31 330
16 37 19 28 -16 37 0 T M M 8.7 18 310 M M 8 1 22 310
17 58 16 37 -7 28 0 0.00 M M 7.8 18 150 M M 0 23 150
18 61 30 46 2 19 0 T M M 8.1 20 330 M M 4 24 330
19 56 32 44 0 21 0 0.12 M M 7.4 35 310 M M 6 1 42 300
20 64 32 48 3 17 0 0.00 M M 8.7 25 340 M M 4 33 320
21 70 31 51 6 14 0 0.00 M M 4.9 15 320 M M 0 21 320
22 70 39 55 10 10 0 0.00 M M 11.0 24 320 M M 2 30 330
23 61 40 51 5 14 0 0.04 M M 12.6 36 340 M M 6 3 42 340
24 58 32 45 -1 20 0 0.02 M M 10.4 36 310 M M 6 42 330
25 66 29 48 2 17 0 0.00 M M 3.2 10 180 M M 2 14 40
26 70 35 53 7 12 0 0.00 M M 4.8 23 320 M M 2 27 310
27 69 35 52 5 13 0 T M M 5.4 25 330 M M 1 8 33 340
28 64 30 47 0 18 0 0.01 M M 18.5 43 310 M M 3 52 310
29 77 28 53 6 12 0 0.00 M M 2.5 13 150 M M 0 16 150
30 74 41 58 10 7 0 0.02 M M 5.5 22 320 M M 2 27 320
================================================================================
SM 1654 730 750 0 1.14 M 250.6 M 109
================================================================================
AV 55.1 24.3 8.4 FASTST M M 4 MAX(MPH)
MISC ----> # 43 310 # 52 310
================================================================================
NOTES:
# LAST OF SEVERAL OCCURRENCES
COLUMN 17 PEAK WIND IN M.P.H.
PRELIMINARY LOCAL CLIMATOLOGICAL DATA (WS FORM: F-6) , PAGE 2
STATION: SHERIDAN WY
MONTH: APRIL
YEAR: 2020
LATITUDE: 44 46 N
LONGITUDE: 106 58 W
[TEMPERATURE DATA] [PRECIPITATION DATA] SYMBOLS USED IN COLUMN 16
AVERAGE MONTHLY: 39.7 TOTAL FOR MONTH: 1.14 1 = FOG OR MIST
DPTR FM NORMAL: -3.9 DPTR FM NORMAL: -0.46 2 = FOG REDUCING VISIBILITY
HIGHEST: 77 ON 29 GRTST 24HR 0.37 ON 11-11 TO 1/4 MILE OR LESS
LOWEST: -2 ON 3 3 = THUNDER
SNOW, ICE PELLETS, HAIL 4 = ICE PELLETS
TOTAL MONTH: M 5 = HAIL
GRTST 24HR M ON M 6 = FREEZING RAIN OR DRIZZLE
GRTST DEPTH: M ON M 7 = DUSTSTORM OR SANDSTORM:
VSBY 1/2 MILE OR LESS
8 = SMOKE OR HAZE
[NO. OF DAYS WITH] [WEATHER - DAYS WITH] 9 = BLOWING SNOW
X = TORNADO
MAX 32 OR BELOW: 3 0.01 INCH OR MORE: 10
MAX 90 OR ABOVE: 0 0.10 INCH OR MORE: 5
MIN 32 OR BELOW: 25 0.50 INCH OR MORE: 0
MIN 0 OR BELOW: 2 1.00 INCH OR MORE: 0
[HDD (BASE 65) ]
TOTAL THIS MO. 750 CLEAR (SCALE 0-3) 15
DPTR FM NORMAL 108 PTCLDY (SCALE 4-7) 12
TOTAL FM JUL 1 7124 CLOUDY (SCALE 8-10) 3
DPTR FM NORMAL 22
[CDD (BASE 65) ]
TOTAL THIS MO. 0
DPTR FM NORMAL 0 [PRESSURE DATA]
TOTAL FM JAN 1 0 HIGHEST SLP 30.43 ON 2
DPTR FM NORMAL 0 LOWEST SLP 29.57 ON 6
[REMARKS]
#FINAL-04-20#