000
CXUS56 KMFR 010930
CF6SIY
PRELIMINARY LOCAL CLIMATOLOGICAL DATA (WS FORM: F-6)
STATION: MONTAGUE CA
MONTH: SEPTEMBER
YEAR: 2023
LATITUDE: 41 46 N
LONGITUDE: 122 28 W
TEMPERATURE IN F: :PCPN: SNOW: WIND :SUNSHINE: SKY :PK WND
================================================================================
1 2 3 4 5 6A 6B 7 8 9 10 11 12 13 14 15 16 17 18
12Z AVG MX 2MIN
DY MAX MIN AVG DEP HDD CDD WTR SNW DPTH SPD SPD DIR MIN PSBL S-S WX SPD DR
================================================================================
1 64 54 59 -10 6 0 0.31 M M 5.5 18 180 M M 9 1 29 180
2 76 46 61 -8 4 0 0.00 M M 7.7 21 180 M M 2 38 160
3 75 48 62 -7 3 0 0.00 M M 5.3 22 340 M M 3 28 360
4 79 48 64 -4 1 0 0.00 M M 5.5 17 360 M M 2 21 360
5 85 46 66 -2 0 1 0.00 M M 3.9 14 330 M M 0 18 340
6 85 50 68 0 0 3 0.00 M M 5.1 14 20 M M 2 17 290
7 86 52 69 1 0 4 0.00 M M 6.4 16 170 M M 2 20 160
8 87 49 68 0 0 3 0.00 M M 6.4 22 170 M M 0 29 170
9 89 47 68 1 0 3 0.00 M M 3.8 12 170 M M 0 16 210
10 89 47 68 1 0 3 0.00 M M 4.3 17 340 M M 0 24 330
11 89 47 68 1 0 3 0.00 M M 4.6 17 340 M M 0 21 340
12 86 50 68 2 0 3 0.00 M M 8.1 22 360 M M 0 27 10
13 90 47 69 3 0 4 0.00 M M 5.1 17 330 M M 0 24 320
14 93 45 69 3 0 4 0.00 M M 4.2 9 360 M M 0 M M
15 95 42 69 4 0 4 0.00 M M 2.1 9 80 M M 0 13 70
16 93 48 71 6 0 6 0.00 M M 3.7 16 350 M M 1 8 19 350
17 94 51 73 8 0 8 0.00 M M 3.2 16 330 M M 0 8 22 330
18 90 52 71 7 0 6 0.00 M M 5.7 21 20 M M 0 26 40
19 84 46 65 1 0 0 0.00 M M 8.2 20 10 M M 0 8 26 10
20 70 39 55 -9 10 0 0.00 M M 11.6 26 360 M M 0 8 35 360
21 71 38 55 -8 10 0 0.00 M M 8.4 18 30 M M 1 25 40
22 75 38 57 -6 8 0 0.00 M M 2.5 12 40 M M 0 16 40
23 78 38 58 -4 7 0 0.00 M M 5.3 14 300 M M 3 8 25 300
24 74 53 64 2 1 0 T M M 15.7 35 170 M M 5 8 43 180
25 67 50 59 -3 6 0 0.03 M M 17.6 35 170 M M 5 44 170
26 69 48 59 -2 6 0 0.06 M M 5.8 20 260 M M 5 1 27 290
27 71 44 58 -3 7 0 T M M 7.4 20 350 M M 3 25 360
28 73 36 55 -5 10 0 0.00 M M 4.4 14 20 M M 0 16 20
29 69 42 56 -4 9 0 0.05 M M 6.3 20 40 M M 7 3 26 290
30 66 43 55 -5 10 0 T M M 11.2 23 360 M M 7 36 350
================================================================================
SM 2412 1384 98 55 0.45 M 195.0 M 57
================================================================================
AV 80.4 46.1 6.5 FASTST M M 2 MAX(MPH)
MISC ----> # 35 170 44 170
================================================================================
NOTES:
# LAST OF SEVERAL OCCURRENCES
COLUMN 17 PEAK WIND IN M.P.H.
PRELIMINARY LOCAL CLIMATOLOGICAL DATA (WS FORM: F-6) , PAGE 2
STATION: MONTAGUE CA
MONTH: SEPTEMBER
YEAR: 2023
LATITUDE: 41 46 N
LONGITUDE: 122 28 W
[TEMPERATURE DATA] [PRECIPITATION DATA] SYMBOLS USED IN COLUMN 16
AVERAGE MONTHLY: 63.3 TOTAL FOR MONTH: 0.45 1 = FOG OR MIST
DPTR FM NORMAL: -1.6 DPTR FM NORMAL: 0.18 2 = FOG REDUCING VISIBILITY
HIGHEST: 95 ON 15 GRTST 24HR 0.31 ON 1- 1 TO 1/4 MILE OR LESS
LOWEST: 36 ON 28 3 = THUNDER
SNOW, ICE PELLETS, HAIL 4 = ICE PELLETS
TOTAL MONTH: M 5 = HAIL
GRTST 24HR M ON M 6 = FREEZING RAIN OR DRIZZLE
GRTST DEPTH: M ON M 7 = DUSTSTORM OR SANDSTORM:
VSBY 1/2 MILE OR LESS
8 = SMOKE OR HAZE
[NO. OF DAYS WITH] [WEATHER - DAYS WITH] 9 = BLOWING SNOW
X = TORNADO
MAX 32 OR BELOW: 0 0.01 INCH OR MORE: 4
MAX 90 OR ABOVE: 6 0.10 INCH OR MORE: 1
MIN 32 OR BELOW: 0 0.50 INCH OR MORE: 0
MIN 0 OR BELOW: 0 1.00 INCH OR MORE: 0
[HDD (BASE 65) ]
TOTAL THIS MO. 98 CLEAR (SCALE 0-3) 23
DPTR FM NORMAL 13 PTCLDY (SCALE 4-7) 6
TOTAL FM JUL 1 100 CLOUDY (SCALE 8-10) 1
DPTR FM NORMAL 4
[CDD (BASE 65) ]
TOTAL THIS MO. 55
DPTR FM NORMAL -27 [PRESSURE DATA]
TOTAL FM JAN 1 915 HIGHEST SLP M ON M
DPTR FM NORMAL 216 LOWEST SLP 29.72 ON 1
[REMARKS]
#FINAL-09-23#