000
CXUS56 KFGZ 010910
CF6SJN
PRELIMINARY LOCAL CLIMATOLOGICAL DATA (WS FORM: F-6)
STATION: SAINT JOHNS AZ AIRPORT
MONTH: JULY
YEAR: 2021
LATITUDE: 34 31 N
LONGITUDE: 109 23 W
TEMPERATURE IN F: :PCPN: SNOW: WIND :SUNSHINE: SKY :PK WND
================================================================================
1 2 3 4 5 6A 6B 7 8 9 10 11 12 13 14 15 16 17 18
12Z AVG MX 2MIN
DY MAX MIN AVG DEP HDD CDD WTR SNW DPTH SPD SPD DIR MIN PSBL S-S WX SPD DR
================================================================================
1 90 63 77 2 0 12 0.00 M M 5.6 18 90 M M 3 25 90
2 90 67 79 4 0 14 0.01 M M 7.0 23 130 M M 5 3 28 130
3 93 60 77 1 0 12 0.20 M M 5.8 17 250 M M 3 3 23 260
4 91 62 77 1 0 12 0.06 M M 6.5 30 60 M M 3 3 36 60
5 94 65 80 4 0 15 0.16 M M 7.9 25 50 M M 2 3 36 350
6 97 63 80 4 0 15 0.00 M M 6.0 29 350 M M 1 36 340
7 97 64 81 5 0 16 0.14 M M 7.2 32 50 M M 1 3 47 50
8 99 59 79 3 0 14 0.00 M M 6.6 20 240 M M 0 27 250
9 104 65 85 9 0 20 0.00 M M 7.9 32 40 M M 0 39 40
10 104 65 85 9 0 20 0.00 M M 5.9 32 80 M M 0 42 80
11 102 65 84 8 0 19 0.00 M M 9.3 26 330 M M 0 8 33 340
12 100 63 82 6 0 17 T M M 8.9 31 200 M M 0 3 39 200
13 94 62 78 2 0 13 0.00 M M 8.2 32 280 M M 1 3 38 290
14 85 62 74 -2 0 9 0.16 M M 10.2 21 260 M M 5 13 26 260
15 89 66 78 2 0 13 0.00 M M 9.9 25 90 M M 3 29 90
16 92 64 78 2 0 13 0.11 M M 7.1 32 50 M M 3 13 37 40
17 90 63 77 1 0 12 0.00 M M 6.7 23 200 M M 2 31 180
18 90 62 76 0 0 11 0.16 M M 7.0 33 100 M M 2 3 39 120
19 93 64 79 3 0 14 0.00 M M 6.3 21 240 M M 1 3 26 240
20 96 62 79 3 0 14 0.02 M M 5.8 28 100 M M 2 38 37 110
21 94 67 81 5 0 16 0.14 M M 5.5 22 200 M M 2 3 26 210
22 89 63 76 0 0 11 0.32 M M 8.7 26 240 M M 4 13 35 240
23 85 59 72 -4 0 7 1.45 M M 9.7 32 250 M M 6 13 40 250
24 78 60 69 -7 0 4 0.16 M M 5.1 18 180 M M 5 13 26 60
25 78 62 70 -6 0 5 0.23 M M 3.1 21 170 M M 7 13 26 170
26 81 59 70 -6 0 5 0.00 M M 4.2 10 200 M M 3 1 14 200
27 86 61 74 -2 0 9 0.02 M M 7.2 25 200 M M 4 3 32 180
28 89 63 76 1 0 11 0.02 M M 6.2 22 250 M M 3 3 28 200
29 87 63 75 0 0 10 0.42 M M 5.4 22 340 M M 2 3 34 310
30 87 60 74 -1 0 9 0.22 M M 5.8 23 160 M M 2 3 32 160
31 87 61 74 -1 0 9 0.00 M M 5.9 24 240 M M 3 3 32 250
================================================================================
SM 2831 1944 0 381 4.00 M 212.6 M 78
================================================================================
AV 91.3 62.7 6.9 FASTST M M 3 MAX(MPH)
MISC ----> 33 100 47 50
================================================================================
NOTES:
# LAST OF SEVERAL OCCURRENCES
COLUMN 17 PEAK WIND IN M.P.H.
PRELIMINARY LOCAL CLIMATOLOGICAL DATA (WS FORM: F-6) , PAGE 2
STATION: SAINT JOHNS AZ AIRPORT
MONTH: JULY
YEAR: 2021
LATITUDE: 34 31 N
LONGITUDE: 109 23 W
[TEMPERATURE DATA] [PRECIPITATION DATA] SYMBOLS USED IN COLUMN 16
AVERAGE MONTHLY: 77.0 TOTAL FOR MONTH: 4.00 1 = FOG OR MIST
DPTR FM NORMAL: 1.1 DPTR FM NORMAL: 2.59 2 = FOG REDUCING VISIBILITY
HIGHEST: 104 ON 10, 9 GRTST 24HR 1.52 ON 22-23 TO 1/4 MILE OR LESS
LOWEST: 59 ON 26,23 3 = THUNDER
SNOW, ICE PELLETS, HAIL 4 = ICE PELLETS
TOTAL MONTH: M 5 = HAIL
GRTST 24HR M ON M 6 = FREEZING RAIN OR DRIZZLE
GRTST DEPTH: M ON M 7 = DUSTSTORM OR SANDSTORM:
VSBY 1/2 MILE OR LESS
8 = SMOKE OR HAZE
[NO. OF DAYS WITH] [WEATHER - DAYS WITH] 9 = BLOWING SNOW
X = TORNADO
MAX 32 OR BELOW: 0 0.01 INCH OR MORE: 18
MAX 90 OR ABOVE: 19 0.10 INCH OR MORE: 13
MIN 32 OR BELOW: 0 0.50 INCH OR MORE: 1
MIN 0 OR BELOW: 0 1.00 INCH OR MORE: 1
[HDD (BASE 65) ]
TOTAL THIS MO. 0 CLEAR (SCALE 0-3) 21
DPTR FM NORMAL 0 PTCLDY (SCALE 4-7) 10
TOTAL FM JUL 1 0 CLOUDY (SCALE 8-10) 0
DPTR FM NORMAL 0
[CDD (BASE 65) ]
TOTAL THIS MO. 381
DPTR FM NORMAL 45 [PRESSURE DATA]
TOTAL FM JAN 1 745 HIGHEST SLP M ON M
DPTR FM NORMAL 164 LOWEST SLP 29.65 ON 11
[REMARKS]
#FINAL-07-21#