000
CXUS56 KPQR 011155
CF6SLE
PRELIMINARY LOCAL CLIMATOLOGICAL DATA (WS FORM: F-6)
STATION: SALEM OR
MONTH: MAY
YEAR: 2022
LATITUDE: 44 55 N
LONGITUDE: 123 0 W
TEMPERATURE IN F: :PCPN: SNOW: WIND :SUNSHINE: SKY :PK WND
================================================================================
1 2 3 4 5 6A 6B 7 8 9 10 11 12 13 14 15 16 17 18
12Z AVG MX 2MIN
DY MAX MIN AVG DEP HDD CDD WTR SNW DPTH SPD SPD DIR MIN PSBL S-S WX SPD DR
================================================================================
1 66 46 56 2 9 0 0.00 M M 3.6 16 230 M M 6 21 230
2 54 46 50 -5 15 0 0.45 M M 11.1 28 180 M M 10 18 36 200
3 63 48 56 1 9 0 T M M 3.9 9 340 M M 7 12 120
4 75 44 60 5 5 0 0.00 M M 3.5 12 270 M M 0 13 280
5 61 47 54 -2 11 0 0.64 M M 7.9 23 220 M M 9 1 31 200
6 61 50 56 0 9 0 0.78 M M 10.1 26 240 M M 10 18 34 240
7 58 43 51 -5 14 0 0.21 M M 10.5 25 280 M M 8 1 32 270
8 53 40 47 -9 18 0 0.11 M M 8.7 21 290 M M 8 1 25 300
9 56 39 48 -8 17 0 0.01 M M 6.3 20 230 M M 6 26 210
10 61 42 52 -5 13 0 0.00 M M 3.3 16 280 M M 6 18 290
11 62 40 51 -6 14 0 T M M 6.9 18 260 M M 6 24 270
12 53 38 46 -11 19 0 0.39 M M 12.0 29 170 M M 8 1 38 170
13 58 36 47 -10 18 0 0.36 M M 5.8 18 180 M M 6 1 23 170
14 69 56 63 5 2 0 0.28 M M 10.2 22 200 M M 9 18 27 200
15 72 55 64 6 1 0 0.02 M M 6.2 21 200 M M 8 27 200
16 65 50 58 0 7 0 0.00 M M 6.6 14 320 M M 9 17 290
17 68 43 56 -2 9 0 0.00 M M 3.0 12 270 M M 3 14 280
18 64 45 55 -3 10 0 0.16 M M 10.4 22 240 M M 6 18 29 240
19 60 43 52 -6 13 0 0.03 M M 7.8 22 300 M M 7 29 300
20 62 40 51 -8 14 0 0.00 M M 4.6 14 30 M M 5 19 40
21 73 41 57 -2 8 0 0.00 M M 5.7 15 300 M M 1 20 300
22 76 44 60 1 5 0 0.00 M M 4.3 14 280 M M 1 17 280
23 74 50 62 3 3 0 0.00 M M 5.7 16 310 M M 3 19 320
24 73 43 58 -1 7 0 T M M 3.5 12 350 M M 6 14 230
25 76 56 66 7 0 1 0.00 M M 5.0 10 60 M M 5 14 140
26 76 56 66 6 0 1 0.09 M M 4.7 15 240 M M 4 19 240
27 65 52 59 -1 6 0 T M M 6.1 14 200 M M 8 19 200
28 63 51 57 -3 8 0 0.44 M M 9.0 29 180 M M 10 18 36 190
29 61 50 56 -4 9 0 0.10 M M 10.4 22 300 M M 10 29 270
30 65 48 57 -3 8 0 0.01 M M 4.4 15 350 M M 7 18 340
31 77 49 63 3 2 0 0.00 M M 4.7 12 340 M M 3 14 350
================================================================================
SM 2020 1431 283 2 4.08 M 205.9 M 195
================================================================================
AV 65.2 46.2 6.6 FASTST M M 6 MAX(MPH)
MISC ----> # 29 170 38 170
================================================================================
NOTES:
# LAST OF SEVERAL OCCURRENCES
COLUMN 17 PEAK WIND IN M.P.H.
PRELIMINARY LOCAL CLIMATOLOGICAL DATA (WS FORM: F-6) , PAGE 2
STATION: SALEM OR
MONTH: MAY
YEAR: 2022
LATITUDE: 44 55 N
LONGITUDE: 123 0 W
[TEMPERATURE DATA] [PRECIPITATION DATA] SYMBOLS USED IN COLUMN 16
AVERAGE MONTHLY: 55.7 TOTAL FOR MONTH: 4.08 1 = FOG OR MIST
DPTR FM NORMAL: -2.0 DPTR FM NORMAL: 1.83 2 = FOG REDUCING VISIBILITY
HIGHEST: 77 ON 31 GRTST 24HR 0.78 ON 5- 6 TO 1/4 MILE OR LESS
LOWEST: 36 ON 13 3 = THUNDER
SNOW, ICE PELLETS, HAIL 4 = ICE PELLETS
TOTAL MONTH: M 5 = HAIL
GRTST 24HR M ON M 6 = FREEZING RAIN OR DRIZZLE
GRTST DEPTH: M ON M 7 = DUSTSTORM OR SANDSTORM:
VSBY 1/2 MILE OR LESS
8 = SMOKE OR HAZE
[NO. OF DAYS WITH] [WEATHER - DAYS WITH] 9 = BLOWING SNOW
X = TORNADO
MAX 32 OR BELOW: 0 0.01 INCH OR MORE: 16
MAX 90 OR ABOVE: 0 0.10 INCH OR MORE: 11
MIN 32 OR BELOW: 0 0.50 INCH OR MORE: 2
MIN 0 OR BELOW: 0 1.00 INCH OR MORE: 0
[HDD (BASE 65) ]
TOTAL THIS MO. 283 CLEAR (SCALE 0-3) 5
DPTR FM NORMAL 44 PTCLDY (SCALE 4-7) 17
TOTAL FM JUL 1 4084 CLOUDY (SCALE 8-10) 9
DPTR FM NORMAL -149
[CDD (BASE 65) ]
TOTAL THIS MO. 2
DPTR FM NORMAL -9 [PRESSURE DATA]
TOTAL FM JAN 1 2 HIGHEST SLP 30.32 ON 3
DPTR FM NORMAL -10 LOWEST SLP 29.57 ON 28
[REMARKS]
#FINAL-05-22#