000
CXUS51 KBTV 010800
CF6SLK
PRELIMINARY LOCAL CLIMATOLOGICAL DATA (WS FORM: F-6)
STATION: SARANAC LAKE NY
MONTH: NOVEMBER
YEAR: 2023
LATITUDE: 44 23 N
LONGITUDE: 74 12 W
TEMPERATURE IN F: :PCPN: SNOW: WIND :SUNSHINE: SKY :PK WND
================================================================================
1 2 3 4 5 6A 6B 7 8 9 10 11 12 13 14 15 16 17 18
12Z AVG MX 2MIN
DY MAX MIN AVG DEP HDD CDD WTR SNW DPTH SPD SPD DIR MIN PSBL S-S WX SPD DR
================================================================================
1 31 24 28 -9 37 0 0.05 M M 4.7 10 70 M M 10 128 14 310
2 36 16 26 -11 39 0 T M M 6.8 17 220 M M 8 22 210
3 52 34 43 6 22 0 0.00 M M 14.1 26 210 M M 3 37 220
4 50 36 43 7 22 0 0.11 M M 5.1 20 250 M M 10 12 29 240
5 44 28 36 0 29 0 0.00 M M 1.6 9 310 M M 8 12 14 340
6 46 22 34 -2 31 0 T M M 5.7 29 190 M M 7 39 200
7 49 25 37 2 28 0 0.23 M M 9.6 20 220 M M 10 1 26 240
8 32 23 28 -7 37 0 0.00 M M 4.2 13 290 M M 5 21 290
9 40 26 33 -1 32 0 0.19 M M 5.4 15 240 M M 10 16 24 280
10 40 31 36 2 29 0 0.09 M M 5.8 12 240 M M 10 1 21 310
11 31 26 29 -5 36 0 T M M 3.6 9 290 M M 10 1 14 310
12 33 12 23 -10 42 0 0.00 M M 2.1 10 300 M M 6 20 240
13 33 9 21 -12 44 0 0.02 M M 1.2 10 210 M M 7 128 12 200
14 33 30 32 0 33 0 0.08 M M 2.4 8 270 M M 10 1 13 270
15 41 20 31 -1 34 0 0.00 M M 4.1 14 220 M M 2 12 17 220
16 52 23 38 6 27 0 0.00 M M 3.1 14 210 M M 2 1 17 230
17 59 24 42 11 23 0 0.40 M M 8.6 22 210 M M 6 1 28 210
18 35 24 30 -1 35 0 0.01 M M 4.4 9 260 M M 7 18 15 260
19 35 23 29 -2 36 0 0.01 M M 7.0 14 250 M M 9 1 23 250
20 29 7 18 -12 47 0 T M M 1.9 8 250 M M 5 8 15 280
21 35 4 20 -10 45 0 0.29 M M 5.5 20 160 M M 3 16 27 150
22 41 33 37 8 28 0 0.05 M M 1.3 13 200 M M 10 1 19 190
23 37 29 33 4 32 0 0.02 M M 6.2 12 270 M M 10 1 19 220
24 35 14 25 -4 40 0 0.07 M M 6.1 14 260 M M 6 18 20 260
25 30 5 18 -10 47 0 0.00 M M 6.2 16 230 M M 5 23 250
26 41 17 29 1 36 0 0.29 M M 3.5 15 160 M M 5 1 22 170
27 35 26 31 3 34 0 0.17 M M 7.4 16 250 M M 10 1 24 250
28 27 17 22 -5 43 0 0.01 M M 7.9 18 240 M M 9 18 27 260
29 24 14 19 -8 46 0 T M M 10.4 18 220 M M 10 18 24 210
30 40 23 32 6 33 0 T M M 12.2 23 210 M M 6 18 30 210
================================================================================
SM 1146 645 1047 0 2.09 M 168.1 M 219
================================================================================
AV 38.2 21.5 5.6 FASTST M M 7 MAX(MPH)
MISC ----> 29 190 39 200
================================================================================
NOTES:
# LAST OF SEVERAL OCCURRENCES
COLUMN 17 PEAK WIND IN M.P.H.
PRELIMINARY LOCAL CLIMATOLOGICAL DATA (WS FORM: F-6) , PAGE 2
STATION: SARANAC LAKE NY
MONTH: NOVEMBER
YEAR: 2023
LATITUDE: 44 23 N
LONGITUDE: 74 12 W
[TEMPERATURE DATA] [PRECIPITATION DATA] SYMBOLS USED IN COLUMN 16
AVERAGE MONTHLY: 29.9 TOTAL FOR MONTH: 2.09 1 = FOG OR MIST
DPTR FM NORMAL: -2.0 DPTR FM NORMAL: -0.75 2 = FOG REDUCING VISIBILITY
HIGHEST: 59 ON 17 GRTST 24HR 0.46 ON 26-27 TO 1/4 MILE OR LESS
LOWEST: 4 ON 21 3 = THUNDER
SNOW, ICE PELLETS, HAIL 4 = ICE PELLETS
TOTAL MONTH: M 5 = HAIL
GRTST 24HR M ON M 6 = FREEZING RAIN OR DRIZZLE
GRTST DEPTH: M ON M 7 = DUSTSTORM OR SANDSTORM:
VSBY 1/2 MILE OR LESS
8 = SMOKE OR HAZE
[NO. OF DAYS WITH] [WEATHER - DAYS WITH] 9 = BLOWING SNOW
X = TORNADO
MAX 32 OR BELOW: 7 0.01 INCH OR MORE: 17
MAX 90 OR ABOVE: 0 0.10 INCH OR MORE: 7
MIN 32 OR BELOW: 27 0.50 INCH OR MORE: 0
MIN 0 OR BELOW: 0 1.00 INCH OR MORE: 0
[HDD (BASE 65) ]
TOTAL THIS MO. 1047 CLEAR (SCALE 0-3) 2
DPTR FM NORMAL 54 PTCLDY (SCALE 4-7) 14
TOTAL FM JUL 1 1992 CLOUDY (SCALE 8-10) 14
DPTR FM NORMAL -226
[CDD (BASE 65) ]
TOTAL THIS MO. 0
DPTR FM NORMAL 0 [PRESSURE DATA]
TOTAL FM JAN 1 145 HIGHEST SLP M ON M
DPTR FM NORMAL 25 LOWEST SLP 29.54 ON 27
[REMARKS]
#FINAL-11-23#