000
CXUS53 KICT 011847
CLMSLN
CLIMATE REPORT
NATIONAL WEATHER SERVICE WICHITA KANSAS
1247 PM CST FRI MAR 01 2024
...................................
...THE SALINA KS CLIMATE SUMMARY FOR THE MONTH OF FEBRUARY 2024...
CLIMATE NORMAL PERIOD 1991 TO 2020
CLIMATE RECORD PERIOD 1894 TO 2024
WEATHER OBSERVED NORMAL DEPART LAST YEAR`S
VALUE DATE(S) VALUE FROM VALUE DATE(S)
NORMAL
................................................................
TEMPERATURE (F)
RECORD
HIGH 84 02/28/2006
02/14/1954
02/23/1918
LOW -31 02/13/1905
HIGHEST 82 02/26 67 02/26
02/27
LOWEST 11 02/17 6 02/01
AVG. MAXIMUM 58.4 46.3 12.1 52.6
AVG. MINIMUM 30.0 23.6 6.4 21.5
MEAN 44.2 34.9 9.3 37.1
DAYS MAX >= 90 0 0.0 0.0 0
DAYS MAX <= 32 0 5.0 -5.0 3
DAYS MIN <= 32 20 22.7 -2.7 26
DAYS MIN <= 0 0 0.6 -0.6 0
PRECIPITATION (INCHES)
RECORD
MAXIMUM 4.68 1911
MINIMUM 0.00 2006
TOTALS 0.80 0.87 -0.07 0.70
DAILY AVG. 0.03 NAN NAN 0.03
DAYS >= .01 3 5.1 -2.1 3
DAYS >= .10 2 2.2 -0.2 2
DAYS >= .50 1 0.6 0.4 0
DAYS >= 1.00 0 0.2 -0.2 0
GREATEST
24 HR. TOTAL 0.67 02/03 TO 02/04
DEGREE DAYS
HEATING TOTAL 595 841 -246 775
SINCE 7/1 3431 3924 -493 MM
COOLING TOTAL 0 0 0 0
................................................................
WIND (MPH)
AVERAGE WIND SPEED 10.6
HIGHEST WIND SPEED/DIRECTION 40/350 DATE 02/27
HIGHEST GUST SPEED/DIRECTION 51/350 DATE 02/27
SKY COVER
POSSIBLE SUNSHINE (PERCENT) MM
AVERAGE SKY COVER 0.24
NUMBER OF DAYS FAIR 21
NUMBER OF DAYS PC 4
NUMBER OF DAYS CLOUDY 4
AVERAGE RH (PERCENT) 62
WEATHER CONDITIONS. NUMBER OF DAYS WITH
THUNDERSTORM 1 MIXED PRECIP 0
HEAVY RAIN 1 RAIN 1
LIGHT RAIN 3 FREEZING RAIN 0
LT FREEZING RAIN 0 HAIL 0
HEAVY SNOW 0 SNOW 0
LIGHT SNOW 1 SLEET 0
FOG 5 FOG W/VIS <= 1/4 MILE 2
HAZE 3
- INDICATES NEGATIVE NUMBERS.
R INDICATES RECORD WAS SET OR TIED.
MM INDICATES DATA IS MISSING.
T INDICATES TRACE AMOUNT.
$$