000
CXUS54 KMAF 011110
CF6SNK
PRELIMINARY LOCAL CLIMATOLOGICAL DATA (WS FORM: F-6)
STATION: SNYDER WINSTON FIELD
MONTH: APRIL
YEAR: 2022
LATITUDE: 32 41 N
LONGITUDE: 100 57 W
TEMPERATURE IN F: :PCPN: SNOW: WIND :SUNSHINE: SKY :PK WND
================================================================================
1 2 3 4 5 6A 6B 7 8 9 10 11 12 13 14 15 16 17 18
12Z AVG MX 2MIN
DY MAX MIN AVG DEP HDD CDD WTR SNW DPTH SPD SPD DIR MIN PSBL S-S WX SPD DR
================================================================================
1 82 48 65 M 0 0 M M M 14.6 25 180 M M 0 36 180
2 77 44 61 M 4 0 M M M 4.7 10 60 M M 0 M M
3 91 51 71 M 0 6 0.06 M M 12.2 23 160 M M 0 37 170
4 67 53 60 M 5 0 M M M 7.5 17 10 M M 5 24 10
5 92 48 70 M 0 5 0.02 M M 12.6 28 230 M M 3 1 40 230
6 68 50 59 M 6 0 M M M 14.9 32 10 M M 0 43 10
7 68 42 55 M 10 0 M M M 10.0 16 340 M M 0 25 340
8 71 41 56 M 9 0 M M M 7.0 12 10 M M 0 22 340
9 87 42 65 M 0 0 M M M 13.7 24 210 M M 0 33 210
10 90 62 76 M 0 11 M M M 13.9 24 250 M M 0 29 250
11 85 55 70 M 0 5 M M M 6.5 14 10 M M 0 23 10
12 91 64 78 M 0 13 M M M 14.5 29 230 M M 0 37 230
13 73 56 65 M 0 0 M M M 12.2 25 290 M M 0 32 280
14 84 41 63 M 2 0 M M M 9.9 18 160 M M 0 24 160
15 94 59 77 M 0 12 M M M 13.0 23 240 M M 0 31 240
16 72 52 62 M 3 0 M M M 10.9 21 10 M M 0 31 10
17 86 44 65 M 0 0 M M M 7.9 15 90 M M 1 22 280
18 74 50 62 M 3 0 M M M 15.4 24 60 M M 0 29 60
19 75 56 66 M 0 1 M M M 17.0 22 160 M M 8 32 160
20 96 67 82 M 0 17 M M M 12.3 22 190 M M 3 29 190
21 94 66 80 M 0 15 0.06 M M 15.2 28 140 M M 0 33 140
22 88 68 78 M 0 13 M M M 21.9 32 160 M M 6 44 160
23 91 68 80 M 0 15 M M M 15.7 28 170 M M 5 40 170
24 74 53 64 M 1 0 0.08 M M 11.5 20 10 M M 7 3 23 10
25 70 51 61 M 4 0 M M M 14.3 22 60 M M 4 30 60
26 74 45 60 M 5 0 M M M 8.6 14 90 M M 0 21 80
27 80 55 68 M 0 3 M M M 13.1 21 160 M M 4 33 180
28 91 64 78 M 0 13 M M M 15.7 23 160 M M 1 29 160
29 94 67 81 M 0 16 M M M 13.4 25 250 M M 1 33 250
30 80 60 70 M 0 5 M M M 10.0 21 30 M M 0 31 190
================================================================================
SM 2459 1622 52 150 0.22 M 370.2 M 48
================================================================================
AV 82.0 54.1 12.3 FASTST M M 2 MAX(MPH)
MISC ----> # 32 10 44 160
================================================================================
NOTES:
# LAST OF SEVERAL OCCURRENCES
COLUMN 17 PEAK WIND IN M.P.H.
PRELIMINARY LOCAL CLIMATOLOGICAL DATA (WS FORM: F-6) , PAGE 2
STATION: SNYDER WINSTON FIELD
MONTH: APRIL
YEAR: 2022
LATITUDE: 32 41 N
LONGITUDE: 100 57 W
[TEMPERATURE DATA] [PRECIPITATION DATA] SYMBOLS USED IN COLUMN 16
AVERAGE MONTHLY: 68.0 TOTAL FOR MONTH: 0.22 1 = FOG OR MIST
DPTR FM NORMAL: 0.0 DPTR FM NORMAL: M 2 = FOG REDUCING VISIBILITY
HIGHEST: 96 ON 20 GRTST 24HR 0.08 ON 24-24 TO 1/4 MILE OR LESS
LOWEST: 41 ON 14, 8 3 = THUNDER
SNOW, ICE PELLETS, HAIL 4 = ICE PELLETS
TOTAL MONTH: M 5 = HAIL
GRTST 24HR M ON M 6 = FREEZING RAIN OR DRIZZLE
GRTST DEPTH: M ON M 7 = DUSTSTORM OR SANDSTORM:
VSBY 1/2 MILE OR LESS
8 = SMOKE OR HAZE
[NO. OF DAYS WITH] [WEATHER - DAYS WITH] 9 = BLOWING SNOW
X = TORNADO
MAX 32 OR BELOW: 0 0.01 INCH OR MORE: 4
MAX 90 OR ABOVE: 10 0.10 INCH OR MORE: 0
MIN 32 OR BELOW: 0 0.50 INCH OR MORE: 0
MIN 0 OR BELOW: 0 1.00 INCH OR MORE: 0
[HDD (BASE 65) ]
TOTAL THIS MO. 52 CLEAR (SCALE 0-3) 23
DPTR FM NORMAL M PTCLDY (SCALE 4-7) 7
TOTAL FM JUL 1 2373 CLOUDY (SCALE 8-10) 0
DPTR FM NORMAL M
[CDD (BASE 65) ]
TOTAL THIS MO. 150
DPTR FM NORMAL M [PRESSURE DATA]
TOTAL FM JAN 1 182 HIGHEST SLP M ON M
DPTR FM NORMAL M LOWEST SLP M ON M
[REMARKS]
#FINAL-04-22#