000
CXUS56 KMTR 011000
CF6SNS
PRELIMINARY LOCAL CLIMATOLOGICAL DATA (WS FORM: F-6)
STATION: SALINAS AIRPORT
MONTH: FEBRUARY
YEAR: 2023
LATITUDE: 36 40 N
LONGITUDE: 121 36 W
TEMPERATURE IN F: :PCPN: SNOW: WIND :SUNSHINE: SKY :PK WND
================================================================================
1 2 3 4 5 6A 6B 7 8 9 10 11 12 13 14 15 16 17 18
12Z AVG MX 2MIN
DY MAX MIN AVG DEP HDD CDD WTR SNW DPTH SPD SPD DIR MIN PSBL S-S WX SPD DR
================================================================================
1 63 38 51 -2 14 0 0.00 M M 10.1 24 130 M M 0 29 130
2 63 38 51 -2 14 0 0.00 M M 12.6 28 130 M M 0 36 130
3 62 46 54 1 11 0 T M M 8.7 20 130 M M 6 31 130
4 67 44 56 3 9 0 0.03 M M 10.2 25 130 M M 8 31 150
5 58 45 52 -1 13 0 0.13 M M 8.2 24 300 M M 4 35 280
6 60 39 50 -3 15 0 0.00 M M 4.0 14 340 M M 1 18 340
7 62 38 50 -3 15 0 0.00 M M 5.0 14 280 M M 0 17 290
8 66 39 53 0 12 0 0.00 M M 4.7 13 290 M M 0 15 300
9 73 43 58 5 7 0 0.00 M M 7.7 16 130 M M 0 21 300
10 59 40 50 -3 15 0 0.00 M M 8.9 21 260 M M 3 26 260
11 54 38 46 -7 19 0 0.13 M M 5.0 15 140 M M 7 22 150
12 61 35 48 -5 17 0 0.00 M M 5.1 14 310 M M 0 19 310
13 56 45 51 -2 14 0 0.00 M M 7.9 21 240 M M 9 27 240
14 56 36 46 -7 19 0 0.01 M M 8.0 30 290 M M 3 45 290
15 59 34 47 -6 18 0 0.00 M M 4.4 15 290 M M 0 M M
16 59 36 48 -5 17 0 0.00 M M 10.2 21 130 M M 0 25 140
17 65 33 49 -4 16 0 0.00 M M 6.9 18 120 M M 0 24 140
18 68 34 51 -2 14 0 0.00 M M 7.5 18 140 M M 0 22 140
19 70 36 53 0 12 0 0.00 M M 6.7 16 310 M M 0 19 310
20 72 39 56 3 9 0 0.00 M M 8.1 18 300 M M 0 24 140
21 58 42 50 -3 15 0 0.00 M M 15.5 39 290 M M 5 7 51 280
22 52 40 46 -7 19 0 0.03 M M 14.6 26 290 M M 5 7 37 280
23 53 37 45 -9 20 0 0.04 M M 11.7 26 150 M M 7 37 150
24 49 41 45 -9 20 0 0.50 M M 7.6 31 120 M M 10 39 140
25 56 39 48 -6 17 0 T M M 6.1 17 300 M M 6 24 300
26 53 40 47 -7 18 0 0.04 M M 11.4 22 150 M M 9 27 160
27 53 41 47 -7 18 0 0.23 M M 7.6 25 240 M M 8 3 32 240
28 54 42 48 -6 17 0 0.48 M M 12.0 22 140 M M 10 1 28 140
================================================================================
SM 1681 1098 424 0 1.62 M 236.4 M 101
================================================================================
AV 60.0 39.2 8.4 FASTST M M 4 MAX(MPH)
MISC ----> 39 290 51 280
================================================================================
NOTES:
# LAST OF SEVERAL OCCURRENCES
COLUMN 17 PEAK WIND IN M.P.H.
PRELIMINARY LOCAL CLIMATOLOGICAL DATA (WS FORM: F-6) , PAGE 2
STATION: SALINAS AIRPORT
MONTH: FEBRUARY
YEAR: 2023
LATITUDE: 36 40 N
LONGITUDE: 121 36 W
[TEMPERATURE DATA] [PRECIPITATION DATA] SYMBOLS USED IN COLUMN 16
AVERAGE MONTHLY: 49.6 TOTAL FOR MONTH: 1.62 1 = FOG OR MIST
DPTR FM NORMAL: -3.5 DPTR FM NORMAL: -0.80 2 = FOG REDUCING VISIBILITY
HIGHEST: 73 ON 9 GRTST 24HR 0.50 ON 23-24 TO 1/4 MILE OR LESS
LOWEST: 33 ON 17 3 = THUNDER
SNOW, ICE PELLETS, HAIL 4 = ICE PELLETS
TOTAL MONTH: M 5 = HAIL
GRTST 24HR M ON M 6 = FREEZING RAIN OR DRIZZLE
GRTST DEPTH: M ON M 7 = DUSTSTORM OR SANDSTORM:
VSBY 1/2 MILE OR LESS
8 = SMOKE OR HAZE
[NO. OF DAYS WITH] [WEATHER - DAYS WITH] 9 = BLOWING SNOW
X = TORNADO
MAX 32 OR BELOW: 0 0.01 INCH OR MORE: 10
MAX 90 OR ABOVE: 0 0.10 INCH OR MORE: 5
MIN 32 OR BELOW: 0 0.50 INCH OR MORE: 1
MIN 0 OR BELOW: 0 1.00 INCH OR MORE: 0
[HDD (BASE 65) ]
TOTAL THIS MO. 424 CLEAR (SCALE 0-3) 15
DPTR FM NORMAL 90 PTCLDY (SCALE 4-7) 9
TOTAL FM JUL 1 1712 CLOUDY (SCALE 8-10) 4
DPTR FM NORMAL -59
[CDD (BASE 65) ]
TOTAL THIS MO. 0
DPTR FM NORMAL 0 [PRESSURE DATA]
TOTAL FM JAN 1 0 HIGHEST SLP M ON M
DPTR FM NORMAL 0 LOWEST SLP 29.62 ON 24
[REMARKS]
#FINAL-02-23#