000
CXUS55 KPUB 012237
CF6SPD
PRELIMINARY LOCAL CLIMATOLOGICAL DATA (WS FORM: F-6)
STATION: SPRINGFIELD CO
MONTH: JULY
YEAR: 2023
LATITUDE: 37 16 N
LONGITUDE: 102 37 W
TEMPERATURE IN F: :PCPN: SNOW: WIND :SUNSHINE: SKY :PK WND
================================================================================
1 2 3 4 5 6A 6B 7 8 9 10 11 12 13 14 15 16 17 18
12Z AVG MX 2MIN
DY MAX MIN AVG DEP HDD CDD WTR SNW DPTH SPD SPD DIR MIN PSBL S-S WX SPD DR
================================================================================
1 86 57 72 -3 0 7 0.00 M M 12.7 16 320 M M 0 22 300
2 91 56 74 -1 0 9 0.00 M M M 20 230 M M M 28 230
3 92 55 74 -1 0 9 0.00 M M 7.2 15 170 M M 0 19 160
4 97 59 78 3 0 13 0.00 M M 9.6 14 220 M M 0 25 220
5 80 60 70 -5 0 5 0.05 M M 16.0 59 350 M M 0 82 350
6 83 59 71 -4 0 6 M M M M 59 360 M M 0 82 360
7 83 64 74 -1 0 9 0.07 M M M M M M M 0 M M
8 84 58 71 -4 0 6 0.00 M M M M M M M 0 M M
9 78 58 68 -8 0 3 0.00 M M M M M M M 0 M M
10 97 65 81 5 0 16 0.00 M M M M M M M 0 M M
11 97 59 78 2 0 13 0.00 M M M M M M M 0 M M
12 96 68 82 6 0 17 0.00 M M M M M M M 0 M M
13 87 67 77 1 0 12 0.58 M M M 29 180 M M M 38 150
14 92 64 78 2 0 13 0.00 M M 12.9 25 30 M M M 35 220
15 86 61 74 -2 0 9 0.00 M M 9.1 23 120 M M M 30 130
16 97 61 79 3 0 14 0.00 M M 5.9 14 190 M M M 17 190
17 102 65 84 8 0 19 0.00 M M 9.0 20 220 M M M 29 230
18 99 67 83 7 0 18 0.00 M M 13.9 28 100 M M M 36 100
19 M 67 M M M M M M M 13.9 28 100 M M M 36 100
20 M 68 M M M M 0.00 M M M M M M M M M M
21 92 65 79 3 0 14 0.00 M M 9.6 30 360 M M 0 39 230
22 89 60 75 -1 0 10 0.09 M M 8.0 28 330 M M M 35 320
23 M 62 M M M M 0.00 M M 7.7 15 170 M M M 21 180
24 M M M M M M 0.00 M M 4.9 18 270 M M M 26 270
25 M M M M M M 0.00 M M 7.0 20 10 M M M 29 320
26 M M M M M M 0.00 M M 7.5 16 10 M M M 22 40
27 M M M M M M 0.00 M M 11.0 33 220 M M M 47 230
28 M M M M M M 0.00 M M 7.1 17 320 M M M 24 320
29 M M M M M M 0.00 M M 8.7 18 10 M M M 23 360
30 M M M M M M 0.00 M M 12.0 23 180 M M M 31 170
31 M M M M M M 0.00 M M 12.4 23 170 M M M 31 160
================================================================================
SM 1808 1425 0 222 0.79 M 206.1 M 0
================================================================================
AV 90.4 62.0 9.8 FASTST M M 0 MAX(MPH)
MISC ----> 59 360 82 360
================================================================================
NOTES:
ASOS FAILED ON 19TH AND 20TH...AND BRIEFLY ON THE 6TH DURING SEVERE WEATHER
EVENT. TEMPERATURES FAILED THE AFTERNOON OF THE 23RD AND WERE NOT RESTORED UNTIL
AUGUST 1ST. ISSUE NOT DISCOVERED UNTIL THE 30TH...DUE TO ONGOING COMMS ISSUES.
COLUMN 17 PEAK WIND IN M.P.H.
PRELIMINARY LOCAL CLIMATOLOGICAL DATA (WS FORM: F-6) , PAGE 2
STATION: SPRINGFIELD CO
MONTH: JULY
YEAR: 2023
LATITUDE: 37 16 N
LONGITUDE: 102 37 W
[TEMPERATURE DATA] [PRECIPITATION DATA] SYMBOLS USED IN COLUMN 16
AVERAGE MONTHLY: 76.2 TOTAL FOR MONTH: 0.79 1 = FOG OR MIST
DPTR FM NORMAL: 0.7 DPTR FM NORMAL: -2.02 2 = FOG REDUCING VISIBILITY
HIGHEST: 102 ON 17 GRTST 24HR 0.58 ON 13 TO 1/4 MILE OR LESS
LOWEST: 55 ON 3 3 = THUNDER
SNOW, ICE PELLETS, HAIL 4 = ICE PELLETS
TOTAL MONTH: M 5 = HAIL
GRTST 24HR M ON M 6 = FREEZING RAIN OR DRIZZLE
GRTST DEPTH: M ON M 7 = DUSTSTORM OR SANDSTORM:
VSBY 1/2 MILE OR LESS
8 = SMOKE OR HAZE
[NO. OF DAYS WITH] [WEATHER - DAYS WITH] 9 = BLOWING SNOW
X = TORNADO
MAX 32 OR BELOW: 0 0.01 INCH OR MORE: 4
MAX 90 OR ABOVE: 11 0.10 INCH OR MORE: 1
MIN 32 OR BELOW: 0 0.50 INCH OR MORE: 1
MIN 0 OR BELOW: 0 1.00 INCH OR MORE: 0
[HDD (BASE 65) ]
TOTAL THIS MO. 0 CLEAR (SCALE 0-3) 12
DPTR FM NORMAL -2 PTCLDY (SCALE 4-7) 0
TOTAL FM JUL 1 0 CLOUDY (SCALE 8-10) 19
DPTR FM NORMAL 0
[CDD (BASE 65) ]
TOTAL THIS MO. 222
DPTR FM NORMAL -107 [PRESSURE DATA]
TOTAL FM JAN 1 410 HIGHEST SLP M ON M
DPTR FM NORMAL -177 LOWEST SLP 29.71 ON 7
[REMARKS]
#FINAL-07-23#