000
CXUS52 KTBW 080111 RRA
CF6SPG
PRELIMINARY LOCAL CLIMATOLOGICAL DATA (WS FORM: F-6)
STATION: SAINT PETERSBURG
MONTH: JANUARY
YEAR: 2023
LATITUDE: 27 46 N
LONGITUDE: 82 38 W
TEMPERATURE IN F: :PCPN: SNOW: WIND :SUNSHINE: SKY :PK WND
================================================================================
1 2 3 4 5 6A 6B 7 8 9 10 11 12 13 14 15 16 17 18
12Z AVG MX 2MIN
DY MAX MIN AVG DEP HDD CDD WTR SNW DPTH SPD SPD DIR MIN PSBL S-S WX SPD DR
================================================================================
1 73 66 70 7 0 5 0.00 0.0 0 2.6 12 200 M M 8 128 15 210
2 M M M M M M 0.00 0.0 0 3.1 10 80 M M 4 128 11 80
3 80 64 72 10 0 7 0.00 0.0 0 6.2 16 200 M M 0 18 23 200
4 79 64 72 10 0 7 0.15 0.0 0 7.4 22 200 M M 6 12 30 190
5 73 65 69 7 0 4 0.42 0.0 0 6.5 16 340 M M 8 13 22 340
6 68 57 63 1 2 0 0.00 0.0 0 7.8 17 10 M M 0 22 20
7 70 55 63 1 2 0 0.00 0.0 0 8.1 16 90 M M 0 19 90
8 74 57 66 4 0 1 0.00 0.0 0 4.6 15 100 M M 0 18 90
9 73 60 67 5 0 2 T 0.0 0 4.4 12 330 M M 1 1 16 330
10 69 56 63 1 2 0 0.00 0.0 0 6.4 16 330 M M 0 23 360
11 70 54 62 0 3 0 0.00 0.0 0 2.2 7 320 M M 0 10 320
12 74 57 66 4 0 1 0.00 0.0 0 7.7 17 230 M M 0 26 230
13 68 53 61 -1 4 0 0.25 0.0 0 13.4 25 340 M M 6 1 39 320
14 54 49 52 -10 13 0 0.00 0.0 0 12.2 21 330 M M 4 32 320
15 58 46 52 -10 13 0 0.00 0.0 0 6.1 17 20 M M 0 21 30
16 66 48 57 -5 8 0 0.00 0.0 0 4.8 10 110 M M 0 14 120
17 70 53 62 0 3 0 0.00 0.0 0 6.8 15 200 M M 0 20 180
18 75 58 67 5 0 2 0.00 0.0 0 3.3 10 200 M M 0 16 140
19 76 61 69 7 0 4 T 0.0 0 7.8 20 200 M M 2 28 220
20 75 64 70 8 0 5 0.01 0.0 0 4.4 13 220 M M 7 1 20 230
21 69 63 66 4 0 1 0.00 0.0 0 8.7 15 50 M M 6 17 50
22 77 62 70 8 0 5 0.01 0.0 0 11.7 24 200 M M 3 34 180
23 70 57 64 2 1 0 0.06 0.0 0 8.9 21 340 M M 4 1 27 330
24 72 56 64 2 1 0 0.00 0.0 0 11.5 21 50 M M 4 25 50
25 79 65 72 10 0 7 0.25 0.0 0 12.0 24 200 M M 2 1 36 260
26 65 54 60 -2 5 0 T 0.0 0 9.2 20 340 M M 5 28 360
27 64 52 58 -4 7 0 0.00 0.0 0 11.1 22 20 M M 0 27 20
28 66 54 60 -3 5 0 T 0.0 0 12.9 22 50 M M 8 26 50
29 81 62 72 9 0 7 0.00 0.0 0 3.9 10 20 M M 1 12 30
30 81 64 73 10 0 8 0.00 0.0 0 3.0 10 230 M M 1 14 240
31 80 65 73 10 0 8 0.00 0.0 0 1.8 9 160 M M 5 12 12 160
================================================================================
SM 2149 1741 69 74 1.15 0.0 220.5 M 85
================================================================================
AV 71.6 58.0 7.1 FASTST M M 3 MAX(MPH)
MISC ----> 25 340 39 320
================================================================================
NOTES:
# LAST OF SEVERAL OCCURRENCES
COLUMN 17 PEAK WIND IN M.P.H.
PRELIMINARY LOCAL CLIMATOLOGICAL DATA (WS FORM: F-6) , PAGE 2
STATION: SAINT PETERSBURG
MONTH: JANUARY
YEAR: 2023
LATITUDE: 27 46 N
LONGITUDE: 82 38 W
[TEMPERATURE DATA] [PRECIPITATION DATA] SYMBOLS USED IN COLUMN 16
AVERAGE MONTHLY: 64.8 TOTAL FOR MONTH: 1.15 1 = FOG OR MIST
DPTR FM NORMAL: 2.6 DPTR FM NORMAL: -1.37 2 = FOG REDUCING VISIBILITY
HIGHEST: 81 ON 30,29 GRTST 24HR 0.57 ON 4- 5 TO 1/4 MILE OR LESS
LOWEST: 46 ON 15 3 = THUNDER
SNOW, ICE PELLETS, HAIL 4 = ICE PELLETS
TOTAL MONTH: 0.0 INCH 5 = HAIL
GRTST 24HR 0.0 6 = FREEZING RAIN OR DRIZZLE
GRTST DEPTH: 0 7 = DUSTSTORM OR SANDSTORM:
VSBY 1/2 MILE OR LESS
8 = SMOKE OR HAZE
[NO. OF DAYS WITH] [WEATHER - DAYS WITH] 9 = BLOWING SNOW
X = TORNADO
MAX 32 OR BELOW: 0 0.01 INCH OR MORE: 7
MAX 90 OR ABOVE: 0 0.10 INCH OR MORE: 4
MIN 32 OR BELOW: 0 0.50 INCH OR MORE: 0
MIN 0 OR BELOW: 0 1.00 INCH OR MORE: 0
[HDD (BASE 65) ]
TOTAL THIS MO. 69 CLEAR (SCALE 0-3) 17
DPTR FM NORMAL -69 PTCLDY (SCALE 4-7) 13
TOTAL FM JUL 1 193 CLOUDY (SCALE 8-10) 1
DPTR FM NORMAL -56
[CDD (BASE 65) ]
TOTAL THIS MO. 74
DPTR FM NORMAL 24 [PRESSURE DATA]
TOTAL FM JAN 1 74 HIGHEST SLP 30.37 ON 27
DPTR FM NORMAL 24 LOWEST SLP 29.84 ON 13
[REMARKS]
#FINAL-01-23#