825
CXUS52 KTBW 040335
CF6SPG
PRELIMINARY LOCAL CLIMATOLOGICAL DATA (WS FORM: F-6)
STATION: Saint Petersburg
MONTH: APRIL
YEAR: 2020
LATITUDE: 27 46 N
LONGITUDE: 82 38 W
TEMPERATURE IN F: :PCPN: SNOW: WIND :SUNSHINE: SKY :PK WND
================================================================================
1 2 3 4 5 6A 6B 7 8 9 10 11 12 13 14 15 16 17 18
12Z AVG MX 2MIN
DY MAX MIN AVG DEP HDD CDD WTR SNW DPTH SPD SPD DIR MIN PSBL S-S WX SPD DR
================================================================================
1 78 66 72 2 0 7 0.00 0.0 0 11.6 21 330 M M 3 28 340
2 77 64 71 1 0 6 0.00 0.0 0 10.0 22 40 M M 0 27 40
3 85 64 75 4 0 10 0.00 0.0 0 6.5 17 60 M M 0 19 60
4 82 68 75 4 0 10 0.00 0.0 0 6.7 14 260 M M 0 18 260
5 73 63 68 -3 0 3 0.09 0.0 0 11.6 22 70 M M 8 1 26 10
6 81 67 74 3 0 9 0.00 0.0 0 11.9 18 110 M M 6 1 22 90
7 86 71 79 8 0 14 0.00 0.0 0 6.5 14 260 M M 0 20 160
8 82 71 77 5 0 12 0.00 0.0 0 6.1 14 270 M M 2 18 270
9 82 76 79 7 0 14 0.00 0.0 0 8.9 20 250 M M 4 26 250
10 84 73 79 7 0 14 0.02 0.0 0 9.4 15 50 M M 5 1 23 320
11 84 69 77 5 0 12 0.00 0.0 0 9.7 24 120 M M 2 26 130
12 91 75 83 11 0 18 0.00 0.0 0 14.2 23 200 M M 2 29 200
13 86 79 83 11 0 18 0.00 0.0 0 15.8 29 180 M M 3 1 38 180
14 86 77 82 10 0 17 0.00 0.0 0 8.4 18 200 M M 4 18 23 190
15 84 75 80 7 0 15 0.16 0.0 0 10.9 23 200 M M 5 1 29 230
16 75 65 70 -3 0 5 0.02 0.0 0 19.0 29 70 M M 9 1 35 80
17 85 68 77 4 0 12 T 0.0 0 8.9 22 70 M M 6 26 60
18 82 72 77 4 0 12 0.33 0.0 0 5.0 22 330 M M 1 13 30 320
19 85 74 80 6 0 15 0.00 0.0 0 8.3 18 200 M M 1 26 220
20 80 73 77 3 0 12 0.02 0.0 0 12.5 38 250 M M 6 13 57 240
21 83 70 77 3 0 12 0.00 0.0 0 6.4 15 340 M M 1 20 320
22 87 71 79 5 0 14 0.00 0.0 0 8.6 23 100 M M 0 27 110
23 88 72 80 6 0 15 0.00 0.0 0 16.9 28 200 M M 0 35 190
24 81 70 76 2 0 11 1.57 0.0 0 11.9 25 170 M M 9 13 30 330
25 85 71 78 3 0 13 0.01 0.0 0 9.2 21 190 M M 4 13 29 200
26 85 72 79 4 0 14 0.00 0.0 0 7.3 16 260 M M 3 21 260
27 77 67 72 -3 0 7 0.00 0.0 0 9.5 21 10 M M 0 24 20
28 84 67 76 1 0 11 0.00 0.0 0 12.2 24 120 M M 0 27 120
29 84 71 78 2 0 13 0.00 0.0 0 13.0 22 190 M M 0 13 25 130
30 79 69 74 -2 0 9 1.43 0.0 0 10.3 25 270 M M 4 13 36 250
================================================================================
SM 2481 2110 0 354 3.65 0.0 307.2 M 88
================================================================================
AV 82.7 70.3 10.2 FASTST M M 3 MAX(MPH)
MISC ----> # 38 250 # 57 240
================================================================================
NOTES:
# LAST OF SEVERAL OCCURRENCES
COLUMN 17 PEAK WIND IN M.P.H.
PRELIMINARY LOCAL CLIMATOLOGICAL DATA (WS FORM: F-6) , PAGE 2
STATION: Saint Petersburg
MONTH: APRIL
YEAR: 2020
LATITUDE: 27 46 N
LONGITUDE: 82 38 W
[TEMPERATURE DATA] [PRECIPITATION DATA] SYMBOLS USED IN COLUMN 16
AVERAGE MONTHLY: 76.5 TOTAL FOR MONTH: 3.65 1 = FOG OR MIST
DPTR FM NORMAL: 3.6 DPTR FM NORMAL: 1.38 2 = FOG REDUCING VISIBILITY
HIGHEST: 91 ON 12 GRTST 24HR 1.57 ON 24-24 TO 1/4 MILE OR LESS
LOWEST: 63 ON 5 3 = THUNDER
SNOW, ICE PELLETS, HAIL 4 = ICE PELLETS
TOTAL MONTH: 0.0 INCH 5 = HAIL
GRTST 24HR 0.0 6 = FREEZING RAIN OR DRIZZLE
GRTST DEPTH: 0 7 = DUSTSTORM OR SANDSTORM:
VSBY 1/2 MILE OR LESS
8 = SMOKE OR HAZE
[NO. OF DAYS WITH] [WEATHER - DAYS WITH] 9 = BLOWING SNOW
X = TORNADO
MAX 32 OR BELOW: 0 0.01 INCH OR MORE: 9
MAX 90 OR ABOVE: 1 0.10 INCH OR MORE: 4
MIN 32 OR BELOW: 0 0.50 INCH OR MORE: 2
MIN 0 OR BELOW: 0 1.00 INCH OR MORE: 2
[HDD (BASE 65) ]
TOTAL THIS MO. 0 CLEAR (SCALE 0-3) 17
DPTR FM NORMAL -5 PTCLDY (SCALE 4-7) 11
TOTAL FM JUL 1 191 CLOUDY (SCALE 8-10) 2
DPTR FM NORMAL -226
[CDD (BASE 65) ]
TOTAL THIS MO. 354
DPTR FM NORMAL 112 [PRESSURE DATA]
TOTAL FM JAN 1 904 HIGHEST SLP 30.19 ON 28
DPTR FM NORMAL 424 LOWEST SLP 29.71 ON 1
[REMARKS]
#FINAL-04-20#