000
CXUS54 KLZK 011230
CF6SRC
PRELIMINARY LOCAL CLIMATOLOGICAL DATA (WS FORM: F-6)
STATION: SEARCY AIRPORT
MONTH: MAY
YEAR: 2023
LATITUDE: 35 12 N
LONGITUDE: 91 44 W
TEMPERATURE IN F: :PCPN: SNOW: WIND :SUNSHINE: SKY :PK WND
================================================================================
1 2 3 4 5 6A 6B 7 8 9 10 11 12 13 14 15 16 17 18
12Z AVG MX 2MIN
DY MAX MIN AVG DEP HDD CDD WTR SNW DPTH SPD SPD DIR MIN PSBL S-S WX SPD DR
================================================================================
1 72 45 59 -6 6 0 0.00 M M 4.8 10 290 M M 0 27 270
2 74 39 57 -8 8 0 0.00 M M 6.0 20 320 M M 0 24 320
3 76 43 60 -6 5 0 0.00 M M 2.6 10 350 M M 0 M M
4 79 45 62 -4 3 0 T M M 3.7 9 190 M M 4 M M
5 74 60 67 1 0 2 0.09 M M 6.4 10 150 M M 10 M M
6 88 64 76 9 0 11 0.00 M M 8.3 16 160 M M 7 18 160
7 86 70 78 11 0 13 T M M 9.1 15 210 M M 3 30 180
8 87 69 78 11 0 13 0.00 M M 7.2 14 200 M M 4 17 230
9 90 64 77 9 0 12 0.00 M M 4.3 8 190 M M 0 M M
10 85 67 76 8 0 11 0.37 M M 7.0 22 170 M M 4 1 30 150
11 79 68 74 6 0 9 0.62 M M 7.0 18 150 M M 9 13 24 150
12 82 68 75 7 0 10 0.01 M M 5.6 10 180 M M 5 M M
13 89 66 78 9 0 13 0.00 M M 4.7 12 180 M M 3 1 M M
14 90 66 78 9 0 13 0.00 M M 2.7 9 180 M M 0 12 M M
15 90 68 79 10 0 14 0.00 M M 4.6 13 180 M M 1 1 18 200
16 86 67 77 7 0 12 1.38 M M 4.7 15 360 M M 4 13 25 360
17 77 66 72 2 0 7 0.00 M M 4.7 13 40 M M 8 M M
18 86 62 74 4 0 9 0.00 M M 3.2 7 30 M M 4 M M
19 84 62 73 2 0 8 0.50 M M 2.6 13 360 M M 3 13 M M
20 76 58 67 -4 0 2 0.46 M M 7.3 13 30 M M 5 1 20 360
21 75 56 66 -5 0 1 0.00 M M 4.4 10 50 M M 0 M M
22 82 58 70 -2 0 5 0.00 M M 5.2 14 40 M M 0 M M
23 84 61 73 1 0 8 T M M 5.6 10 110 M M 3 8 M M
24 84 60 72 0 0 7 0.00 M M 5.0 13 50 M M 1 1 M M
25 86 63 75 3 0 10 0.00 M M 5.4 10 50 M M 2 20 50
26 80 62 71 -2 0 6 0.00 M M 8.0 15 50 M M 1 17 20
27 83 56 70 -3 0 5 0.00 M M 5.2 10 110 M M 0 M M
28 85 56 71 -2 0 6 0.00 M M 1.7 8 360 M M 1 M M
29 86 58 72 -2 0 7 0.00 M M 1.9 6 100 M M 1 M M
30 88 60 74 0 0 9 0.00 M M 1.4 7 50 M M 1 1 M M
31 90 61 76 2 0 11 0.00 M M 2.2 6 120 M M 1 1 M M
================================================================================
SM 2573 1868 22 234 3.43 M 152.5 M 85
================================================================================
AV 83.0 60.3 4.9 FASTST M M 3 MAX(MPH)
MISC ----> 22 170 30 150
================================================================================
NOTES:
# LAST OF SEVERAL OCCURRENCES
COLUMN 17 PEAK WIND IN M.P.H.
PRELIMINARY LOCAL CLIMATOLOGICAL DATA (WS FORM: F-6) , PAGE 2
STATION: SEARCY AIRPORT
MONTH: MAY
YEAR: 2023
LATITUDE: 35 12 N
LONGITUDE: 91 44 W
[TEMPERATURE DATA] [PRECIPITATION DATA] SYMBOLS USED IN COLUMN 16
AVERAGE MONTHLY: 71.6 TOTAL FOR MONTH: 3.43 1 = FOG OR MIST
DPTR FM NORMAL: 1.9 DPTR FM NORMAL: -2.09 2 = FOG REDUCING VISIBILITY
HIGHEST: 90 ON 31, 9 GRTST 24HR 1.38 ON 16-16 TO 1/4 MILE OR LESS
LOWEST: 39 ON 2 3 = THUNDER
SNOW, ICE PELLETS, HAIL 4 = ICE PELLETS
TOTAL MONTH: M 5 = HAIL
GRTST 24HR M ON M 6 = FREEZING RAIN OR DRIZZLE
GRTST DEPTH: M ON M 7 = DUSTSTORM OR SANDSTORM:
VSBY 1/2 MILE OR LESS
8 = SMOKE OR HAZE
[NO. OF DAYS WITH] [WEATHER - DAYS WITH] 9 = BLOWING SNOW
X = TORNADO
MAX 32 OR BELOW: 0 0.01 INCH OR MORE: 7
MAX 90 OR ABOVE: 4 0.10 INCH OR MORE: 5
MIN 32 OR BELOW: 0 0.50 INCH OR MORE: 3
MIN 0 OR BELOW: 0 1.00 INCH OR MORE: 1
[HDD (BASE 65) ]
TOTAL THIS MO. 22 CLEAR (SCALE 0-3) 17
DPTR FM NORMAL -11 PTCLDY (SCALE 4-7) 11
TOTAL FM JUL 1 2905 CLOUDY (SCALE 8-10) 3
DPTR FM NORMAL -625
[CDD (BASE 65) ]
TOTAL THIS MO. 234
DPTR FM NORMAL 56 [PRESSURE DATA]
TOTAL FM JAN 1 274 HIGHEST SLP 30.18 ON 21
DPTR FM NORMAL 44 LOWEST SLP 29.78 ON 1
[REMARKS]
#FINAL-05-23#