000
CXUS54 KEPZ 291030
CF6SRR
PRELIMINARY LOCAL CLIMATOLOGICAL DATA (WS FORM: F-6)
STATION: RUIDOSO AWOS
MONTH: MARCH
YEAR: 2024
LATITUDE: 33 28 N
LONGITUDE: 105 32 W
TEMPERATURE IN F: :PCPN: SNOW: WIND :SUNSHINE: SKY :PK WND
================================================================================
1 2 3 4 5 6A 6B 7 8 9 10 11 12 13 14 15 16 17 18
12Z AVG MX 2MIN
DY MAX MIN AVG DEP HDD CDD WTR SNW DPTH SPD SPD DIR MIN PSBL S-S WX SPD DR
================================================================================
1 59 32 46 M 19 0 0.00 M M 11.5 28 230 M M 0 35 230
2 63 37 50 M 15 0 0.00 M M 11.8 35 240 M M 0 49 240
3 63 45 54 M 11 0 0.00 M M 20.3 29 230 M M 0 43 240
4 57 41 49 M 16 0 0.00 M M 13.8 22 230 M M 1 28 230
5 61 36 49 M 16 0 0.00 M M 6.1 14 220 M M 0 21 270
6 57 39 48 M 17 0 0.00 M M 13.7 40 240 M M 1 56 250
7 54 36 45 M 20 0 0.00 M M 16.8 35 230 M M 5 51 230
8 41 27 34 M 31 0 0.08 M M 9.4 14 120 M M 8 20 10
9 41 25 33 M 32 0 0.01 M M 6.3 12 120 M M 7 1 M M
10 54 27 41 M 24 0 0.00 M M 7.8 13 310 M M 1 16 340
11 59 32 46 M 19 0 0.00 M M 8.0 18 200 M M 0 22 190
12 63 41 52 M 13 0 0.00 M M 9.2 20 230 M M 0 29 230
13 55 41 48 M 17 0 0.00 M M 19.2 31 230 M M 4 47 250
14 57 32 45 M 20 0 0.01 M M 9.4 21 80 M M 6 33 90
15 39 32 36 M 29 0 0.08 M M 11.7 15 150 M M 6 12 22 140
16 39 32 36 M 29 0 0.00 M M 7.5 14 130 M M 10 12 M M
17 43 36 40 M 25 0 0.14 M M 9.8 15 100 M M 9 1 24 100
18 41 32 37 M 28 0 0.00 M M 8.9 15 130 M M 8 1 21 130
19 57 32 45 M 20 0 0.00 M M 6.5 13 230 M M 5 18 230
20 57 34 46 M 19 0 0.00 M M 9.5 20 230 M M 2 24 210
21 57 36 47 M 18 0 0.00 M M 11.4 23 310 M M 1 32 310
22 63 43 53 M 12 0 0.00 M M 9.7 18 300 M M 1 23 300
23 59 36 48 M 17 0 0.00 M M 9.6 23 200 M M 0 36 200
24 50 30 40 M 25 0 0.00 M M 22.2 30 250 M M 4 41 240
25 45 27 36 M 29 0 0.00 M M 15.9 24 250 M M 5 32 260
26 45 28 37 M 28 0 0.00 M M 11.8 28 240 M M 4 36 240
27 48 32 40 M 25 0 0.00 M M 13.2 24 300 M M 1 36 310
28 64 34 49 M 16 0 0.00 M M 10.3 26 220 M M 0 33 220
================================================================================
SM 1491 955 590 0 0.32 M 321.4 M 89
================================================================================
AV 53.3 34.1 11.5 FASTST M M 3 MAX(MPH)
MISC ----> 40 240 56 250
================================================================================
NOTES:
# LAST OF SEVERAL OCCURRENCES
COLUMN 17 PEAK WIND IN M.P.H.
PRELIMINARY LOCAL CLIMATOLOGICAL DATA (WS FORM: F-6) , PAGE 2
STATION: RUIDOSO AWOS
MONTH: MARCH
YEAR: 2024
LATITUDE: 33 28 N
LONGITUDE: 105 32 W
[TEMPERATURE DATA] [PRECIPITATION DATA] SYMBOLS USED IN COLUMN 16
AVERAGE MONTHLY: 43.7 TOTAL FOR MONTH: 0.32 1 = FOG OR MIST
DPTR FM NORMAL: 0.0 DPTR FM NORMAL: 0.32 2 = FOG REDUCING VISIBILITY
HIGHEST: 64 ON 28 GRTST 24HR 0.14 ON 17-17 TO 1/4 MILE OR LESS
LOWEST: 25 ON 9 3 = THUNDER
SNOW, ICE PELLETS, HAIL 4 = ICE PELLETS
TOTAL MONTH: M 5 = HAIL
GRTST 24HR M ON M 6 = FREEZING RAIN OR DRIZZLE
GRTST DEPTH: M ON M 7 = DUSTSTORM OR SANDSTORM:
VSBY 1/2 MILE OR LESS
8 = SMOKE OR HAZE
[NO. OF DAYS WITH] [WEATHER - DAYS WITH] 9 = BLOWING SNOW
X = TORNADO
MAX 32 OR BELOW: 0 0.01 INCH OR MORE: 5
MAX 90 OR ABOVE: 0 0.10 INCH OR MORE: 1
MIN 32 OR BELOW: 14 0.50 INCH OR MORE: 0
MIN 0 OR BELOW: 0 1.00 INCH OR MORE: 0
[HDD (BASE 65) ]
TOTAL THIS MO. 590 CLEAR (SCALE 0-3) 15
DPTR FM NORMAL M PTCLDY (SCALE 4-7) 10
TOTAL FM JUL 1 3785 CLOUDY (SCALE 8-10) 3
DPTR FM NORMAL M
[CDD (BASE 65) ]
TOTAL THIS MO. 0
DPTR FM NORMAL M [PRESSURE DATA]
TOTAL FM JAN 1 0 HIGHEST SLP M ON M
DPTR FM NORMAL M LOWEST SLP M ON M
[REMARKS]